{"id":757048,"date":"2025-08-28T07:25:25","date_gmt":"2025-08-28T04:25:25","guid":{"rendered":"https:\/\/roveyayinevi.com.tr\/index.php\/urun\/hagi-benim-futbol-kahramanim\/"},"modified":"2026-04-16T03:10:03","modified_gmt":"2026-04-16T00:10:03","slug":"hagi-benim-futbol-kahramanim","status":"publish","type":"product","link":"https:\/\/roveyayinevi.com.tr\/index.php\/urun\/hagi-benim-futbol-kahramanim\/","title":{"rendered":"Hagi-Benim Futbol Kahraman\u0131m"},"content":{"rendered":"<p>POSTER, FUTBOLCU KARTI VE AYRA\u00c7 HED\u0130YEL\u0130! #18 GALATASARAY\u2019IN GURURU: GHEORGHE HAGI Hagi, futbolun b\u00fcy\u00fcleyici d\u00fcnyas\u0131na girdikten sonra sadece bir oyuncu olarak kalmad\u0131; ayn\u0131 zamanda bir efsane oldu. Sahadaki ola\u011fan\u00fcst\u00fc yetenekleri ve futbol zek\u00e2s\u0131, onu e\u015fsiz k\u0131ld\u0131. Futbol, Hagi i\u00e7in \u00e2deta bir sanatt\u0131 ve o, her ma\u00e7ta sahnedeki ba\u015frol oyuncusuydu. Hagi\u2019nin e\u015fsiz bir di\u011fer \u00f6zelli\u011fi, \u00e7ift aya\u011f\u0131n\u0131 ustal\u0131kla kullanabilmesiydi. Her iki aya\u011f\u0131n\u0131n da sihirli dokunu\u015flar\u0131yla rakipleri, onun kar\u015f\u0131s\u0131nda savunmas\u0131zd\u0131. \u00c7ok ba\u015far\u0131l\u0131 bir futbol efsanesi olmas\u0131n\u0131n yan\u0131nda \u00e7ok iyi bir futbol \u00f6\u011freticisidir. \u00dclkesinde kurdu\u011fu futbol akademisinde yeti\u015ftirdi\u011fi gen\u00e7 yetenekler de bunun kan\u0131t\u0131d\u0131r. Do\u011fdu\u011fu topraklarda yeni yeti\u015fen sporculara \u201cHagi gibi ol\u201d denilmesi onun ne denli \u00f6rnek al\u0131nacak bir futbolcu oldu\u011funu g\u00f6stermektedir. Hagi; yetenek, \u00e7al\u0131\u015fkanl\u0131k ve azmin simgesidir. Sonsuz bir ilham kayna\u011f\u0131d\u0131r. Onun hik\u00e2yesi, gelece\u011fin y\u0131ld\u0131zlar\u0131n\u0131n okumas\u0131 gereken bir \u0131\u015f\u0131k ve umut kayna\u011f\u0131d\u0131r\u2026 BEN\u0130M FUTBOL KAHRAMANIM SER\u0130S\u0130 HEM EBEVEYNLER HEM DE \u00c7OCUKLARLA B\u00dcY\u00dcK GOLLER ATIYOR! Benim Futbol Kahraman\u0131m serisiyle, d\u00fcnyaca \u00fcnl\u00fc futbolcular\u0131n b\u00fcy\u00fck zaferlerle dolu ba\u015far\u0131 hik\u00e2yelerini \u00e7ocu\u011funuzla beraber okuyacaks\u0131n\u0131z. En \u00f6nemlisi, futbol kahraman\u0131n\u0131n hayat\u0131n\u0131n derinliklerine dalarken \u00e7ocu\u011funuz, okudu\u011funu anlama becerilerini geli\u015ftirecek. Okuma becerisi kazand\u0131rman\u0131n en iyi yolu, ona elinden b\u0131rakamayaca\u011f\u0131 kitaplar vermektir.<\/p>\n","protected":false},"excerpt":{"rendered":"<p>POSTER, FUTBOLCU KARTI VE AYRA\u00c7 HED\u0130YEL\u0130! #18 GALATASARAY\u2019IN GURURU: GHEORGHE HAGI Hagi, futbolun b\u00fcy\u00fcleyici d\u00fcnyas\u0131na girdikten sonra sadece bir oyuncu olarak kalmad\u0131; ayn\u0131 zamanda bir efsane<span class=\"excerpt-hellip\"> [\u2026]<\/span><\/p>\n","protected":false},"featured_media":0,"template":"","meta":{"_monsterinsights_skip_tracking":false,"_monsterinsights_sitenote_active":false,"_monsterinsights_sitenote_note":"","_monsterinsights_sitenote_category":0},"product_brand":[],"product_cat":[12274],"product_tag":[],"class_list":{"0":"post-757048","1":"product","2":"type-product","3":"status-publish","5":"product_cat-cocuk-ve-genclik-kitaplari","6":"pa_cilt-ciltsiz","7":"pa_tur-kitap","8":"pa_yayinevi-dokuz-yayinlari","9":"pa_yazar-rob-green","11":"first","12":"instock","13":"sale","14":"shipping-taxable","15":"purchasable","16":"product-type-simple"},"_links":{"self":[{"href":"https:\/\/roveyayinevi.com.tr\/index.php\/wp-json\/wp\/v2\/product\/757048","targetHints":{"allow":["GET"]}}],"collection":[{"href":"https:\/\/roveyayinevi.com.tr\/index.php\/wp-json\/wp\/v2\/product"}],"about":[{"href":"https:\/\/roveyayinevi.com.tr\/index.php\/wp-json\/wp\/v2\/types\/product"}],"wp:attachment":[{"href":"https:\/\/roveyayinevi.com.tr\/index.php\/wp-json\/wp\/v2\/media?parent=757048"}],"wp:term":[{"taxonomy":"product_brand","embeddable":true,"href":"https:\/\/roveyayinevi.com.tr\/index.php\/wp-json\/wp\/v2\/product_brand?post=757048"},{"taxonomy":"product_cat","embeddable":true,"href":"https:\/\/roveyayinevi.com.tr\/index.php\/wp-json\/wp\/v2\/product_cat?post=757048"},{"taxonomy":"product_tag","embeddable":true,"href":"https:\/\/roveyayinevi.com.tr\/index.php\/wp-json\/wp\/v2\/product_tag?post=757048"}],"curies":[{"name":"wp","href":"https:\/\/api.w.org\/{rel}","templated":true}]}}