{"id":757046,"date":"2025-08-28T07:25:22","date_gmt":"2025-08-28T04:25:22","guid":{"rendered":"https:\/\/roveyayinevi.com.tr\/index.php\/urun\/bellingham-benim-futbol-kahramanim\/"},"modified":"2026-04-16T03:10:03","modified_gmt":"2026-04-16T00:10:03","slug":"bellingham-benim-futbol-kahramanim","status":"publish","type":"product","link":"https:\/\/roveyayinevi.com.tr\/index.php\/urun\/bellingham-benim-futbol-kahramanim\/","title":{"rendered":"Bellingham-Benim Futbol Kahraman\u0131m"},"content":{"rendered":"<p>POSTER, FUTBOLCU KARTI VE AYRA\u00c7 HED\u0130YEL\u0130! #22 ZIDANE HAYRANI B\u0130R YILDIZ DO\u011eDU: JUDE BELLINGHAM \u0130ngiltere Mill\u00ee Tak\u0131m\u0131\u2019n\u0131n \u00e7ok y\u00f6nl\u00fc orta saha oyuncusu Jude Bellingham, bug\u00fcn\u00fcn ve gelece\u011fin y\u0131ld\u0131z\u0131 olarak g\u00f6r\u00fcl\u00fcyor. Mill\u00ee tak\u0131mda forma giyen gen\u00e7 y\u0131ld\u0131z, hen\u00fcz Birmingham tak\u0131m\u0131ndayken en ba\u015far\u0131l\u0131 futbolcular listesine ad\u0131n\u0131 yazd\u0131rd\u0131 ve tak\u0131m\u0131n en gen\u00e7 oyuncusu oldu. Ard\u0131ndan Borussia Dortmund tak\u0131m\u0131nda top ko\u015fturdu ve \u015fimdi Real Madrid gibi bir d\u00fcnya devinin ba\u015far\u0131s\u0131 i\u00e7in ter d\u00f6k\u00fcyor. \u0130ngiltere Mill\u00ee Tak\u0131m\u0131\u2019ndaki hocas\u0131na g\u00f6re, y\u0131ld\u0131z oyuncunun karakterinde ba\u015far\u0131s\u0131zl\u0131\u011fa asla yer yok! Bellingham\u2019\u0131n bu yetene\u011finde, amat\u00f6r liglerde 700\u2019\u00fcn \u00fczerinde gol atma ba\u015far\u0131s\u0131 g\u00f6steren babas\u0131n\u0131n rol\u00fc b\u00fcy\u00fckt\u00fcr. B\u00f6yle bir gen ile \u00fcst\u00fcn yeteneklerin birle\u015fmesi, ye\u015fil sahalarda parlayan bir y\u0131ld\u0131za d\u00f6n\u00fc\u015ft\u00fc. Bellingham, m\u00fcthi\u015f \u00e7al\u0131\u015fmas\u0131n\u0131n ve azminin kar\u015f\u0131l\u0131\u011f\u0131n\u0131 alarak, gen\u00e7 ya\u015f\u0131nda ad\u0131n\u0131 t\u00fcm d\u00fcnyaya duyurdu. \u00d6n\u00fcndeki uzun kariyer ise futbolseverlerin sab\u0131rs\u0131zl\u0131kla bekleyece\u011fi g\u00fcnleri i\u00e7eriyor. BEN\u0130M FUTBOL KAHRAMANIM SER\u0130S\u0130 HEM EBEVEYNLER HEM DE \u00c7OCUKLARLA B\u00dcY\u00dcK GOLLER ATIYOR! Benim Futbol Kahraman\u0131m serisiyle, d\u00fcnyaca \u00fcnl\u00fc futbolcular\u0131n b\u00fcy\u00fck zaferlerle dolu ba\u015far\u0131 hik\u00e2yelerini \u00e7ocu\u011funuzla beraber okuyacaks\u0131n\u0131z. En \u00f6nemlisi, futbol kahraman\u0131n\u0131n hayat\u0131n\u0131n derinliklerine dalarken \u00e7ocu\u011funuz, okudu\u011funu anlama becerilerini geli\u015ftirecek. Okuma becerisi kazand\u0131rman\u0131n en iyi yolu, ona elinden b\u0131rakamayaca\u011f\u0131 kitaplar vermektir.<\/p>\n","protected":false},"excerpt":{"rendered":"<p>POSTER, FUTBOLCU KARTI VE AYRA\u00c7 HED\u0130YEL\u0130! #22 ZIDANE HAYRANI B\u0130R YILDIZ DO\u011eDU: JUDE BELLINGHAM \u0130ngiltere Mill\u00ee Tak\u0131m\u0131\u2019n\u0131n \u00e7ok y\u00f6nl\u00fc orta saha oyuncusu Jude Bellingham, bug\u00fcn\u00fcn ve<span class=\"excerpt-hellip\"> [\u2026]<\/span><\/p>\n","protected":false},"featured_media":0,"template":"","meta":{"_monsterinsights_skip_tracking":false,"_monsterinsights_sitenote_active":false,"_monsterinsights_sitenote_note":"","_monsterinsights_sitenote_category":0},"product_brand":[],"product_cat":[12274],"product_tag":[],"class_list":{"0":"post-757046","1":"product","2":"type-product","3":"status-publish","5":"product_cat-cocuk-ve-genclik-kitaplari","6":"pa_cilt-ciltsiz","7":"pa_tur-kitap","8":"pa_yayinevi-dokuz-yayinlari","9":"pa_yazar-rob-green","11":"first","12":"instock","13":"sale","14":"shipping-taxable","15":"purchasable","16":"product-type-simple"},"_links":{"self":[{"href":"https:\/\/roveyayinevi.com.tr\/index.php\/wp-json\/wp\/v2\/product\/757046","targetHints":{"allow":["GET"]}}],"collection":[{"href":"https:\/\/roveyayinevi.com.tr\/index.php\/wp-json\/wp\/v2\/product"}],"about":[{"href":"https:\/\/roveyayinevi.com.tr\/index.php\/wp-json\/wp\/v2\/types\/product"}],"wp:attachment":[{"href":"https:\/\/roveyayinevi.com.tr\/index.php\/wp-json\/wp\/v2\/media?parent=757046"}],"wp:term":[{"taxonomy":"product_brand","embeddable":true,"href":"https:\/\/roveyayinevi.com.tr\/index.php\/wp-json\/wp\/v2\/product_brand?post=757046"},{"taxonomy":"product_cat","embeddable":true,"href":"https:\/\/roveyayinevi.com.tr\/index.php\/wp-json\/wp\/v2\/product_cat?post=757046"},{"taxonomy":"product_tag","embeddable":true,"href":"https:\/\/roveyayinevi.com.tr\/index.php\/wp-json\/wp\/v2\/product_tag?post=757046"}],"curies":[{"name":"wp","href":"https:\/\/api.w.org\/{rel}","templated":true}]}}