{"id":757040,"date":"2025-08-28T07:25:12","date_gmt":"2025-08-28T04:25:12","guid":{"rendered":"https:\/\/roveyayinevi.com.tr\/index.php\/urun\/ah-tamara\/"},"modified":"2026-04-16T03:10:03","modified_gmt":"2026-04-16T00:10:03","slug":"ah-tamara","status":"publish","type":"product","link":"https:\/\/roveyayinevi.com.tr\/index.php\/urun\/ah-tamara\/","title":{"rendered":"Ah! Tamara"},"content":{"rendered":"<p>Funda \u00d6z\u015fener&#8217;in &#8220;Ah! Tamara&#8221; s\u00f6ylencesinden esinlenip, \u00e7ok eskiden Anadolu&#8217;da Ermeni ve M\u00fcsl\u00fcman gelinlerin d\u00fc\u011f\u00fcnden sonra suskunluk yemini etmelerinden yola \u00e7\u0131karak, bir beyazperde uyarlamas\u0131 \u015feklinde kaleme ald\u0131\u011f\u0131 bu senaryo metni bizi eski a\u015fklara, eski topraklara, hayallere g\u00f6t\u00fcr\u00fcyor&#8230; <\/p>\n","protected":false},"excerpt":{"rendered":"<p>Funda \u00d6z\u015fener&#8217;in &#8220;Ah! Tamara&#8221; s\u00f6ylencesinden esinlenip, \u00e7ok eskiden Anadolu&#8217;da Ermeni ve M\u00fcsl\u00fcman gelinlerin d\u00fc\u011f\u00fcnden sonra suskunluk yemini etmelerinden yola \u00e7\u0131karak, bir beyazperde uyarlamas\u0131 \u015feklinde kaleme ald\u0131\u011f\u0131<span class=\"excerpt-hellip\"> [\u2026]<\/span><\/p>\n","protected":false},"featured_media":0,"template":"","meta":{"_monsterinsights_skip_tracking":false,"_monsterinsights_sitenote_active":false,"_monsterinsights_sitenote_note":"","_monsterinsights_sitenote_category":0},"product_brand":[],"product_cat":[12409,12408],"product_tag":[],"class_list":{"0":"post-757040","1":"product","2":"type-product","3":"status-publish","5":"product_cat-fotograf-sinema-tiyatro","6":"product_cat-sanat","7":"pa_cilt-ciltsiz","8":"pa_tur-kitap","9":"pa_yayinevi-agora-kitapligi","10":"pa_yazar-funda-ozsener","12":"first","13":"instock","14":"sale","15":"shipping-taxable","16":"purchasable","17":"product-type-simple"},"_links":{"self":[{"href":"https:\/\/roveyayinevi.com.tr\/index.php\/wp-json\/wp\/v2\/product\/757040","targetHints":{"allow":["GET"]}}],"collection":[{"href":"https:\/\/roveyayinevi.com.tr\/index.php\/wp-json\/wp\/v2\/product"}],"about":[{"href":"https:\/\/roveyayinevi.com.tr\/index.php\/wp-json\/wp\/v2\/types\/product"}],"wp:attachment":[{"href":"https:\/\/roveyayinevi.com.tr\/index.php\/wp-json\/wp\/v2\/media?parent=757040"}],"wp:term":[{"taxonomy":"product_brand","embeddable":true,"href":"https:\/\/roveyayinevi.com.tr\/index.php\/wp-json\/wp\/v2\/product_brand?post=757040"},{"taxonomy":"product_cat","embeddable":true,"href":"https:\/\/roveyayinevi.com.tr\/index.php\/wp-json\/wp\/v2\/product_cat?post=757040"},{"taxonomy":"product_tag","embeddable":true,"href":"https:\/\/roveyayinevi.com.tr\/index.php\/wp-json\/wp\/v2\/product_tag?post=757040"}],"curies":[{"name":"wp","href":"https:\/\/api.w.org\/{rel}","templated":true}]}}