{"id":757031,"date":"2025-08-28T07:24:59","date_gmt":"2025-08-28T04:24:59","guid":{"rendered":"https:\/\/roveyayinevi.com.tr\/index.php\/urun\/osmanli-iran-sinirinda-devlet-ve-toplum\/"},"modified":"2026-04-16T03:10:02","modified_gmt":"2026-04-16T00:10:02","slug":"osmanli-iran-sinirinda-devlet-ve-toplum","status":"publish","type":"product","link":"https:\/\/roveyayinevi.com.tr\/index.php\/urun\/osmanli-iran-sinirinda-devlet-ve-toplum\/","title":{"rendered":"Osmanl\u0131 &#8211; \u0130ran S\u0131n\u0131r\u0131nda Devlet ve Toplum"},"content":{"rendered":"<p>Modernle\u015fme ve merkezile\u015fme y\u00f6nelimiyle birlikte toplum ve daha \u00f6nce pek de hesaba kat\u0131lmayan toplumsal gruplar daha okunabilir, daha tahmin edilebilir k\u0131l\u0131nmak istenmi\u015f, bu da ister istemez y\u00f6neticilerin bizatihi toplumsal kurumlarla ili\u015fki kurma bi\u00e7imlerini d\u00f6n\u00fc\u015ft\u00fcrm\u00fc\u015ft\u00fcr Fasih Din\u00e7, Osmanl\u0131-\u0130ran S\u0131n\u0131r\u0131nda Devlet ve Toplum kitab\u0131nda a\u015firetler, cemaatler,s\u0131n\u0131r ve yerel elitler gibi kavram ve olgular \u00fczerinden esasen bu d\u00f6n\u00fc\u015f\u00fcm\u00fcn dinamiklerini inceliyor. Osmanl\u0131\u2019n\u0131n \u0130ran s\u0131n\u0131r\u0131ndaki iki \u00f6nemli toplumsal grupla, Caf a\u015fireti ve Nastur\u00ee cemaatiyle ili\u015fkisinin hem bir modernle\u015fme program\u0131 ba\u011flam\u0131nda i\u00e7 dinamiklerle hem de 19. y\u00fczy\u0131ldan 20. y\u00fczy\u0131l\u0131n ba\u015f\u0131na bir dizi \u00f6nemli d\u0131\u015f dinamikle beraber d\u00f6n\u00fc\u015f\u00fcm\u00fcn\u00fc ele al\u0131yor.\u0130dare tekni\u011finin de\u011fi\u015fimiyle s\u0131n\u0131r alg\u0131s\u0131n\u0131n nas\u0131l d\u00f6n\u00fc\u015ft\u00fc\u011f\u00fcn\u00fc g\u00f6sterirken devlet-toplum ili\u015fkilerine de bu d\u00fcrb\u00fcnden bakabilen \u00f6nemli bir \u00e7al\u0131\u015fma. \u201c19. y\u00fczy\u0131lda Osmanl\u0131 Devleti\u2019nin bir savunma projesi olan merkezile\u015fme program\u0131, o g\u00fcne dair var olan devlet-toplum ili\u015fkilerinin ve toplumun kendi i\u00e7indeki ili\u015fkilerin yan\u0131 s\u0131ra bir\u00e7ok kavram ve olgunun anlam ve fonksiyonunu yeniden \u015fekillendirdi. Bu ba\u011flamda Osmanl\u0131-\u0130ran s\u0131n\u0131r\u0131nda bulunan Caf a\u015fireti ile Nastur\u00ee cemaati ise meydana gelen geli\u015fmelerin pasif nesneleri olmaktan ziyade en az\u0131ndan kendi b\u00f6lgelerindeki geli\u015fmelerin gidi\u015fat\u0131n\u0131 etkileyen birer aktif akt\u00f6rd\u00fcler.\u201d FAS\u0130H D\u0130N\u00c7 <\/p>\n","protected":false},"excerpt":{"rendered":"<p>Modernle\u015fme ve merkezile\u015fme y\u00f6nelimiyle birlikte toplum ve daha \u00f6nce pek de hesaba kat\u0131lmayan toplumsal gruplar daha okunabilir, daha tahmin edilebilir k\u0131l\u0131nmak istenmi\u015f, bu da ister istemez<span class=\"excerpt-hellip\"> [\u2026]<\/span><\/p>\n","protected":false},"featured_media":0,"template":"","meta":{"_monsterinsights_skip_tracking":false,"_monsterinsights_sitenote_active":false,"_monsterinsights_sitenote_note":"","_monsterinsights_sitenote_category":0},"product_brand":[],"product_cat":[13517,12304],"product_tag":[],"class_list":{"0":"post-757031","1":"product","2":"type-product","3":"status-publish","5":"product_cat-osmanli-tarihi","6":"product_cat-tarih","7":"pa_cilt-ciltsiz","8":"pa_tur-kitap","9":"pa_yayinevi-iletisim-yayinlari","10":"pa_yazar-fasih-dinc","12":"first","13":"instock","14":"sale","15":"shipping-taxable","16":"purchasable","17":"product-type-simple"},"_links":{"self":[{"href":"https:\/\/roveyayinevi.com.tr\/index.php\/wp-json\/wp\/v2\/product\/757031","targetHints":{"allow":["GET"]}}],"collection":[{"href":"https:\/\/roveyayinevi.com.tr\/index.php\/wp-json\/wp\/v2\/product"}],"about":[{"href":"https:\/\/roveyayinevi.com.tr\/index.php\/wp-json\/wp\/v2\/types\/product"}],"wp:attachment":[{"href":"https:\/\/roveyayinevi.com.tr\/index.php\/wp-json\/wp\/v2\/media?parent=757031"}],"wp:term":[{"taxonomy":"product_brand","embeddable":true,"href":"https:\/\/roveyayinevi.com.tr\/index.php\/wp-json\/wp\/v2\/product_brand?post=757031"},{"taxonomy":"product_cat","embeddable":true,"href":"https:\/\/roveyayinevi.com.tr\/index.php\/wp-json\/wp\/v2\/product_cat?post=757031"},{"taxonomy":"product_tag","embeddable":true,"href":"https:\/\/roveyayinevi.com.tr\/index.php\/wp-json\/wp\/v2\/product_tag?post=757031"}],"curies":[{"name":"wp","href":"https:\/\/api.w.org\/{rel}","templated":true}]}}