{"id":756970,"date":"2025-08-28T07:22:36","date_gmt":"2025-08-28T04:22:36","guid":{"rendered":"https:\/\/roveyayinevi.com.tr\/index.php\/urun\/flamingolar-neden-pembedir-hayvanlarla-ilgili-sorular-ve-yanitlari\/"},"modified":"2026-04-16T03:10:02","modified_gmt":"2026-04-16T00:10:02","slug":"flamingolar-neden-pembedir-hayvanlarla-ilgili-sorular-ve-yanitlari","status":"publish","type":"product","link":"https:\/\/roveyayinevi.com.tr\/index.php\/urun\/flamingolar-neden-pembedir-hayvanlarla-ilgili-sorular-ve-yanitlari\/","title":{"rendered":"Flamingolar Neden Pembedir? Hayvanlarla \u0130lgili Sorular ve Yan\u0131tlar\u0131"},"content":{"rendered":"<p>FLAM\u0130NGOLAR NEDEN PEMBED\u0130R? KED\u0130LER\u0130N NEDEN BIYIKLARI VAR? BALIKLAR NEDEN \u00c7\u0130\u011eNEYEMEZ? BU SORULARIN YANITLARINI MERAK ED\u0130YORSANIZ, K\u0130TABIN \u0130\u00c7\u0130NE BAKMANIZ YETERL\u0130! E\u011eLENCEL\u0130 B\u0130LG\u0130LER VE NE\u015eEL\u0130 \u00c7\u0130Z\u0130MLERLE DOLU BU K\u0130TAP, HAYVANLARIN YA\u015eAMIYLA \u0130LG\u0130L\u0130 \u015eA\u015eIRTICI GER\u00c7EKLER\u0130 G\u00d6ZLER \u00d6N\u00dcNE SER\u0130YOR. SAYFALAR ARASINDA SIRA DI\u015eI B\u0130R MACERAYA ATILMAYA HAZIR MISINIZ? <\/p>\n","protected":false},"excerpt":{"rendered":"<p>FLAM\u0130NGOLAR NEDEN PEMBED\u0130R? KED\u0130LER\u0130N NEDEN BIYIKLARI VAR? BALIKLAR NEDEN \u00c7\u0130\u011eNEYEMEZ? BU SORULARIN YANITLARINI MERAK ED\u0130YORSANIZ, K\u0130TABIN \u0130\u00c7\u0130NE BAKMANIZ YETERL\u0130! E\u011eLENCEL\u0130 B\u0130LG\u0130LER VE NE\u015eEL\u0130 \u00c7\u0130Z\u0130MLERLE DOLU BU<span class=\"excerpt-hellip\"> [\u2026]<\/span><\/p>\n","protected":false},"featured_media":0,"template":"","meta":{"_monsterinsights_skip_tracking":false,"_monsterinsights_sitenote_active":false,"_monsterinsights_sitenote_note":"","_monsterinsights_sitenote_category":0},"product_brand":[],"product_cat":[12274,12518],"product_tag":[],"class_list":{"0":"post-756970","1":"product","2":"type-product","3":"status-publish","5":"product_cat-cocuk-ve-genclik-kitaplari","6":"product_cat-okul-oncesi-kitaplar","7":"pa_cilt-ciltsiz","8":"pa_tur-kitap","9":"pa_yayinevi-is-bankasi-kultur-yayinlari","10":"pa_yazar-william-potter-adam-phillips-clare-hibbert","12":"first","13":"instock","14":"sale","15":"shipping-taxable","16":"purchasable","17":"product-type-simple"},"_links":{"self":[{"href":"https:\/\/roveyayinevi.com.tr\/index.php\/wp-json\/wp\/v2\/product\/756970","targetHints":{"allow":["GET"]}}],"collection":[{"href":"https:\/\/roveyayinevi.com.tr\/index.php\/wp-json\/wp\/v2\/product"}],"about":[{"href":"https:\/\/roveyayinevi.com.tr\/index.php\/wp-json\/wp\/v2\/types\/product"}],"wp:attachment":[{"href":"https:\/\/roveyayinevi.com.tr\/index.php\/wp-json\/wp\/v2\/media?parent=756970"}],"wp:term":[{"taxonomy":"product_brand","embeddable":true,"href":"https:\/\/roveyayinevi.com.tr\/index.php\/wp-json\/wp\/v2\/product_brand?post=756970"},{"taxonomy":"product_cat","embeddable":true,"href":"https:\/\/roveyayinevi.com.tr\/index.php\/wp-json\/wp\/v2\/product_cat?post=756970"},{"taxonomy":"product_tag","embeddable":true,"href":"https:\/\/roveyayinevi.com.tr\/index.php\/wp-json\/wp\/v2\/product_tag?post=756970"}],"curies":[{"name":"wp","href":"https:\/\/api.w.org\/{rel}","templated":true}]}}