{"id":756951,"date":"2025-08-28T07:22:06","date_gmt":"2025-08-28T04:22:06","guid":{"rendered":"https:\/\/roveyayinevi.com.tr\/index.php\/urun\/hak-ve-hukukun-yilmaz-savascisi-muammer-aksoy\/"},"modified":"2026-04-16T03:10:01","modified_gmt":"2026-04-16T00:10:01","slug":"hak-ve-hukukun-yilmaz-savascisi-muammer-aksoy","status":"publish","type":"product","link":"https:\/\/roveyayinevi.com.tr\/index.php\/urun\/hak-ve-hukukun-yilmaz-savascisi-muammer-aksoy\/","title":{"rendered":"Hak ve Hukukun Y\u0131lmaz Sava\u015f\u00e7\u0131s\u0131 Muammer Aksoy"},"content":{"rendered":"<p>\u201cAdalet M\u00fclk\u00fcn temelidir\u201d s\u00f6z\u00fcnde ge\u00e7en \u201cm\u00fclk\u201d s\u00f6zc\u00fc\u011f\u00fc, devleti ifade etmektedir, yani \u201cdevlet hukukla ya\u015far\u201d, t\u0131pk\u0131 Muammer Aksoy\u2019un s\u00f6yledi\u011fi gibi. 90\u2019lardaki karanl\u0131k suikastlar dizisinin ilk halkas\u0131 olarak hedef se\u00e7ilen Muammer Aksoy, \u00fclkenin tam ba\u011f\u0131ms\u0131zl\u0131\u011f\u0131, laikli\u011fi ve demokrasisi konusunda ya\u015fam\u0131n\u0131 feda etmi\u015f, H\u0131fz\u0131 Veldet Velidedeo\u011flu\u2019nun ifadesiyle \u201cHak ve Hukukun Y\u0131lmaz Sava\u015f\u00e7\u0131s\u0131\u201d olmu\u015ftur. Cumhuriyet\u2019in ayd\u0131nlanma birikiminin bir sonucu olarak ortaya \u00e7\u0131kan Aksoy, Atat\u00fcrk\u2019e ulusal ba\u011f\u0131ms\u0131zl\u0131\u011fa, laikli\u011fe sonuna kadar sahip \u00e7\u0131km\u0131\u015f; sorgulayan, yol a\u00e7an fikirler \u00fcretmi\u015f ve bir d\u00fc\u015f\u00fcnce insan\u0131 olarak fikirleri i\u00e7in eyleme ge\u00e7mekten bir ad\u0131m bile geri durmam\u0131\u015ft\u0131r. T\u00fcrkiye\u2019nin en \u00f6zg\u00fcrl\u00fck\u00e7\u00fc anayasas\u0131n\u0131 haz\u0131rlayan yurtsever bir hukuk\u00e7u, d\u00fcr\u00fcst bir siyaset\u00e7i ve b\u00fcy\u00fck bir Ayd\u0131nlanma devrimcisi olarak \u201cKalpaks\u0131z Kuvay\u0131 Milliyeci\u201d san\u0131n\u0131 hak etmi\u015ftir. Elinizdeki eser, Muammer Aksoy\u2019un g\u00f6r\u00fc\u015flerinin toplumumuz taraf\u0131ndan unutulmamas\u0131n\u0131, yeni ku\u015faklara aktar\u0131lmas\u0131n\u0131 ve onun fikirlerine daha fazla sahip \u00e7\u0131k\u0131lmas\u0131n\u0131 ama\u00e7lamaktad\u0131r. An\u0131s\u0131 \u00f6n\u00fcnde sayg\u0131yla e\u011filiyoruz\u2026 <\/p>\n","protected":false},"excerpt":{"rendered":"<p>\u201cAdalet M\u00fclk\u00fcn temelidir\u201d s\u00f6z\u00fcnde ge\u00e7en \u201cm\u00fclk\u201d s\u00f6zc\u00fc\u011f\u00fc, devleti ifade etmektedir, yani \u201cdevlet hukukla ya\u015far\u201d, t\u0131pk\u0131 Muammer Aksoy\u2019un s\u00f6yledi\u011fi gibi. 90\u2019lardaki karanl\u0131k suikastlar dizisinin ilk halkas\u0131 olarak<span class=\"excerpt-hellip\"> [\u2026]<\/span><\/p>\n","protected":false},"featured_media":0,"template":"","meta":{"_monsterinsights_skip_tracking":false,"_monsterinsights_sitenote_active":false,"_monsterinsights_sitenote_note":"","_monsterinsights_sitenote_category":0},"product_brand":[],"product_cat":[52477],"product_tag":[],"class_list":{"0":"post-756951","1":"product","2":"type-product","3":"status-publish","5":"product_cat-arastirma","6":"pa_cilt-ciltsiz","7":"pa_tur-kitap","8":"pa_yayinevi-cumhuriyet-kitaplari","9":"pa_yazar-mahmut-aslan","11":"first","12":"instock","13":"sale","14":"shipping-taxable","15":"purchasable","16":"product-type-simple"},"_links":{"self":[{"href":"https:\/\/roveyayinevi.com.tr\/index.php\/wp-json\/wp\/v2\/product\/756951","targetHints":{"allow":["GET"]}}],"collection":[{"href":"https:\/\/roveyayinevi.com.tr\/index.php\/wp-json\/wp\/v2\/product"}],"about":[{"href":"https:\/\/roveyayinevi.com.tr\/index.php\/wp-json\/wp\/v2\/types\/product"}],"wp:attachment":[{"href":"https:\/\/roveyayinevi.com.tr\/index.php\/wp-json\/wp\/v2\/media?parent=756951"}],"wp:term":[{"taxonomy":"product_brand","embeddable":true,"href":"https:\/\/roveyayinevi.com.tr\/index.php\/wp-json\/wp\/v2\/product_brand?post=756951"},{"taxonomy":"product_cat","embeddable":true,"href":"https:\/\/roveyayinevi.com.tr\/index.php\/wp-json\/wp\/v2\/product_cat?post=756951"},{"taxonomy":"product_tag","embeddable":true,"href":"https:\/\/roveyayinevi.com.tr\/index.php\/wp-json\/wp\/v2\/product_tag?post=756951"}],"curies":[{"name":"wp","href":"https:\/\/api.w.org\/{rel}","templated":true}]}}