{"id":756947,"date":"2025-08-28T07:21:59","date_gmt":"2025-08-28T04:21:59","guid":{"rendered":"https:\/\/roveyayinevi.com.tr\/index.php\/urun\/carpik-ev\/"},"modified":"2026-04-13T03:17:04","modified_gmt":"2026-04-13T00:17:04","slug":"carpik-ev","status":"publish","type":"product","link":"https:\/\/roveyayinevi.com.tr\/index.php\/urun\/carpik-ev\/","title":{"rendered":"\u00c7arp\u0131k Ev"},"content":{"rendered":"<p>Saksa\u011fan Sokak\u2019ta \u00e7ocuklar dev apartmanlarda ya\u015f\u0131yor ve g\u00fcne\u015f do\u011fmadan okul servislerine biniyorlar. Ve t\u00fcm g\u00fcnler ev \u00f6devi s\u0131k\u0131c\u0131l\u0131\u011f\u0131nda ge\u00e7iyor. Bu sokakta ak\u015famlar\u0131 sert r\u00fczg\u00e2rlar esti\u011finde tahtalar\u0131 g\u0131c\u0131rdayan gizemli bir ev var: \u00c7arp\u0131k Ev. Geceleri odalar\u0131ndan onu merakla g\u00f6zetleyen \u00e7ocuklar, onun sapsar\u0131 bir \u0131\u015f\u0131kla ayd\u0131nlanan pencerelerinde, ku\u015flar gibi havada kanat \u00e7\u0131rpan marullar, canavara d\u00f6n\u00fc\u015fen bir kad\u0131n ve belki de bir fil g\u00f6r\u00fcyorlar! D\u00f6rt arkada\u015f \u00c7arp\u0131k Ev&#8217;in s\u0131rr\u0131n\u0131 \u00e7\u00f6zmek i\u00e7in harekete ge\u00e7iyorlar.   \u00c7ocuk edebiyat\u0131n\u0131n sevilen yazar\u0131 Burcu Akta\u015f, \u00c7arp\u0131k Ev adl\u0131 roman\u0131yla okurlar\u0131n\u0131 macera ve mizah dolu bir kurguyla kent ya\u015fam\u0131 \u00fczerinde d\u00fc\u015f\u00fcnmeye ve birbirimizi farkl\u0131l\u0131klar\u0131m\u0131zla kabul etmeye davet ediyor. <\/p>\n","protected":false},"excerpt":{"rendered":"<p>Saksa\u011fan Sokak\u2019ta \u00e7ocuklar dev apartmanlarda ya\u015f\u0131yor ve g\u00fcne\u015f do\u011fmadan okul servislerine biniyorlar. Ve t\u00fcm g\u00fcnler ev \u00f6devi s\u0131k\u0131c\u0131l\u0131\u011f\u0131nda ge\u00e7iyor. Bu sokakta ak\u015famlar\u0131 sert r\u00fczg\u00e2rlar esti\u011finde tahtalar\u0131<span class=\"excerpt-hellip\"> [\u2026]<\/span><\/p>\n","protected":false},"featured_media":0,"template":"","meta":{"_monsterinsights_skip_tracking":false,"_monsterinsights_sitenote_active":false,"_monsterinsights_sitenote_note":"","_monsterinsights_sitenote_category":0},"product_brand":[],"product_cat":[12274],"product_tag":[],"class_list":{"0":"post-756947","1":"product","2":"type-product","3":"status-publish","5":"product_cat-cocuk-ve-genclik-kitaplari","6":"pa_cilt-ciltsiz","7":"pa_tur-kitap","8":"pa_yayinevi-redhouse-kidz-yayinlari","9":"pa_yazar-burcu-aktas","11":"first","12":"instock","13":"sale","14":"shipping-taxable","15":"purchasable","16":"product-type-simple"},"_links":{"self":[{"href":"https:\/\/roveyayinevi.com.tr\/index.php\/wp-json\/wp\/v2\/product\/756947","targetHints":{"allow":["GET"]}}],"collection":[{"href":"https:\/\/roveyayinevi.com.tr\/index.php\/wp-json\/wp\/v2\/product"}],"about":[{"href":"https:\/\/roveyayinevi.com.tr\/index.php\/wp-json\/wp\/v2\/types\/product"}],"wp:attachment":[{"href":"https:\/\/roveyayinevi.com.tr\/index.php\/wp-json\/wp\/v2\/media?parent=756947"}],"wp:term":[{"taxonomy":"product_brand","embeddable":true,"href":"https:\/\/roveyayinevi.com.tr\/index.php\/wp-json\/wp\/v2\/product_brand?post=756947"},{"taxonomy":"product_cat","embeddable":true,"href":"https:\/\/roveyayinevi.com.tr\/index.php\/wp-json\/wp\/v2\/product_cat?post=756947"},{"taxonomy":"product_tag","embeddable":true,"href":"https:\/\/roveyayinevi.com.tr\/index.php\/wp-json\/wp\/v2\/product_tag?post=756947"}],"curies":[{"name":"wp","href":"https:\/\/api.w.org\/{rel}","templated":true}]}}