{"id":756941,"date":"2025-08-28T07:21:51","date_gmt":"2025-08-28T04:21:51","guid":{"rendered":"https:\/\/roveyayinevi.com.tr\/index.php\/urun\/baskurt-masallari\/"},"modified":"2026-04-08T03:18:08","modified_gmt":"2026-04-08T00:18:08","slug":"baskurt-masallari","status":"publish","type":"product","link":"https:\/\/roveyayinevi.com.tr\/index.php\/urun\/baskurt-masallari\/","title":{"rendered":"Ba\u015fkurt Masallar\u0131"},"content":{"rendered":"<p>\u0130\u00e7indekiler     I.B\u00d6L\u00dcM BA\u015eKURT MASALLARININ YAPISAL ANAL\u0130Z\u0130     II. B\u00d6L\u00dcM BA\u015eKURT MASAL MET\u0130NLER\u0130 <\/p>\n","protected":false},"excerpt":{"rendered":"<p>\u0130\u00e7indekiler I.B\u00d6L\u00dcM BA\u015eKURT MASALLARININ YAPISAL ANAL\u0130Z\u0130 II. B\u00d6L\u00dcM BA\u015eKURT MASAL MET\u0130NLER\u0130<\/p>\n","protected":false},"featured_media":0,"template":"","meta":{"_monsterinsights_skip_tracking":false,"_monsterinsights_sitenote_active":false,"_monsterinsights_sitenote_note":"","_monsterinsights_sitenote_category":0},"product_brand":[],"product_cat":[12291],"product_tag":[],"class_list":{"0":"post-756941","1":"product","2":"type-product","3":"status-publish","5":"product_cat-edebiyat","6":"pa_cilt-ciltsiz","7":"pa_tur-kitap","8":"pa_yayinevi-gazi-kitabevi","9":"pa_yazar-gonca-kuzay-demir-muvaffak-duranli","11":"first","12":"instock","13":"sale","14":"shipping-taxable","15":"purchasable","16":"product-type-simple"},"_links":{"self":[{"href":"https:\/\/roveyayinevi.com.tr\/index.php\/wp-json\/wp\/v2\/product\/756941","targetHints":{"allow":["GET"]}}],"collection":[{"href":"https:\/\/roveyayinevi.com.tr\/index.php\/wp-json\/wp\/v2\/product"}],"about":[{"href":"https:\/\/roveyayinevi.com.tr\/index.php\/wp-json\/wp\/v2\/types\/product"}],"wp:attachment":[{"href":"https:\/\/roveyayinevi.com.tr\/index.php\/wp-json\/wp\/v2\/media?parent=756941"}],"wp:term":[{"taxonomy":"product_brand","embeddable":true,"href":"https:\/\/roveyayinevi.com.tr\/index.php\/wp-json\/wp\/v2\/product_brand?post=756941"},{"taxonomy":"product_cat","embeddable":true,"href":"https:\/\/roveyayinevi.com.tr\/index.php\/wp-json\/wp\/v2\/product_cat?post=756941"},{"taxonomy":"product_tag","embeddable":true,"href":"https:\/\/roveyayinevi.com.tr\/index.php\/wp-json\/wp\/v2\/product_tag?post=756941"}],"curies":[{"name":"wp","href":"https:\/\/api.w.org\/{rel}","templated":true}]}}