{"id":756940,"date":"2025-08-28T07:21:49","date_gmt":"2025-08-28T04:21:49","guid":{"rendered":"https:\/\/roveyayinevi.com.tr\/index.php\/urun\/kamu-kesimi-ve-guncel-yaklasimlar-teori-ve-uygulama\/"},"modified":"2026-04-16T03:10:01","modified_gmt":"2026-04-16T00:10:01","slug":"kamu-kesimi-ve-guncel-yaklasimlar-teori-ve-uygulama","status":"publish","type":"product","link":"https:\/\/roveyayinevi.com.tr\/index.php\/urun\/kamu-kesimi-ve-guncel-yaklasimlar-teori-ve-uygulama\/","title":{"rendered":"Kamu Kesimi Ve G\u00fcncel Yakla\u015f\u0131mlar (Teori Ve Uygulama)"},"content":{"rendered":"<p>\u0130\u00e7indekiler     \u00b7         SU EKONOM\u0130S\u0130NDE DEVLET M\u00dcDAHALES\u0130N\u0130N KAMU MAL\u0130YES\u0130 \u0130ZD\u00dc\u015e\u00dcMLER\u0130   \u00b7         ENERJ\u0130N\u0130N D\u00dcNYADAK\u0130 GENEL G\u00d6R\u00dcN\u00dcM\u00dc VE KAMU MAL\u0130YES\u0130 \u0130L\u0130\u015eK\u0130S\u0130   \u00b7         T\u00dcRK\u0130YE\u2019DE ENFLASYON VE VERG\u0130 GEL\u0130RLER\u0130 \u0130L\u0130\u015eK\u0130S\u0130   \u00b7         KAMU GEL\u0130RLER\u0130 VE KAMU HARCAMALARI ARASINDAK\u0130 \u0130L\u0130\u015eK\u0130N\u0130N PANEL VER\u0130 ANAL\u0130Z\u0130 \u00c7ER\u00c7EVES\u0130NDE \u0130NCELENMES\u0130: BRICST \u00dcLKELER\u0130 \u00dcZER\u0130NE KANITLAR   \u00b7         GEL\u0130\u015eM\u0130\u015e \u00dcLKELERDE VERG\u0130 Y\u00dcK\u00dc \u0130LE \u0130NSAN\u0130 GEL\u0130\u015eME ENDEKS\u0130 \u0130L\u0130\u015eK\u0130S\u0130N\u0130N AMP\u0130R\u0130K ANAL\u0130Z\u0130   \u00b7         CV TABANLI COCOSO Y\u00d6NTEM\u0130 \u0130LE KAMU MAL\u0130 G\u00d6STERGELER\u0130N\u0130N DE\u011eERLEND\u0130R\u0130LMES\u0130       \u00b7         TOPLUMSAL C\u0130NS\u0130YETE DUYARLI B\u00dcT\u00c7ELEME (TCDB) YAKLA\u015eIMI VE 2023 YILI MERKEZ\u0130 Y\u00d6NET\u0130M B\u00dcT\u00c7ES\u0130NDE YER ALAN B\u00dcT\u00c7E PROGRAMLARININ TCDB \u00c7ER\u00c7EVES\u0130NDE DE\u011eERLEND\u0130R\u0130LMES\u0130   \u00b7         INSTITUTIONS AND EXPORT IN NEXT ELEVEN COUNTRIES   \u00b7         T\u00dcRK\u0130YE\u2019DE D\u00d6V\u0130Z KURUNDAN T\u00dcKET\u0130C\u0130 F\u0130YATLARINA GE\u00c7\u0130\u015e ETK\u0130S\u0130 GE\u00c7ERL\u0130 M\u0130? <\/p>\n","protected":false},"excerpt":{"rendered":"<p>\u0130\u00e7indekiler \u00b7 SU EKONOM\u0130S\u0130NDE DEVLET M\u00dcDAHALES\u0130N\u0130N KAMU MAL\u0130YES\u0130 \u0130ZD\u00dc\u015e\u00dcMLER\u0130 \u00b7 ENERJ\u0130N\u0130N D\u00dcNYADAK\u0130 GENEL G\u00d6R\u00dcN\u00dcM\u00dc VE KAMU MAL\u0130YES\u0130 \u0130L\u0130\u015eK\u0130S\u0130 \u00b7 T\u00dcRK\u0130YE\u2019DE ENFLASYON VE VERG\u0130 GEL\u0130RLER\u0130 \u0130L\u0130\u015eK\u0130S\u0130 \u00b7<span class=\"excerpt-hellip\"> [\u2026]<\/span><\/p>\n","protected":false},"featured_media":0,"template":"","meta":{"_monsterinsights_skip_tracking":false,"_monsterinsights_sitenote_active":false,"_monsterinsights_sitenote_note":"","_monsterinsights_sitenote_category":0},"product_brand":[],"product_cat":[12573,12566],"product_tag":[],"class_list":{"0":"post-756940","1":"product","2":"type-product","3":"status-publish","5":"product_cat-akademik-kitaplar","6":"product_cat-egitim","7":"pa_cilt-ciltsiz","8":"pa_tur-kitap","9":"pa_yayinevi-gazi-kitabevi","10":"pa_yazar-kolektif","12":"first","13":"instock","14":"sale","15":"shipping-taxable","16":"purchasable","17":"product-type-simple"},"_links":{"self":[{"href":"https:\/\/roveyayinevi.com.tr\/index.php\/wp-json\/wp\/v2\/product\/756940","targetHints":{"allow":["GET"]}}],"collection":[{"href":"https:\/\/roveyayinevi.com.tr\/index.php\/wp-json\/wp\/v2\/product"}],"about":[{"href":"https:\/\/roveyayinevi.com.tr\/index.php\/wp-json\/wp\/v2\/types\/product"}],"wp:attachment":[{"href":"https:\/\/roveyayinevi.com.tr\/index.php\/wp-json\/wp\/v2\/media?parent=756940"}],"wp:term":[{"taxonomy":"product_brand","embeddable":true,"href":"https:\/\/roveyayinevi.com.tr\/index.php\/wp-json\/wp\/v2\/product_brand?post=756940"},{"taxonomy":"product_cat","embeddable":true,"href":"https:\/\/roveyayinevi.com.tr\/index.php\/wp-json\/wp\/v2\/product_cat?post=756940"},{"taxonomy":"product_tag","embeddable":true,"href":"https:\/\/roveyayinevi.com.tr\/index.php\/wp-json\/wp\/v2\/product_tag?post=756940"}],"curies":[{"name":"wp","href":"https:\/\/api.w.org\/{rel}","templated":true}]}}