{"id":756937,"date":"2025-08-28T07:21:44","date_gmt":"2025-08-28T04:21:44","guid":{"rendered":"https:\/\/roveyayinevi.com.tr\/index.php\/urun\/toplum-yarasi\/"},"modified":"2026-04-16T03:10:01","modified_gmt":"2026-04-16T00:10:01","slug":"toplum-yarasi","status":"publish","type":"product","link":"https:\/\/roveyayinevi.com.tr\/index.php\/urun\/toplum-yarasi\/","title":{"rendered":"Toplum Yaras\u0131"},"content":{"rendered":"<p>Merhametsiz, \u015fefkatsiz bir toplum olduk. Sevgi ve sayg\u0131 yerine nank\u00f6rl\u00fck ve sayg\u0131s\u0131zl\u0131\u011f\u0131 tercih ettik, y\u00fcr\u00fcy\u00fc\u015f\u00fcm\u00fcz bile de\u011fi\u015fti. Bir\u00e7o\u011fu koltuk altlar\u0131na b\u00fcy\u00fck\u00e7e karpuzlar yerle\u015ftirmi\u015f. S\u00fcrekli kendileri ile \u00f6v\u00fcn\u00fcp, b\u00f6b\u00fcrleniyorlar. Herkes anlams\u0131z \u015fekilde kendisine tap\u0131yor. \u201cBen, bana kurban olay\u0131m,\u201d diyor. Dostluk, arkada\u015fl\u0131k, karde\u015flik yapmak yerine birbirimize kar\u015f\u0131 tahamm\u00fcls\u00fcz, agresif, k\u0131r\u0131c\u0131 ve \u00f6fke kusar olduk. \u00d6z\u00fcm\u00fcz\u00fc yitirdik. Melektik, \u015feytan olduk.<\/p>\n","protected":false},"excerpt":{"rendered":"<p>Merhametsiz, \u015fefkatsiz bir toplum olduk. Sevgi ve sayg\u0131 yerine nank\u00f6rl\u00fck ve sayg\u0131s\u0131zl\u0131\u011f\u0131 tercih ettik, y\u00fcr\u00fcy\u00fc\u015f\u00fcm\u00fcz bile de\u011fi\u015fti. Bir\u00e7o\u011fu koltuk altlar\u0131na b\u00fcy\u00fck\u00e7e karpuzlar yerle\u015ftirmi\u015f. S\u00fcrekli kendileri ile<span class=\"excerpt-hellip\"> [\u2026]<\/span><\/p>\n","protected":false},"featured_media":0,"template":"","meta":{"_monsterinsights_skip_tracking":false,"_monsterinsights_sitenote_active":false,"_monsterinsights_sitenote_note":"","_monsterinsights_sitenote_category":0},"product_brand":[],"product_cat":[12777,12291],"product_tag":[],"class_list":{"0":"post-756937","1":"product","2":"type-product","3":"status-publish","5":"product_cat-deneme","6":"product_cat-edebiyat","7":"pa_cilt-ciltsiz","8":"pa_tur-kitap","9":"pa_yayinevi-luna-yayinlari","10":"pa_yazar-nigar-aybuke-sahin","12":"first","13":"instock","14":"sale","15":"shipping-taxable","16":"purchasable","17":"product-type-simple"},"_links":{"self":[{"href":"https:\/\/roveyayinevi.com.tr\/index.php\/wp-json\/wp\/v2\/product\/756937","targetHints":{"allow":["GET"]}}],"collection":[{"href":"https:\/\/roveyayinevi.com.tr\/index.php\/wp-json\/wp\/v2\/product"}],"about":[{"href":"https:\/\/roveyayinevi.com.tr\/index.php\/wp-json\/wp\/v2\/types\/product"}],"wp:attachment":[{"href":"https:\/\/roveyayinevi.com.tr\/index.php\/wp-json\/wp\/v2\/media?parent=756937"}],"wp:term":[{"taxonomy":"product_brand","embeddable":true,"href":"https:\/\/roveyayinevi.com.tr\/index.php\/wp-json\/wp\/v2\/product_brand?post=756937"},{"taxonomy":"product_cat","embeddable":true,"href":"https:\/\/roveyayinevi.com.tr\/index.php\/wp-json\/wp\/v2\/product_cat?post=756937"},{"taxonomy":"product_tag","embeddable":true,"href":"https:\/\/roveyayinevi.com.tr\/index.php\/wp-json\/wp\/v2\/product_tag?post=756937"}],"curies":[{"name":"wp","href":"https:\/\/api.w.org\/{rel}","templated":true}]}}