{"id":756933,"date":"2025-08-28T07:21:37","date_gmt":"2025-08-28T04:21:37","guid":{"rendered":"https:\/\/roveyayinevi.com.tr\/index.php\/urun\/cilgin-cekirge-avcisi\/"},"modified":"2026-04-16T03:10:01","modified_gmt":"2026-04-16T00:10:01","slug":"cilgin-cekirge-avcisi","status":"publish","type":"product","link":"https:\/\/roveyayinevi.com.tr\/index.php\/urun\/cilgin-cekirge-avcisi\/","title":{"rendered":"\u00c7\u0131lg\u0131n \u00c7ekirge Avc\u0131s\u0131"},"content":{"rendered":"<p>Toti, bu sefer bamba\u015fka bir macera ile kar\u015f\u0131n\u0131zda. Eda ve Selma ile ya\u015fad\u0131\u011f\u0131 yuva, sevgi dolu. Ama gelin g\u00f6r\u00fcn ki Toti, hep bir macera pe\u015finde. Eski bir film artisti olan Ay\u015fen teyzenin evine yapt\u0131\u011f\u0131 ziyaretler, hayat\u0131na renk kat\u0131yor. Ancak bu ziyaretler, bir g\u00fcn Toti\u2019nin bile hayal edemeyece\u011fi kadar b\u00fcy\u00fck bir maceraya at\u0131yor onu. \u00dcstelik en az kendisi kadar \u00e7\u0131lg\u0131n bir yol arkada\u015f\u0131 var bu sefer: Domates G\u00fczeli Ay\u015fen teyze!   \u201cBundan b\u00f6yle ba\u015f\u0131m\u0131za bir i\u015f gelmez. Televizyon yok, ila\u00e7 yok, priz yok\u2026 Allah\u2019\u0131n \u00e7ad\u0131r\u0131nday\u0131z. Burada bize kim, ne zarar verebilir,\u201d diyordum ama (Zaten \u2018ben\u2019 varken bir ba\u015fka \u015feye gerek mi vard\u0131?) b\u00fcy\u00fck konu\u015fmu\u015fum.<\/p>\n","protected":false},"excerpt":{"rendered":"<p>Toti, bu sefer bamba\u015fka bir macera ile kar\u015f\u0131n\u0131zda. Eda ve Selma ile ya\u015fad\u0131\u011f\u0131 yuva, sevgi dolu. Ama gelin g\u00f6r\u00fcn ki Toti, hep bir macera pe\u015finde. Eski<span class=\"excerpt-hellip\"> [\u2026]<\/span><\/p>\n","protected":false},"featured_media":0,"template":"","meta":{"_monsterinsights_skip_tracking":false,"_monsterinsights_sitenote_active":false,"_monsterinsights_sitenote_note":"","_monsterinsights_sitenote_category":0},"product_brand":[],"product_cat":[12274,12284],"product_tag":[],"class_list":{"0":"post-756933","1":"product","2":"type-product","3":"status-publish","5":"product_cat-cocuk-ve-genclik-kitaplari","6":"product_cat-hikayeler","7":"pa_cilt-ciltsiz","8":"pa_tur-kitap","9":"pa_yayinevi-luna-cocuk-yayinlari","10":"pa_yazar-ayda-erulgen-cayir","12":"first","13":"instock","14":"sale","15":"shipping-taxable","16":"purchasable","17":"product-type-simple"},"_links":{"self":[{"href":"https:\/\/roveyayinevi.com.tr\/index.php\/wp-json\/wp\/v2\/product\/756933","targetHints":{"allow":["GET"]}}],"collection":[{"href":"https:\/\/roveyayinevi.com.tr\/index.php\/wp-json\/wp\/v2\/product"}],"about":[{"href":"https:\/\/roveyayinevi.com.tr\/index.php\/wp-json\/wp\/v2\/types\/product"}],"wp:attachment":[{"href":"https:\/\/roveyayinevi.com.tr\/index.php\/wp-json\/wp\/v2\/media?parent=756933"}],"wp:term":[{"taxonomy":"product_brand","embeddable":true,"href":"https:\/\/roveyayinevi.com.tr\/index.php\/wp-json\/wp\/v2\/product_brand?post=756933"},{"taxonomy":"product_cat","embeddable":true,"href":"https:\/\/roveyayinevi.com.tr\/index.php\/wp-json\/wp\/v2\/product_cat?post=756933"},{"taxonomy":"product_tag","embeddable":true,"href":"https:\/\/roveyayinevi.com.tr\/index.php\/wp-json\/wp\/v2\/product_tag?post=756933"}],"curies":[{"name":"wp","href":"https:\/\/api.w.org\/{rel}","templated":true}]}}