{"id":756928,"date":"2025-08-28T07:21:31","date_gmt":"2025-08-28T04:21:31","guid":{"rendered":"https:\/\/roveyayinevi.com.tr\/index.php\/urun\/hedef-ben-miyim\/"},"modified":"2026-04-08T03:18:07","modified_gmt":"2026-04-08T00:18:07","slug":"hedef-ben-miyim","status":"publish","type":"product","link":"https:\/\/roveyayinevi.com.tr\/index.php\/urun\/hedef-ben-miyim\/","title":{"rendered":"Hedef Ben miyim ?"},"content":{"rendered":"<p>Herkes hayal kurar. Ancak ucu bir hedefe ba\u011flanmayan hayal, insan ruhu i\u00e7in gereksiz bir y\u00fck olur ve bir s\u00fcre sonra an\u0131lar\u0131n tozlu raflar\u0131na kald\u0131r\u0131l\u0131r. Hedefini do\u011fru yere koyamayanlar da ba\u015fkalar\u0131n\u0131n hedef tahtas\u0131nda bir rakam olma tehlikesiyle kar\u015f\u0131 kar\u015f\u0131ya kal\u0131r. \u0130\u015fte bu y\u00fczden; \u201cHedef ben miyim?\u201d dememek i\u00e7in, Ba\u015fkalar\u0131na hedef olmamak i\u00e7in, Daima kendine ait bir hedefin olsun! <\/p>\n","protected":false},"excerpt":{"rendered":"<p>Herkes hayal kurar. Ancak ucu bir hedefe ba\u011flanmayan hayal, insan ruhu i\u00e7in gereksiz bir y\u00fck olur ve bir s\u00fcre sonra an\u0131lar\u0131n tozlu raflar\u0131na kald\u0131r\u0131l\u0131r. Hedefini do\u011fru<span class=\"excerpt-hellip\"> [\u2026]<\/span><\/p>\n","protected":false},"featured_media":0,"template":"","meta":{"_monsterinsights_skip_tracking":false,"_monsterinsights_sitenote_active":false,"_monsterinsights_sitenote_note":"","_monsterinsights_sitenote_category":0},"product_brand":[],"product_cat":[12364,12376],"product_tag":[],"class_list":{"0":"post-756928","1":"product","2":"type-product","3":"status-publish","5":"product_cat-genel-konular","6":"product_cat-kisisel-gelisim","7":"pa_cilt-ciltsiz","8":"pa_tur-kitap","9":"pa_yayinevi-cinaralti-yayinlari","10":"pa_yazar-mehmet-fatih","12":"first","13":"instock","14":"sale","15":"shipping-taxable","16":"purchasable","17":"product-type-simple"},"_links":{"self":[{"href":"https:\/\/roveyayinevi.com.tr\/index.php\/wp-json\/wp\/v2\/product\/756928","targetHints":{"allow":["GET"]}}],"collection":[{"href":"https:\/\/roveyayinevi.com.tr\/index.php\/wp-json\/wp\/v2\/product"}],"about":[{"href":"https:\/\/roveyayinevi.com.tr\/index.php\/wp-json\/wp\/v2\/types\/product"}],"wp:attachment":[{"href":"https:\/\/roveyayinevi.com.tr\/index.php\/wp-json\/wp\/v2\/media?parent=756928"}],"wp:term":[{"taxonomy":"product_brand","embeddable":true,"href":"https:\/\/roveyayinevi.com.tr\/index.php\/wp-json\/wp\/v2\/product_brand?post=756928"},{"taxonomy":"product_cat","embeddable":true,"href":"https:\/\/roveyayinevi.com.tr\/index.php\/wp-json\/wp\/v2\/product_cat?post=756928"},{"taxonomy":"product_tag","embeddable":true,"href":"https:\/\/roveyayinevi.com.tr\/index.php\/wp-json\/wp\/v2\/product_tag?post=756928"}],"curies":[{"name":"wp","href":"https:\/\/api.w.org\/{rel}","templated":true}]}}