{"id":756918,"date":"2025-08-28T07:21:16","date_gmt":"2025-08-28T04:21:16","guid":{"rendered":"https:\/\/roveyayinevi.com.tr\/index.php\/urun\/iktisat-finans-ve-bankacilik-alaninda-teoriler-politikalar-ve-uygulamalar\/"},"modified":"2026-04-16T03:10:00","modified_gmt":"2026-04-16T00:10:00","slug":"iktisat-finans-ve-bankacilik-alaninda-teoriler-politikalar-ve-uygulamalar","status":"publish","type":"product","link":"https:\/\/roveyayinevi.com.tr\/index.php\/urun\/iktisat-finans-ve-bankacilik-alaninda-teoriler-politikalar-ve-uygulamalar\/","title":{"rendered":"\u0130ktisat, Finans Ve Bankac\u0131l\u0131k Alan\u0131nda Teoriler, Politikalar Ve Uygulamalar"},"content":{"rendered":"<p>\u0130\u00e7indekiler     \u00b7         ENFLASYON-N\u0130SP\u0130 F\u0130YAT DE\u011e\u0130\u015eKENL\u0130\u011e\u0130 \u0130L\u0130\u015eK\u0130S\u0130: TEOR\u0130 VE AMP\u0130R\u0130K L\u0130TERAT\u00dc   \u00b7         ONDOKUZUNCU Y\u00dcZYILDA OSMANLI \u0130MPARATORLU\u011eU\u2019NDA L\u0130BERAL EKONOM\u0130N\u0130N GEL\u0130\u015e\u0130M\u0130 \u00dcZER\u0130NE B\u0130R DE\u011eERLEND\u0130RME   \u00b7         F\u0130NANSAL TEKNOLOJ\u0130 UYGULAMALARI BANKACILIK VE F\u0130NANS SEKT\u00d6R\u00dcN\u00dc NASIL ETK\u0130LEYECEK?   \u00b7         K\u00dcRESELLE\u015eME VE EKONOM\u0130K PERFORMANS: PANEL VER\u0130 ANAL\u0130Z\u0130   \u00b7         RASYONEL VE \u0130RRASYONEL YATIRIMCI DUYARLILI\u011eI \u0130LE H\u0130SSE SENED\u0130 P\u0130YASALARI ARASINDAK\u0130 ETK\u0130LE\u015e\u0130M: BRICS VE MIST \u00dcLKELER\u0130 \u00d6RNE\u011e\u0130   \u00b7         YOKSULLUK VE \u00c7EVRESEL BOZULMA ARASINDAK\u0130 \u0130L\u0130\u015eK\u0130 \u00dcZER\u0130NE B\u0130R \u0130NCELEME     \u00b7         ULUSLARARASI PARA S\u0130STEM\u0130N\u0130N TAR\u0130HSEL GEL\u0130\u015e\u0130M\u0130, MEVCUT SORUNLARI VE S\u0130STEME Y\u00d6NEL\u0130K BAZI REFORM \u00d6NER\u0130LER\u0130   \u00b7         AZERBAYCAN EKONOM\u0130S\u0130NDE HOLLANDA HASTALI\u011eININ BEL\u0130RT\u0130LER\u0130 \u00dcZER\u0130NE AMP\u0130R\u0130K B\u0130R ARA\u015eTIRMA   \u00b7         BANKALARDA R\u0130SK \u0130\u015eTAHI <\/p>\n","protected":false},"excerpt":{"rendered":"<p>\u0130\u00e7indekiler \u00b7 ENFLASYON-N\u0130SP\u0130 F\u0130YAT DE\u011e\u0130\u015eKENL\u0130\u011e\u0130 \u0130L\u0130\u015eK\u0130S\u0130: TEOR\u0130 VE AMP\u0130R\u0130K L\u0130TERAT\u00dc \u00b7 ONDOKUZUNCU Y\u00dcZYILDA OSMANLI \u0130MPARATORLU\u011eU\u2019NDA L\u0130BERAL EKONOM\u0130N\u0130N GEL\u0130\u015e\u0130M\u0130 \u00dcZER\u0130NE B\u0130R DE\u011eERLEND\u0130RME \u00b7 F\u0130NANSAL TEKNOLOJ\u0130 UYGULAMALARI BANKACILIK<span class=\"excerpt-hellip\"> [\u2026]<\/span><\/p>\n","protected":false},"featured_media":0,"template":"","meta":{"_monsterinsights_skip_tracking":false,"_monsterinsights_sitenote_active":false,"_monsterinsights_sitenote_note":"","_monsterinsights_sitenote_category":0},"product_brand":[],"product_cat":[12573,12566],"product_tag":[],"class_list":{"0":"post-756918","1":"product","2":"type-product","3":"status-publish","5":"product_cat-akademik-kitaplar","6":"product_cat-egitim","7":"pa_cilt-ciltsiz","8":"pa_tur-kitap","9":"pa_yayinevi-gazi-kitabevi","10":"pa_yazar-kolektif","12":"first","13":"instock","14":"sale","15":"shipping-taxable","16":"purchasable","17":"product-type-simple"},"_links":{"self":[{"href":"https:\/\/roveyayinevi.com.tr\/index.php\/wp-json\/wp\/v2\/product\/756918","targetHints":{"allow":["GET"]}}],"collection":[{"href":"https:\/\/roveyayinevi.com.tr\/index.php\/wp-json\/wp\/v2\/product"}],"about":[{"href":"https:\/\/roveyayinevi.com.tr\/index.php\/wp-json\/wp\/v2\/types\/product"}],"wp:attachment":[{"href":"https:\/\/roveyayinevi.com.tr\/index.php\/wp-json\/wp\/v2\/media?parent=756918"}],"wp:term":[{"taxonomy":"product_brand","embeddable":true,"href":"https:\/\/roveyayinevi.com.tr\/index.php\/wp-json\/wp\/v2\/product_brand?post=756918"},{"taxonomy":"product_cat","embeddable":true,"href":"https:\/\/roveyayinevi.com.tr\/index.php\/wp-json\/wp\/v2\/product_cat?post=756918"},{"taxonomy":"product_tag","embeddable":true,"href":"https:\/\/roveyayinevi.com.tr\/index.php\/wp-json\/wp\/v2\/product_tag?post=756918"}],"curies":[{"name":"wp","href":"https:\/\/api.w.org\/{rel}","templated":true}]}}