{"id":756895,"date":"2025-08-28T07:20:42","date_gmt":"2025-08-28T04:20:42","guid":{"rendered":"https:\/\/roveyayinevi.com.tr\/index.php\/urun\/dovus-tanrisi-3\/"},"modified":"2026-04-16T03:10:00","modified_gmt":"2026-04-16T00:10:00","slug":"dovus-tanrisi-3","status":"publish","type":"product","link":"https:\/\/roveyayinevi.com.tr\/index.php\/urun\/dovus-tanrisi-3\/","title":{"rendered":"D\u00f6v\u00fc\u015f Tanr\u0131s\u0131 3"},"content":{"rendered":"<p>Yu Mi-Ra, ailesinin k\u0131l\u0131\u00e7 sanat\u0131n\u0131 s\u00fcrd\u00fcrmek i\u00e7in kaderini sonsuza dek m\u00fch\u00fcrleyecek bir karar vermeli. COAX\u2019ta turnuvan\u0131n yar\u0131 finallerinde ba\u015f d\u00f6nd\u00fcr\u00fcc\u00fc olaylar ya\u015fan\u0131rken, rakiplerini yenmek i\u00e7in kat\u0131l\u0131mc\u0131lar\u0131n g\u00fc\u00e7 ve strateji uygulamalar\u0131 gerekiyor.   \u00dc\u00e7 kahraman\u0131m\u0131z\u0131n dostlu\u011fu \u00f6n\u00fcm\u00fczdeki sava\u015flarda devam edebilecek mi? <\/p>\n","protected":false},"excerpt":{"rendered":"<p>Yu Mi-Ra, ailesinin k\u0131l\u0131\u00e7 sanat\u0131n\u0131 s\u00fcrd\u00fcrmek i\u00e7in kaderini sonsuza dek m\u00fch\u00fcrleyecek bir karar vermeli. COAX\u2019ta turnuvan\u0131n yar\u0131 finallerinde ba\u015f d\u00f6nd\u00fcr\u00fcc\u00fc olaylar ya\u015fan\u0131rken, rakiplerini yenmek i\u00e7in kat\u0131l\u0131mc\u0131lar\u0131n<span class=\"excerpt-hellip\"> [\u2026]<\/span><\/p>\n","protected":false},"featured_media":0,"template":"","meta":{"_monsterinsights_skip_tracking":false,"_monsterinsights_sitenote_active":false,"_monsterinsights_sitenote_note":"","_monsterinsights_sitenote_category":0},"product_brand":[],"product_cat":[12416,12291],"product_tag":[],"class_list":{"0":"post-756895","1":"product","2":"type-product","3":"status-publish","5":"product_cat-cizgi-roman","6":"product_cat-edebiyat","7":"pa_cilt-ciltsiz","8":"pa_tur-kitap","9":"pa_yayinevi-athica-yayinlari","10":"pa_yazar-yong-je-park","12":"first","13":"instock","14":"sale","15":"shipping-taxable","16":"purchasable","17":"product-type-simple"},"_links":{"self":[{"href":"https:\/\/roveyayinevi.com.tr\/index.php\/wp-json\/wp\/v2\/product\/756895","targetHints":{"allow":["GET"]}}],"collection":[{"href":"https:\/\/roveyayinevi.com.tr\/index.php\/wp-json\/wp\/v2\/product"}],"about":[{"href":"https:\/\/roveyayinevi.com.tr\/index.php\/wp-json\/wp\/v2\/types\/product"}],"wp:attachment":[{"href":"https:\/\/roveyayinevi.com.tr\/index.php\/wp-json\/wp\/v2\/media?parent=756895"}],"wp:term":[{"taxonomy":"product_brand","embeddable":true,"href":"https:\/\/roveyayinevi.com.tr\/index.php\/wp-json\/wp\/v2\/product_brand?post=756895"},{"taxonomy":"product_cat","embeddable":true,"href":"https:\/\/roveyayinevi.com.tr\/index.php\/wp-json\/wp\/v2\/product_cat?post=756895"},{"taxonomy":"product_tag","embeddable":true,"href":"https:\/\/roveyayinevi.com.tr\/index.php\/wp-json\/wp\/v2\/product_tag?post=756895"}],"curies":[{"name":"wp","href":"https:\/\/api.w.org\/{rel}","templated":true}]}}