{"id":756886,"date":"2025-08-28T07:20:28","date_gmt":"2025-08-28T04:20:28","guid":{"rendered":"https:\/\/roveyayinevi.com.tr\/index.php\/urun\/selef-alimlere-neden-saygi-duyuyoruz\/"},"modified":"2026-04-16T03:10:00","modified_gmt":"2026-04-16T00:10:00","slug":"selef-alimlere-neden-saygi-duyuyoruz","status":"publish","type":"product","link":"https:\/\/roveyayinevi.com.tr\/index.php\/urun\/selef-alimlere-neden-saygi-duyuyoruz\/","title":{"rendered":"Selef Alimlere Neden Sayg\u0131 Duyuyoruz?"},"content":{"rendered":"<p>Selef-i s\u00e2lih\u00eenden bahsediyoruz karde\u015flerim! G\u00f6receksiniz; hayat hikayelerine \u015fahit olduk\u00e7a hayretlere d\u00fc\u015fece\u011fiz, anlat\u0131lanlar\u0131n bir\u00e7o\u011funu belki masal zannedece\u011fiz. Bahsi ge\u00e7ecek olan her \u015feyin hakikatin ta kendisi oldu\u011funu \u0131srarla ifade etmek isterim, hik\u00e2ye i\u015fitmeyeceksiniz\u2026 Selefimizin hayat\u0131na \u015f\u00f6yle bir g\u00f6z atal\u0131m\u2026 Nice acayip hadiselerle, fevkalbe\u015fer i\u015flerle kar\u015f\u0131la\u015faca\u011f\u0131m\u0131z\u0131 bir bilseniz\u2026 Belki bir\u00e7o\u011fumuz hakikati olmayan \u015fey sanaca\u011f\u0131z i\u015fittiklerimizi, kulaklar\u0131m\u0131za inanamayaca\u011f\u0131z. Hay\u0131r karde\u015flerim, bahsi ge\u00e7ecek olan her \u015fey hakikat! Ni\u00e7in inanam\u0131yoruz sizce, niye bu denli garip geliyor bizlere selefimizin ahv\u00e2li? Bug\u00fcnlerde \u015fahit oldu\u011fumuz rezillikler, ge\u00e7mi\u015fte ya\u015fanan acayip h\u00e2diseleri fehmetmemizi imk\u00e2ns\u0131z k\u0131l\u0131yor da ondan\u2026<\/p>\n","protected":false},"excerpt":{"rendered":"<p>Selef-i s\u00e2lih\u00eenden bahsediyoruz karde\u015flerim! G\u00f6receksiniz; hayat hikayelerine \u015fahit olduk\u00e7a hayretlere d\u00fc\u015fece\u011fiz, anlat\u0131lanlar\u0131n bir\u00e7o\u011funu belki masal zannedece\u011fiz. Bahsi ge\u00e7ecek olan her \u015feyin hakikatin ta kendisi oldu\u011funu \u0131srarla<span class=\"excerpt-hellip\"> [\u2026]<\/span><\/p>\n","protected":false},"featured_media":0,"template":"","meta":{"_monsterinsights_skip_tracking":false,"_monsterinsights_sitenote_active":false,"_monsterinsights_sitenote_note":"","_monsterinsights_sitenote_category":0},"product_brand":[],"product_cat":[12718,12719],"product_tag":[],"class_list":{"0":"post-756886","1":"product","2":"type-product","3":"status-publish","5":"product_cat-din","6":"product_cat-islam","7":"pa_cilt-ciltsiz","8":"pa_tur-kitap","9":"pa_yayinevi-takdim-kitap","10":"pa_yazar-abdulfettah-ebu-gudde","12":"first","13":"instock","14":"sale","15":"shipping-taxable","16":"purchasable","17":"product-type-simple"},"_links":{"self":[{"href":"https:\/\/roveyayinevi.com.tr\/index.php\/wp-json\/wp\/v2\/product\/756886","targetHints":{"allow":["GET"]}}],"collection":[{"href":"https:\/\/roveyayinevi.com.tr\/index.php\/wp-json\/wp\/v2\/product"}],"about":[{"href":"https:\/\/roveyayinevi.com.tr\/index.php\/wp-json\/wp\/v2\/types\/product"}],"wp:attachment":[{"href":"https:\/\/roveyayinevi.com.tr\/index.php\/wp-json\/wp\/v2\/media?parent=756886"}],"wp:term":[{"taxonomy":"product_brand","embeddable":true,"href":"https:\/\/roveyayinevi.com.tr\/index.php\/wp-json\/wp\/v2\/product_brand?post=756886"},{"taxonomy":"product_cat","embeddable":true,"href":"https:\/\/roveyayinevi.com.tr\/index.php\/wp-json\/wp\/v2\/product_cat?post=756886"},{"taxonomy":"product_tag","embeddable":true,"href":"https:\/\/roveyayinevi.com.tr\/index.php\/wp-json\/wp\/v2\/product_tag?post=756886"}],"curies":[{"name":"wp","href":"https:\/\/api.w.org\/{rel}","templated":true}]}}