{"id":756872,"date":"2025-08-28T07:20:03","date_gmt":"2025-08-28T04:20:03","guid":{"rendered":"https:\/\/roveyayinevi.com.tr\/index.php\/urun\/yeni-turk-edebiyatinda-toplumsal-kaygi\/"},"modified":"2026-04-16T03:09:59","modified_gmt":"2026-04-16T00:09:59","slug":"yeni-turk-edebiyatinda-toplumsal-kaygi","status":"publish","type":"product","link":"https:\/\/roveyayinevi.com.tr\/index.php\/urun\/yeni-turk-edebiyatinda-toplumsal-kaygi\/","title":{"rendered":"Yeni T\u00fcrk Edebiyat\u0131nda Toplumsal Kayg\u0131"},"content":{"rendered":"<p>\u201cSeyl-i hur\u00fb\u015f\u00e2n\u201d, devrin, \u00f6zellikle entelekt\u00fcel zihinlerinde yer bulan ortak ya da toplumsal kayg\u0131n\u0131n d\u0131\u015favurumu olabilir. \u00c7\u00fcnk\u00fc Osmanl\u0131 son devrinde kaleme al\u0131nm\u0131\u015f ana ak\u0131m edebi metinler \u00fczerinde yap\u0131lan incelemelerin \u00e7o\u011funda buna dair sonu\u00e7lar beliriyor. Dolay\u0131s\u0131yla somut \u015fekilde tespit edebiliriz ki \u201c\u00f6nlenemez dalga\u201d anlam\u0131na gelen bu ifadeyle ayd\u0131nlar, Osmanl\u0131 Devleti ve toplumunun son \u00e7eyrekte i\u00e7ine girdi\u011fi zorlu\u011fu ve bu zorlukla ba\u015fa \u00e7\u0131kabilme ihtimallerine dair se\u00e7enekleri imgesel bir zeminde kurgulay\u0131p payla\u015ft\u0131lar.  Elinizdeki \u00e7al\u0131\u015fmada ayr\u0131nt\u0131l\u0131 olarak ele al\u0131nan kayg\u0131y\u0131 giderecek bas\u0327ka bir mekanizma, yeni bir ku\u0308ltu\u0308rel du\u0308nya go\u0308ru\u0308s\u0327u\u0308 ve onun parc\u0327as\u0131 olarak yeni bir edebi yap\u0131 gerektig\u0306i alg\u0131s\u0131 da s\u00f6z konusu kurgulardan biri olarak g\u00f6r\u00fcn\u00fcyor. Bu yeni in\u015fan\u0131n, toplumu ilgilendiren alanlarda hissedilen toplumsal kayg\u0131y\u0131 gidermeye yo\u0308nelik birtak\u0131m sosyoku\u0308ltu\u0308rel deg\u0306is\u0327ikliklere ihtiyac\u0327 oldu\u011fu ortak du\u0308s\u0327u\u0308ncesiyle g\u00fc\u00e7l\u00fc bir ili\u015fki i\u00e7inde oldu\u011funa dair somut sonu\u00e7lar s\u00f6z konusu.Sevim Zehra Can Kaya s\u00f6z konusu duruma Bat\u0131c\u0131, I\u0307sla\u0302mc\u0131 ve Tu\u0308rkc\u0327u\u0308 fikr\u00ee ak\u0131mlar\u0131n o\u0308nde gelen isimleri olarak kabuledilmi\u015f Abdullah Cevdet, Mehmed A\u0302kif ve Ziya Go\u0308kalp ekseninde odaklan\u0131yor.<\/p>\n","protected":false},"excerpt":{"rendered":"<p>\u201cSeyl-i hur\u00fb\u015f\u00e2n\u201d, devrin, \u00f6zellikle entelekt\u00fcel zihinlerinde yer bulan ortak ya da toplumsal kayg\u0131n\u0131n d\u0131\u015favurumu olabilir. \u00c7\u00fcnk\u00fc Osmanl\u0131 son devrinde kaleme al\u0131nm\u0131\u015f ana ak\u0131m edebi metinler \u00fczerinde<span class=\"excerpt-hellip\"> [\u2026]<\/span><\/p>\n","protected":false},"featured_media":0,"template":"","meta":{"_monsterinsights_skip_tracking":false,"_monsterinsights_sitenote_active":false,"_monsterinsights_sitenote_note":"","_monsterinsights_sitenote_category":0},"product_brand":[],"product_cat":[13072,12291],"product_tag":[],"class_list":{"0":"post-756872","1":"product","2":"type-product","3":"status-publish","5":"product_cat-arastirma-inceleme-referans","6":"product_cat-edebiyat","7":"pa_cilt-ciltsiz","8":"pa_tur-kitap","9":"pa_yayinevi-muhit-kitap","10":"pa_yazar-sevim-zehra-can-kaya","12":"first","13":"instock","14":"sale","15":"shipping-taxable","16":"purchasable","17":"product-type-simple"},"_links":{"self":[{"href":"https:\/\/roveyayinevi.com.tr\/index.php\/wp-json\/wp\/v2\/product\/756872","targetHints":{"allow":["GET"]}}],"collection":[{"href":"https:\/\/roveyayinevi.com.tr\/index.php\/wp-json\/wp\/v2\/product"}],"about":[{"href":"https:\/\/roveyayinevi.com.tr\/index.php\/wp-json\/wp\/v2\/types\/product"}],"wp:attachment":[{"href":"https:\/\/roveyayinevi.com.tr\/index.php\/wp-json\/wp\/v2\/media?parent=756872"}],"wp:term":[{"taxonomy":"product_brand","embeddable":true,"href":"https:\/\/roveyayinevi.com.tr\/index.php\/wp-json\/wp\/v2\/product_brand?post=756872"},{"taxonomy":"product_cat","embeddable":true,"href":"https:\/\/roveyayinevi.com.tr\/index.php\/wp-json\/wp\/v2\/product_cat?post=756872"},{"taxonomy":"product_tag","embeddable":true,"href":"https:\/\/roveyayinevi.com.tr\/index.php\/wp-json\/wp\/v2\/product_tag?post=756872"}],"curies":[{"name":"wp","href":"https:\/\/api.w.org\/{rel}","templated":true}]}}