{"id":756869,"date":"2025-08-28T07:19:58","date_gmt":"2025-08-28T04:19:58","guid":{"rendered":"https:\/\/roveyayinevi.com.tr\/index.php\/urun\/dermani-derdinde-bulan-niyazi-i-misri\/"},"modified":"2026-04-16T03:09:59","modified_gmt":"2026-04-16T00:09:59","slug":"dermani-derdinde-bulan-niyazi-i-misri","status":"publish","type":"product","link":"https:\/\/roveyayinevi.com.tr\/index.php\/urun\/dermani-derdinde-bulan-niyazi-i-misri\/","title":{"rendered":"Derman\u0131 Derdinde Bulan Niyazi-i M\u0131sri"},"content":{"rendered":"<p>T\u00fcrk tasavvuf \u015fiirinin Yunus Emre\u2019den sonra g\u00f6rd\u00fc\u011f\u00fc en etkileyici isim olan Niyazi-i M\u0131sri k\u00fclt\u00fcr tarihimizde s\u0131ra d\u0131\u015f\u0131 ki\u015fili\u011fiyle dikkati \u00e7eker. \u0130\u00e7ten ve sade s\u00f6yleyi\u015fleri muhataplar\u0131n\u0131 cezb etmi\u015ftir. Hayat hik\u00e2yesiyle muhataplar\u0131nda derin bir tesir uyand\u0131ran bu cazibedar \u015feyhi anlatanlar onun \u201cvelilikle delilik\u201d aras\u0131nda fakat daima etkili bir ki\u015fili\u011fe sahip oldu\u011fundan bahseder. Hayat\u0131 boyunca hakikati arayan, buldu\u011fu hakikati her \u015fey pahas\u0131na sahiplenip savunan Niyazi \u00e7arp\u0131c\u0131 sahnelerle dolu bir \u00f6m\u00fcr s\u00fcrm\u00fc\u015ft\u00fcr. \u0130leri s\u00fcrd\u00fc\u011f\u00fc baz\u0131 fikir ve tav\u0131rlar\u0131yla kimilerini kendisinden uzakla\u015ft\u0131rsa da muhataplar\u0131nda tarifi kelama s\u0131\u011fmayan tesirler uyand\u0131rmay\u0131 da bilmi\u015ftir. Niyazi yaln\u0131z hayat\u0131yla de\u011fil, s\u00f6yledikleriyle de dikkatleri \u00e7ekmeyi ba\u015farm\u0131\u015ft\u0131r. Kendisi i\u00e7in asl\u0131nda derman olan derdinin fark\u0131na vard\u0131\u011f\u0131 zaman dile getirdi\u011fi \u201cDerman arard\u0131m derdime, derdim bana derman imi\u015f\u201d gibi s\u00f6zleri dilden dile, kulaktan kula\u011fa ta bug\u00fcnlere ula\u015fabilmi\u015ftir. Tasavvufun derin ve ince meselelerini a\u00e7\u0131k ve sade bir dille aktarmak Niyazi\u2019nin en belirgin meziyeti olmu\u015ftur. Haz\u0131rlanan bu se\u00e7ki, Niyazi\u2019nin ilgi \u00e7ekici hayat\u0131na dair \u00e7arp\u0131c\u0131 sahneleri aktard\u0131\u011f\u0131 gibi dillerde ve g\u00f6n\u00fcllerde yeretmi\u015f s\u00f6zlerinin pek \u00e7ok inceliklerini de yans\u0131tmaktad\u0131r.<\/p>\n","protected":false},"excerpt":{"rendered":"<p>T\u00fcrk tasavvuf \u015fiirinin Yunus Emre\u2019den sonra g\u00f6rd\u00fc\u011f\u00fc en etkileyici isim olan Niyazi-i M\u0131sri k\u00fclt\u00fcr tarihimizde s\u0131ra d\u0131\u015f\u0131 ki\u015fili\u011fiyle dikkati \u00e7eker. \u0130\u00e7ten ve sade s\u00f6yleyi\u015fleri muhataplar\u0131n\u0131 cezb<span class=\"excerpt-hellip\"> [\u2026]<\/span><\/p>\n","protected":false},"featured_media":0,"template":"","meta":{"_monsterinsights_skip_tracking":false,"_monsterinsights_sitenote_active":false,"_monsterinsights_sitenote_note":"","_monsterinsights_sitenote_category":0},"product_brand":[],"product_cat":[12718,12719,15238],"product_tag":[],"class_list":{"0":"post-756869","1":"product","2":"type-product","3":"status-publish","5":"product_cat-din","6":"product_cat-islam","7":"product_cat-tasavvuf","8":"pa_cilt-ciltsiz","9":"pa_tur-kitap","10":"pa_yayinevi-muhit-kitap","11":"pa_yazar-bekir-belenkuyu","13":"first","14":"instock","15":"sale","16":"shipping-taxable","17":"purchasable","18":"product-type-simple"},"_links":{"self":[{"href":"https:\/\/roveyayinevi.com.tr\/index.php\/wp-json\/wp\/v2\/product\/756869","targetHints":{"allow":["GET"]}}],"collection":[{"href":"https:\/\/roveyayinevi.com.tr\/index.php\/wp-json\/wp\/v2\/product"}],"about":[{"href":"https:\/\/roveyayinevi.com.tr\/index.php\/wp-json\/wp\/v2\/types\/product"}],"wp:attachment":[{"href":"https:\/\/roveyayinevi.com.tr\/index.php\/wp-json\/wp\/v2\/media?parent=756869"}],"wp:term":[{"taxonomy":"product_brand","embeddable":true,"href":"https:\/\/roveyayinevi.com.tr\/index.php\/wp-json\/wp\/v2\/product_brand?post=756869"},{"taxonomy":"product_cat","embeddable":true,"href":"https:\/\/roveyayinevi.com.tr\/index.php\/wp-json\/wp\/v2\/product_cat?post=756869"},{"taxonomy":"product_tag","embeddable":true,"href":"https:\/\/roveyayinevi.com.tr\/index.php\/wp-json\/wp\/v2\/product_tag?post=756869"}],"curies":[{"name":"wp","href":"https:\/\/api.w.org\/{rel}","templated":true}]}}