{"id":756859,"date":"2025-08-28T07:19:40","date_gmt":"2025-08-28T04:19:40","guid":{"rendered":"https:\/\/roveyayinevi.com.tr\/index.php\/urun\/osmanli-rus-savasi-gunlugu\/"},"modified":"2026-04-16T03:09:59","modified_gmt":"2026-04-16T00:09:59","slug":"osmanli-rus-savasi-gunlugu","status":"publish","type":"product","link":"https:\/\/roveyayinevi.com.tr\/index.php\/urun\/osmanli-rus-savasi-gunlugu\/","title":{"rendered":"Osmanl\u0131-Rus Sava\u015f\u0131 G\u00fcnl\u00fc\u011f\u00fc"},"content":{"rendered":"<p>1768-1774 Osmanl\u0131-Rus Sava\u015f\u0131, T\u00fcrk taraf\u0131nca ilan edildi. Uzun s\u00fcrmeyece\u011fi ve Osmanl\u0131 Devleti&#8217;nin k\u00e2rl\u0131 \u00e7\u0131kaca\u011f\u0131 \u00fcmit ediliyordu. Ancak geli\u015fmeler hi\u00e7 de beklendi\u011fi gibi seyretmedi. \u0130lk defa Rusya kar\u015f\u0131s\u0131nda a\u011f\u0131r yenilgiler al\u0131nd\u0131 ve b\u00fcy\u00fck kay\u0131plar verildi. Sava\u015f\u0131 sonland\u0131ran K\u00fc\u00e7\u00fck Kaynarca Antla\u015fmas\u0131 da T\u00fcrk taraf\u0131 i\u00e7in a\u011f\u0131r \u015fartlar ihtiva ediyordu. Elinizdeki g\u00fcnl\u00fck bizzat bu sava\u015fa kat\u0131lan ve sonuna kadar da cephede bulunan Sil\u00e2hd\u00e2r Mustafa Efendi taraf\u0131ndan kaleme al\u0131nm\u0131\u015ft\u0131r. G\u00fcnl\u00fck, sava\u015f\u0131n Mart 1769-\u015eubat 1770 tarihleri aras\u0131ndaki geli\u015fmelerini ihtiva eder. Eserde Osmanl\u0131 ordusunun \u0130stanbul&#8217;dan \u00e7\u0131k\u0131\u015f\u0131, Ruslar\u0131n casusluk faaliyetleri, cephelerden gelen raporlar, T\u00fcrk ordug\u00e2h\u0131n\u0131n durumu ve sava\u015f\u0131n seyri hakk\u0131nda, \u00e7o\u011fu ba\u015fka kaynakta olmayan bilgiler verilmektedir. Mustafa Efendi&#8217;nin eseri, Osmanl\u0131&#8217;n\u0131n \u00e7\u00f6k\u00fc\u015f\u00fcn\u00fc ba\u015flatan 1768-1774 Sava\u015f\u0131 ile ilgili \u015fimdiye kadar tespit edilmi\u015f tek g\u00fcnl\u00fckt\u00fcr.<\/p>\n","protected":false},"excerpt":{"rendered":"<p>1768-1774 Osmanl\u0131-Rus Sava\u015f\u0131, T\u00fcrk taraf\u0131nca ilan edildi. Uzun s\u00fcrmeyece\u011fi ve Osmanl\u0131 Devleti&#8217;nin k\u00e2rl\u0131 \u00e7\u0131kaca\u011f\u0131 \u00fcmit ediliyordu. Ancak geli\u015fmeler hi\u00e7 de beklendi\u011fi gibi seyretmedi. \u0130lk defa Rusya<span class=\"excerpt-hellip\"> [\u2026]<\/span><\/p>\n","protected":false},"featured_media":0,"template":"","meta":{"_monsterinsights_skip_tracking":false,"_monsterinsights_sitenote_active":false,"_monsterinsights_sitenote_note":"","_monsterinsights_sitenote_category":0},"product_brand":[],"product_cat":[13517,12304],"product_tag":[],"class_list":{"0":"post-756859","1":"product","2":"type-product","3":"status-publish","5":"product_cat-osmanli-tarihi","6":"product_cat-tarih","7":"pa_cilt-ciltsiz","8":"pa_tur-kitap","9":"pa_yayinevi-yeditepe-yayinevi","10":"pa_yazar-ugur-demir","12":"first","13":"instock","14":"sale","15":"shipping-taxable","16":"purchasable","17":"product-type-simple"},"_links":{"self":[{"href":"https:\/\/roveyayinevi.com.tr\/index.php\/wp-json\/wp\/v2\/product\/756859","targetHints":{"allow":["GET"]}}],"collection":[{"href":"https:\/\/roveyayinevi.com.tr\/index.php\/wp-json\/wp\/v2\/product"}],"about":[{"href":"https:\/\/roveyayinevi.com.tr\/index.php\/wp-json\/wp\/v2\/types\/product"}],"wp:attachment":[{"href":"https:\/\/roveyayinevi.com.tr\/index.php\/wp-json\/wp\/v2\/media?parent=756859"}],"wp:term":[{"taxonomy":"product_brand","embeddable":true,"href":"https:\/\/roveyayinevi.com.tr\/index.php\/wp-json\/wp\/v2\/product_brand?post=756859"},{"taxonomy":"product_cat","embeddable":true,"href":"https:\/\/roveyayinevi.com.tr\/index.php\/wp-json\/wp\/v2\/product_cat?post=756859"},{"taxonomy":"product_tag","embeddable":true,"href":"https:\/\/roveyayinevi.com.tr\/index.php\/wp-json\/wp\/v2\/product_tag?post=756859"}],"curies":[{"name":"wp","href":"https:\/\/api.w.org\/{rel}","templated":true}]}}