{"id":756823,"date":"2025-08-28T07:18:05","date_gmt":"2025-08-28T04:18:05","guid":{"rendered":"https:\/\/roveyayinevi.com.tr\/index.php\/urun\/ah-daglarinda-ezilir-fil\/"},"modified":"2026-04-16T03:09:58","modified_gmt":"2026-04-16T00:09:58","slug":"ah-daglarinda-ezilir-fil","status":"publish","type":"product","link":"https:\/\/roveyayinevi.com.tr\/index.php\/urun\/ah-daglarinda-ezilir-fil\/","title":{"rendered":"Ah Da\u011flar\u0131nda Ezilir Fil"},"content":{"rendered":"<p>\u0130nsanca ya\u015fayacakt\u0131k, olmasa da insanca Kendini bilmez, haddini bilmez, ars\u0131zcaAh da\u011flar\u0131nda ezilir fil, peki noldu kar\u0131nca Harcad\u0131n bu sevgiyi tutars\u0131zca, pervas\u0131zca <\/p>\n","protected":false},"excerpt":{"rendered":"<p>\u0130nsanca ya\u015fayacakt\u0131k, olmasa da insanca Kendini bilmez, haddini bilmez, ars\u0131zcaAh da\u011flar\u0131nda ezilir fil, peki noldu kar\u0131nca Harcad\u0131n bu sevgiyi tutars\u0131zca, pervas\u0131zca<\/p>\n","protected":false},"featured_media":0,"template":"","meta":{"_monsterinsights_skip_tracking":false,"_monsterinsights_sitenote_active":false,"_monsterinsights_sitenote_note":"","_monsterinsights_sitenote_category":0},"product_brand":[],"product_cat":[12291,12509],"product_tag":[],"class_list":{"0":"post-756823","1":"product","2":"type-product","3":"status-publish","5":"product_cat-edebiyat","6":"product_cat-siir","7":"pa_cilt-ciltsiz","8":"pa_tur-kitap","9":"pa_yayinevi-vaveyla-yayincilik","10":"pa_yazar-beyzanur-bilyay","12":"first","13":"instock","14":"sale","15":"shipping-taxable","16":"purchasable","17":"product-type-simple"},"_links":{"self":[{"href":"https:\/\/roveyayinevi.com.tr\/index.php\/wp-json\/wp\/v2\/product\/756823","targetHints":{"allow":["GET"]}}],"collection":[{"href":"https:\/\/roveyayinevi.com.tr\/index.php\/wp-json\/wp\/v2\/product"}],"about":[{"href":"https:\/\/roveyayinevi.com.tr\/index.php\/wp-json\/wp\/v2\/types\/product"}],"wp:attachment":[{"href":"https:\/\/roveyayinevi.com.tr\/index.php\/wp-json\/wp\/v2\/media?parent=756823"}],"wp:term":[{"taxonomy":"product_brand","embeddable":true,"href":"https:\/\/roveyayinevi.com.tr\/index.php\/wp-json\/wp\/v2\/product_brand?post=756823"},{"taxonomy":"product_cat","embeddable":true,"href":"https:\/\/roveyayinevi.com.tr\/index.php\/wp-json\/wp\/v2\/product_cat?post=756823"},{"taxonomy":"product_tag","embeddable":true,"href":"https:\/\/roveyayinevi.com.tr\/index.php\/wp-json\/wp\/v2\/product_tag?post=756823"}],"curies":[{"name":"wp","href":"https:\/\/api.w.org\/{rel}","templated":true}]}}