{"id":756822,"date":"2025-08-28T07:18:03","date_gmt":"2025-08-28T04:18:03","guid":{"rendered":"https:\/\/roveyayinevi.com.tr\/index.php\/urun\/don-kisotun-dususu\/"},"modified":"2026-04-11T14:25:27","modified_gmt":"2026-04-11T11:25:27","slug":"don-kisotun-dususu","status":"publish","type":"product","link":"https:\/\/roveyayinevi.com.tr\/index.php\/urun\/don-kisotun-dususu\/","title":{"rendered":"Don Ki\u015fot&#8217;un D\u00fc\u015f\u00fc\u015f\u00fc"},"content":{"rendered":"<p>\u201c Kitaplar bir limand\u0131 benim i\u00e7in. Kitaplarda ya\u015fad\u0131m ve kitaptakileri sokaktakilerden daha \u00e7ok sevdim. \u201d             CEM\u0130L MER\u0130\u00c7 \u201c Baz\u0131lar\u0131m\u0131z \u015fiirlere, \u015fark\u0131lara, filmlere, kitaplara tutunuyor. San\u0131r\u0131m art\u0131k insan, tutunam\u0131yor insana.\u201d             O\u011eUZ ATAY \u201cZaten yaln\u0131zl\u0131\u011f\u0131m\u0131n sebebi, kitaplardaki kahramanlar\u0131 semtimde bulamay\u0131\u015f\u0131m de\u011fil miydi?\u201d             SABAHATT\u0130N AL\u0130             Siz hi\u00e7 yazar\u0131yla kahraman\u0131n\u0131n yer de\u011fi\u015ftirdi\u011fi bir kitap okudunuz mu? Peki ya siz hi\u00e7 kaleminizden damlayan bir m\u00fcrekkep ile satran\u00e7 oynad\u0131n\u0131z m\u0131? \u00d6yle bir satran\u00e7 ki; 64 karelik basit bir satran\u00e7 tahtas\u0131n\u0131n \u00e7ok \u00f6tesine ge\u00e7mi\u015f bir oyunu ifade etmekte\u2026 Bunu bile bile yapt\u0131\u011f\u0131n\u0131z her hamle ile hayatlara etki edebilece\u011finiz vicdanlar\u0131n satranc\u0131 olmu\u015f bu oyunu hala oynayabilir misiniz? Bu sorunun cevab\u0131n\u0131 bazen siz veremezsiniz ve isteyin ya da istemeyin bazen oynamak zorunda kal\u0131rs\u0131n\u0131z&#8230;&#8221;             \u015eimdi kalem, Cervantes\u2019in de\u011fil Don Ki\u015fot\u2019un elinde\u2026             Ak\u0131l tutulmas\u0131 ya\u015fayaca\u011f\u0131n\u0131z bu kitapla; al\u0131\u015fagelmi\u015f t\u00fcm dengeler sars\u0131lacak. Bu kadar da olmaz dedi\u011finiz her \u015fey o kadar olacak\u2026 Her dokunu\u015fta hayatlar\u0131n sars\u0131laca\u011f\u0131 e\u015fi benzeri g\u00f6r\u00fclmemi\u015f bir satran\u00e7 oynanacak ve bir taraf ger\u00e7ekli\u011fin ne oldu\u011funu derinden anlayacak&#8230; \u2026 E.B.U. K\u0130TAPLARI <\/p>\n","protected":false},"excerpt":{"rendered":"<p>\u201c Kitaplar bir limand\u0131 benim i\u00e7in. Kitaplarda ya\u015fad\u0131m ve kitaptakileri sokaktakilerden daha \u00e7ok sevdim. \u201d CEM\u0130L MER\u0130\u00c7 \u201c Baz\u0131lar\u0131m\u0131z \u015fiirlere, \u015fark\u0131lara, filmlere, kitaplara tutunuyor. San\u0131r\u0131m art\u0131k<span class=\"excerpt-hellip\"> [\u2026]<\/span><\/p>\n","protected":false},"featured_media":0,"template":"","meta":{"_monsterinsights_skip_tracking":false,"_monsterinsights_sitenote_active":false,"_monsterinsights_sitenote_note":"","_monsterinsights_sitenote_category":0},"product_brand":[],"product_cat":[12291,12711],"product_tag":[],"class_list":{"0":"post-756822","1":"product","2":"type-product","3":"status-publish","5":"product_cat-edebiyat","6":"product_cat-roman-oyku","7":"pa_cilt-ciltsiz","8":"pa_tur-kitap","9":"pa_yayinevi-vaveyla-yayincilik","10":"pa_yazar-e-b-u","12":"first","13":"instock","14":"sale","15":"shipping-taxable","16":"purchasable","17":"product-type-simple"},"_links":{"self":[{"href":"https:\/\/roveyayinevi.com.tr\/index.php\/wp-json\/wp\/v2\/product\/756822","targetHints":{"allow":["GET"]}}],"collection":[{"href":"https:\/\/roveyayinevi.com.tr\/index.php\/wp-json\/wp\/v2\/product"}],"about":[{"href":"https:\/\/roveyayinevi.com.tr\/index.php\/wp-json\/wp\/v2\/types\/product"}],"wp:attachment":[{"href":"https:\/\/roveyayinevi.com.tr\/index.php\/wp-json\/wp\/v2\/media?parent=756822"}],"wp:term":[{"taxonomy":"product_brand","embeddable":true,"href":"https:\/\/roveyayinevi.com.tr\/index.php\/wp-json\/wp\/v2\/product_brand?post=756822"},{"taxonomy":"product_cat","embeddable":true,"href":"https:\/\/roveyayinevi.com.tr\/index.php\/wp-json\/wp\/v2\/product_cat?post=756822"},{"taxonomy":"product_tag","embeddable":true,"href":"https:\/\/roveyayinevi.com.tr\/index.php\/wp-json\/wp\/v2\/product_tag?post=756822"}],"curies":[{"name":"wp","href":"https:\/\/api.w.org\/{rel}","templated":true}]}}