{"id":756801,"date":"2025-08-28T07:17:26","date_gmt":"2025-08-28T04:17:26","guid":{"rendered":"https:\/\/roveyayinevi.com.tr\/index.php\/urun\/pozitif-bilim-ve-tersinim\/"},"modified":"2026-01-30T03:46:36","modified_gmt":"2026-01-30T00:46:36","slug":"pozitif-bilim-ve-tersinim","status":"publish","type":"product","link":"https:\/\/roveyayinevi.com.tr\/index.php\/urun\/pozitif-bilim-ve-tersinim\/","title":{"rendered":"Pozitif Bilim ve Tersinim"},"content":{"rendered":"<p>Pozitif bilimin temeli g\u00f6zlem ve deneylerle s\u0131namad\u0131r. G\u00f6zlem ve deneylerle s\u0131nanamayan, kan\u0131tlar\u0131 g\u00f6sterilmeyen hi\u00e7bir \u00f6ng\u00f6r\u00fc ger\u00e7ek kabul edilmez. Neyi savunuyorsa savunsun hi\u00e7bir inan\u00e7, fikir, \u00f6ng\u00f6r\u00fc&#8230;. Bilime temel al\u0131nmaz.\u015eu \u00f6ng\u00f6r\u00fcy\u00fc ger\u00e7ek kabul edelim, bilime temel alal\u0131m; kan\u0131tlar\u0131n\u0131 sonra arar buluruz denilmez. \u00d6nce kan\u0131t, sonra sonu\u00e7 ve tarafs\u0131zl\u0131k pozitif bilimin temel ilkesidir.   Bilim yapma do\u011frular, yanl\u0131\u015flar harman\u0131ndan ger\u00e7ekleri aray\u0131p bulma \u00e7abalar\u0131d\u0131r.   Yap\u0131m\u0131z gere\u011fi \u00e7ok s\u0131k yan\u0131l\u0131r, aldan\u0131r, hatalara d\u00fc\u015feriz.Ortaya konulan fikirlerin, \u00f6ng\u00f6r\u00fclerin ger\u00e7ekli\u011fi konusunda \u015f\u00fcpheler varsa bilimin \u00f6ng\u00f6rd\u00fc\u011f\u00fc kurallar i\u00e7inde kan\u0131tlanam\u0131yor ya da yanl\u0131\u015fl\u0131\u011f\u0131 g\u00f6sterilemi- yor ise o \u00f6ng\u00f6r\u00fc \u201ckan\u0131tlar\u0131 ara\u015ft\u0131r\u0131lan bir teori\u201d olur.   Ne ger\u00e7ek kabul edilip bilime temel al\u0131n\u0131r, nede yanl\u0131\u015f kabul edilip d\u0131\u015flan\u0131r. Do\u011frulanmam\u0131\u015f ya da yanl\u0131\u015fl\u0131\u011f\u0131 g\u00f6sterilmemi\u015f her \u00f6ng\u00f6r\u00fc bilimin hassas terazisinde e\u015fit a\u011f\u0131rl\u0131kta ve de\u011ferdedir. Tersinim insanl\u0131k tarihini en b\u00fcy\u00fck bilimsel devrimidir. <\/p>\n","protected":false},"excerpt":{"rendered":"<p>Pozitif bilimin temeli g\u00f6zlem ve deneylerle s\u0131namad\u0131r. G\u00f6zlem ve deneylerle s\u0131nanamayan, kan\u0131tlar\u0131 g\u00f6sterilmeyen hi\u00e7bir \u00f6ng\u00f6r\u00fc ger\u00e7ek kabul edilmez. Neyi savunuyorsa savunsun hi\u00e7bir inan\u00e7, fikir, \u00f6ng\u00f6r\u00fc&#8230;. Bilime<span class=\"excerpt-hellip\"> [\u2026]<\/span><\/p>\n","protected":false},"featured_media":0,"template":"","meta":{"_monsterinsights_skip_tracking":false,"_monsterinsights_sitenote_active":false,"_monsterinsights_sitenote_note":"","_monsterinsights_sitenote_category":0},"product_brand":[],"product_cat":[13005],"product_tag":[],"class_list":{"0":"post-756801","1":"product","2":"type-product","3":"status-publish","5":"product_cat-bilim-muhendislik","6":"pa_cilt-ciltsiz","7":"pa_tur-kitap","8":"pa_yayinevi-vova-yayinlari","9":"pa_yazar-hudai-cakmak","11":"first","12":"instock","13":"sale","14":"shipping-taxable","15":"purchasable","16":"product-type-simple"},"_links":{"self":[{"href":"https:\/\/roveyayinevi.com.tr\/index.php\/wp-json\/wp\/v2\/product\/756801","targetHints":{"allow":["GET"]}}],"collection":[{"href":"https:\/\/roveyayinevi.com.tr\/index.php\/wp-json\/wp\/v2\/product"}],"about":[{"href":"https:\/\/roveyayinevi.com.tr\/index.php\/wp-json\/wp\/v2\/types\/product"}],"wp:attachment":[{"href":"https:\/\/roveyayinevi.com.tr\/index.php\/wp-json\/wp\/v2\/media?parent=756801"}],"wp:term":[{"taxonomy":"product_brand","embeddable":true,"href":"https:\/\/roveyayinevi.com.tr\/index.php\/wp-json\/wp\/v2\/product_brand?post=756801"},{"taxonomy":"product_cat","embeddable":true,"href":"https:\/\/roveyayinevi.com.tr\/index.php\/wp-json\/wp\/v2\/product_cat?post=756801"},{"taxonomy":"product_tag","embeddable":true,"href":"https:\/\/roveyayinevi.com.tr\/index.php\/wp-json\/wp\/v2\/product_tag?post=756801"}],"curies":[{"name":"wp","href":"https:\/\/api.w.org\/{rel}","templated":true}]}}