{"id":756797,"date":"2025-08-28T07:17:19","date_gmt":"2025-08-28T04:17:19","guid":{"rendered":"https:\/\/roveyayinevi.com.tr\/index.php\/urun\/disney-korku-yalanciyalancisana-kimse-inanmaz\/"},"modified":"2026-04-11T03:18:55","modified_gmt":"2026-04-11T00:18:55","slug":"disney-korku-yalanciyalancisana-kimse-inanmaz","status":"publish","type":"product","link":"https:\/\/roveyayinevi.com.tr\/index.php\/urun\/disney-korku-yalanciyalancisana-kimse-inanmaz\/","title":{"rendered":"Disney KORKU \u2013 Yalanc\u0131,yalanc\u0131,sana kimse inanmaz"},"content":{"rendered":"<p>&#8220;Anla\u015fmam\u0131z\u0131 unutma, Harika \u00c7ocuk. Zeus Kupas\u0131 bana ait!&#8221;   D\u0131\u015far\u0131dan bak\u0131ld\u0131\u011f\u0131nda, on iki ya\u015f\u0131ndaki Hector her \u015feye sahipmi\u015f gibi g\u00f6r\u00fcn\u00fcyor. G\u00fc\u00e7l\u00fc, h\u0131zl\u0131 ve k\u00fc\u00e7\u00fck Orta Bat\u0131 kasabas\u0131ndaki en b\u00fcy\u00fck onur olan Mt. Olympus Spartan Yar\u0131\u015f\u0131&#8217;nda bu y\u0131lki Zeus Kupas\u0131&#8217;n\u0131 kazanmak i\u00e7in favori oldu\u011fu s\u00f6yleniyor. Hector&#8217;un anne babas\u0131 ve be\u015f karde\u015fi on ikinci y\u0131llar\u0131nda alt\u0131n madalya kazanmak i\u00e7in antrenman yapm\u0131\u015f ama hepsi ba\u015far\u0131s\u0131z olmu\u015f. \u015eimdi Hector, aileye zafer kazand\u0131rmak i\u00e7in son \u015fanslar\u0131d\u0131r ve \u00fczerindeki bask\u0131y\u0131 hissetmeye ba\u015flam\u0131\u015ft\u0131r. Mae ad\u0131nda gizemli (ve son derece yetenekli) bir k\u0131z\u0131n antrenman ko\u015fusunda onu ezip ge\u00e7mesinin ard\u0131ndan, Hector kazanmak ve ailesini gururland\u0131rmak i\u00e7in ne gerekiyorsa yapmaya kararl\u0131d\u0131r. Yeralt\u0131 d\u00fcnyas\u0131ndan bir tanr\u0131n\u0131n Hector&#8217;a g\u00fc\u00e7l\u00fc bir teklifi vard\u0131r: Hades, yar\u0131\u015f\u0131n sonunda kazanaca\u011f\u0131 kupa kar\u015f\u0131l\u0131\u011f\u0131nda ona tanr\u0131sal bir g\u00fc\u00e7 ve h\u0131z verecektir. Olduk\u00e7a iyi bir takas gibi g\u00f6r\u00fcnmektedir. Ancak Hector&#8217;un k\u0131sa s\u00fcrede ke\u015ffedece\u011fi gibi, Hades&#8217;le yap\u0131lan hi\u00e7bir anla\u015fma g\u00f6r\u00fcnd\u00fc\u011f\u00fc kadar basit de\u011fildir ve ya sonuna kadar gitmesi ya da kahramanl\u0131ktan s\u0131f\u0131ra d\u00fc\u015fme riskini almas\u0131 gerekecektir.   Gece lamban\u0131z\u0131 kap\u0131n sevgili okur ve \u00dc\u015e\u00dcMEYE haz\u0131r olun!<\/p>\n","protected":false},"excerpt":{"rendered":"<p>&#8220;Anla\u015fmam\u0131z\u0131 unutma, Harika \u00c7ocuk. Zeus Kupas\u0131 bana ait!&#8221; D\u0131\u015far\u0131dan bak\u0131ld\u0131\u011f\u0131nda, on iki ya\u015f\u0131ndaki Hector her \u015feye sahipmi\u015f gibi g\u00f6r\u00fcn\u00fcyor. G\u00fc\u00e7l\u00fc, h\u0131zl\u0131 ve k\u00fc\u00e7\u00fck Orta Bat\u0131 kasabas\u0131ndaki<span class=\"excerpt-hellip\"> [\u2026]<\/span><\/p>\n","protected":false},"featured_media":0,"template":"","meta":{"_monsterinsights_skip_tracking":false,"_monsterinsights_sitenote_active":false,"_monsterinsights_sitenote_note":"","_monsterinsights_sitenote_category":0},"product_brand":[],"product_cat":[12291,12711],"product_tag":[],"class_list":{"0":"post-756797","1":"product","2":"type-product","3":"status-publish","5":"product_cat-edebiyat","6":"product_cat-roman-oyku","7":"pa_cilt-ciltsiz","8":"pa_tur-kitap","9":"pa_yayinevi-beta-byou","10":"pa_yazar-vera-strange","12":"first","13":"instock","14":"sale","15":"shipping-taxable","16":"purchasable","17":"product-type-simple"},"_links":{"self":[{"href":"https:\/\/roveyayinevi.com.tr\/index.php\/wp-json\/wp\/v2\/product\/756797","targetHints":{"allow":["GET"]}}],"collection":[{"href":"https:\/\/roveyayinevi.com.tr\/index.php\/wp-json\/wp\/v2\/product"}],"about":[{"href":"https:\/\/roveyayinevi.com.tr\/index.php\/wp-json\/wp\/v2\/types\/product"}],"wp:attachment":[{"href":"https:\/\/roveyayinevi.com.tr\/index.php\/wp-json\/wp\/v2\/media?parent=756797"}],"wp:term":[{"taxonomy":"product_brand","embeddable":true,"href":"https:\/\/roveyayinevi.com.tr\/index.php\/wp-json\/wp\/v2\/product_brand?post=756797"},{"taxonomy":"product_cat","embeddable":true,"href":"https:\/\/roveyayinevi.com.tr\/index.php\/wp-json\/wp\/v2\/product_cat?post=756797"},{"taxonomy":"product_tag","embeddable":true,"href":"https:\/\/roveyayinevi.com.tr\/index.php\/wp-json\/wp\/v2\/product_tag?post=756797"}],"curies":[{"name":"wp","href":"https:\/\/api.w.org\/{rel}","templated":true}]}}