{"id":756791,"date":"2025-08-28T07:17:07","date_gmt":"2025-08-28T04:17:07","guid":{"rendered":"https:\/\/roveyayinevi.com.tr\/index.php\/urun\/disney-witch-kaybolus\/"},"modified":"2026-04-11T03:18:55","modified_gmt":"2026-04-11T00:18:55","slug":"disney-witch-kaybolus","status":"publish","type":"product","link":"https:\/\/roveyayinevi.com.tr\/index.php\/urun\/disney-witch-kaybolus\/","title":{"rendered":"Disney Witch Kaybolu\u015f"},"content":{"rendered":"<p>Will, Sheffield Enstit\u00fcs\u00fc&#8217;nde yenidir ancak k\u0131sa s\u00fcrede Will&#8217;in gizemli do\u011fa\u00fcst\u00fc yeteneklerini payla\u015fmay\u0131 \u00f6\u011frendi\u011fi d\u00f6rt k\u0131z olan Irma, Taranee, Cornelia ve Hay Lin ile arkada\u015f olur. Birlikte D\u00fcnya&#8217;y\u0131 Metamoor&#8217;un k\u00f6t\u00fcl\u00fc\u011f\u00fcnden korumalar\u0131 gerekti\u011fini ke\u015ffederler. Ancak okulun Cad\u0131lar Bayram\u0131 dans\u0131ndaki k\u0131zlar i\u00e7in i\u015fler ciddi \u015fekilde ters gider. Metamoor yanda\u015flar\u0131 partiyi bas\u0131p onlar\u0131 yakalamaya \u00e7al\u0131\u015f\u0131r. K\u0131zlar k\u00f6t\u00fcl\u00fc\u011fe kar\u015f\u0131 ilk sava\u015flar\u0131nda yeni ke\u015ffettikleri g\u00fc\u00e7lere hakim olmak zorundad\u0131r.<\/p>\n","protected":false},"excerpt":{"rendered":"<p>Will, Sheffield Enstit\u00fcs\u00fc&#8217;nde yenidir ancak k\u0131sa s\u00fcrede Will&#8217;in gizemli do\u011fa\u00fcst\u00fc yeteneklerini payla\u015fmay\u0131 \u00f6\u011frendi\u011fi d\u00f6rt k\u0131z olan Irma, Taranee, Cornelia ve Hay Lin ile arkada\u015f olur. Birlikte<span class=\"excerpt-hellip\"> [\u2026]<\/span><\/p>\n","protected":false},"featured_media":0,"template":"","meta":{"_monsterinsights_skip_tracking":false,"_monsterinsights_sitenote_active":false,"_monsterinsights_sitenote_note":"","_monsterinsights_sitenote_category":0},"product_brand":[],"product_cat":[12291,12711],"product_tag":[],"class_list":{"0":"post-756791","1":"product","2":"type-product","3":"status-publish","5":"product_cat-edebiyat","6":"product_cat-roman-oyku","7":"pa_cilt-ciltsiz","8":"pa_tur-kitap","9":"pa_yayinevi-beta-byou","10":"pa_yazar-kolektif","12":"first","13":"instock","14":"sale","15":"shipping-taxable","16":"purchasable","17":"product-type-simple"},"_links":{"self":[{"href":"https:\/\/roveyayinevi.com.tr\/index.php\/wp-json\/wp\/v2\/product\/756791","targetHints":{"allow":["GET"]}}],"collection":[{"href":"https:\/\/roveyayinevi.com.tr\/index.php\/wp-json\/wp\/v2\/product"}],"about":[{"href":"https:\/\/roveyayinevi.com.tr\/index.php\/wp-json\/wp\/v2\/types\/product"}],"wp:attachment":[{"href":"https:\/\/roveyayinevi.com.tr\/index.php\/wp-json\/wp\/v2\/media?parent=756791"}],"wp:term":[{"taxonomy":"product_brand","embeddable":true,"href":"https:\/\/roveyayinevi.com.tr\/index.php\/wp-json\/wp\/v2\/product_brand?post=756791"},{"taxonomy":"product_cat","embeddable":true,"href":"https:\/\/roveyayinevi.com.tr\/index.php\/wp-json\/wp\/v2\/product_cat?post=756791"},{"taxonomy":"product_tag","embeddable":true,"href":"https:\/\/roveyayinevi.com.tr\/index.php\/wp-json\/wp\/v2\/product_tag?post=756791"}],"curies":[{"name":"wp","href":"https:\/\/api.w.org\/{rel}","templated":true}]}}