{"id":756783,"date":"2025-08-28T07:16:53","date_gmt":"2025-08-28T04:16:53","guid":{"rendered":"https:\/\/roveyayinevi.com.tr\/index.php\/urun\/birlikte-dusun-ayrimci-robot\/"},"modified":"2026-04-03T03:12:09","modified_gmt":"2026-04-03T00:12:09","slug":"birlikte-dusun-ayrimci-robot","status":"publish","type":"product","link":"https:\/\/roveyayinevi.com.tr\/index.php\/urun\/birlikte-dusun-ayrimci-robot\/","title":{"rendered":"Birlikte D\u00fc\u015f\u00fcn : Ayr\u0131mc\u0131 Robot"},"content":{"rendered":"<p>Ya\u015fad\u0131\u011f\u0131 d\u00fcnyada \u00f6\u011frenmenin, ke\u015ffetmenin ve hayal etmenin s\u0131n\u0131rlar\u0131n\u0131 a\u015fan Metin, kendi gelece\u011fi hakk\u0131nda d\u00fc\u015f\u00fcnmeye ba\u015flar. Bir \u0130ngilizce \u00f6devi s\u0131ras\u0131nda gelecekteki kendisini hayal etme g\u00f6revi, onu kendi potansiyeli ve tutkular\u0131 hakk\u0131nda d\u00fc\u015f\u00fcnmeye sevk eder. Gelece\u011fe dair hayallerini kurarken, Metin, sadece kendi gelece\u011fini de\u011fil, ayn\u0131 zamanda toplumdaki cinsiyet rollerini ve dilin nas\u0131l \u015fekillendirdi\u011fini de sorgular. Bu yolculukta, kendi kimli\u011fini ve gelece\u011fini in\u015fa etme g\u00fcc\u00fcn\u00fc ke\u015ffeder. Ayr\u0131mc\u0131 Robot, gelece\u011fe dair hayaller kuran her \u00e7ocuk i\u00e7in ilham verici bir yolculuk sunuyor. <\/p>\n","protected":false},"excerpt":{"rendered":"<p>Ya\u015fad\u0131\u011f\u0131 d\u00fcnyada \u00f6\u011frenmenin, ke\u015ffetmenin ve hayal etmenin s\u0131n\u0131rlar\u0131n\u0131 a\u015fan Metin, kendi gelece\u011fi hakk\u0131nda d\u00fc\u015f\u00fcnmeye ba\u015flar. Bir \u0130ngilizce \u00f6devi s\u0131ras\u0131nda gelecekteki kendisini hayal etme g\u00f6revi, onu kendi<span class=\"excerpt-hellip\"> [\u2026]<\/span><\/p>\n","protected":false},"featured_media":0,"template":"","meta":{"_monsterinsights_skip_tracking":false,"_monsterinsights_sitenote_active":false,"_monsterinsights_sitenote_note":"","_monsterinsights_sitenote_category":0},"product_brand":[],"product_cat":[12274,12284],"product_tag":[],"class_list":{"0":"post-756783","1":"product","2":"type-product","3":"status-publish","5":"product_cat-cocuk-ve-genclik-kitaplari","6":"product_cat-hikayeler","7":"pa_cilt-ciltsiz","8":"pa_tur-kitap","9":"pa_yayinevi-eksik-parca-yayinlari","10":"pa_yazar-seran-demiral","12":"first","13":"instock","14":"sale","15":"shipping-taxable","16":"purchasable","17":"product-type-simple"},"_links":{"self":[{"href":"https:\/\/roveyayinevi.com.tr\/index.php\/wp-json\/wp\/v2\/product\/756783","targetHints":{"allow":["GET"]}}],"collection":[{"href":"https:\/\/roveyayinevi.com.tr\/index.php\/wp-json\/wp\/v2\/product"}],"about":[{"href":"https:\/\/roveyayinevi.com.tr\/index.php\/wp-json\/wp\/v2\/types\/product"}],"wp:attachment":[{"href":"https:\/\/roveyayinevi.com.tr\/index.php\/wp-json\/wp\/v2\/media?parent=756783"}],"wp:term":[{"taxonomy":"product_brand","embeddable":true,"href":"https:\/\/roveyayinevi.com.tr\/index.php\/wp-json\/wp\/v2\/product_brand?post=756783"},{"taxonomy":"product_cat","embeddable":true,"href":"https:\/\/roveyayinevi.com.tr\/index.php\/wp-json\/wp\/v2\/product_cat?post=756783"},{"taxonomy":"product_tag","embeddable":true,"href":"https:\/\/roveyayinevi.com.tr\/index.php\/wp-json\/wp\/v2\/product_tag?post=756783"}],"curies":[{"name":"wp","href":"https:\/\/api.w.org\/{rel}","templated":true}]}}