{"id":756769,"date":"2025-08-28T07:16:34","date_gmt":"2025-08-28T04:16:34","guid":{"rendered":"https:\/\/roveyayinevi.com.tr\/index.php\/urun\/fizikte-dunyayi-sarsan-on-gun\/"},"modified":"2026-04-16T03:09:57","modified_gmt":"2026-04-16T00:09:57","slug":"fizikte-dunyayi-sarsan-on-gun","status":"publish","type":"product","link":"https:\/\/roveyayinevi.com.tr\/index.php\/urun\/fizikte-dunyayi-sarsan-on-gun\/","title":{"rendered":"Fizikte D\u00fcnyay\u0131 Sarsan On G\u00fcn"},"content":{"rendered":"<p>Termodinamikten \u0130nternet&#8217;e ya\u015fam\u0131m\u0131za en fazla etkisi olan bulu\u015flar. Fizik, d\u00fcnyan\u0131n nas\u0131l i\u015fledi\u011fini anlamam\u0131z\u0131 sa\u011flar fakat daha da \u00f6nemlisi, fizikteki b\u00fcy\u00fck bulu\u015flar g\u00fcnl\u00fck ya\u015fam\u0131 d\u00f6n\u00fc\u015ft\u00fcr\u00fcp de\u011fi\u015ftirmi\u015ftir. Bu bulu\u015flar\u0131n nas\u0131l yap\u0131ld\u0131\u011f\u0131n\u0131 \u00f6\u011frenmek, bunlar\u0131 yapanlar\u0131 daha yak\u0131ndan tan\u0131mak ve hayat\u0131m\u0131z\u0131 nas\u0131l etkiledi\u011fini g\u00f6rmek i\u00e7in tarihte on \u00f6zel g\u00fcne k\u0131sa bir yolculu\u011fa \u00e7\u0131k\u0131yoruz.Bu \u00f6zel se\u00e7kide on \u00f6zel bulu\u015fu yak\u0131ndan inceleyece\u011fiz. Fakat Stephen Hawking&#8217;in kara deliklerle ilgili \u00e7al\u0131\u015fmalar\u0131n\u0131 ya da Higgs bozonunun ke\u015ffini ve bunlar\u0131n g\u00fcnl\u00fck ya\u015famdaki etkileri yerine, nispeten daha az bilinen Rudolf Clausius\u2019in termodinamikle ilgili \u00e7al\u0131\u015fmalar\u0131na ve Heike Kamerlingh Onnes\u2019in s\u00fcperiletkenlik konusunda att\u0131\u011f\u0131 ad\u0131mlara yak\u0131ndan bakmak istedik, Albert Einstein\u2019\u0131 da n\u00fckleer fisyonu ele ald\u0131\u011f\u0131 k\u0131sa makalesi \u00fczerinden incelemeyi tercih ettik. Di\u011fer b\u00f6l\u00fcmlerde de transist\u00f6rler, LED&#8217;ler ve interneti mercek alt\u0131na ald\u0131k.Ve sonunda da bir sonraki yani on birinci g\u00fcn\u00fc size soruyoruz: Hen\u00fcz ger\u00e7ekle\u015fmemi\u015f en b\u00fcy\u00fck geli\u015fme ne olabilir? <\/p>\n","protected":false},"excerpt":{"rendered":"<p>Termodinamikten \u0130nternet&#8217;e ya\u015fam\u0131m\u0131za en fazla etkisi olan bulu\u015flar. Fizik, d\u00fcnyan\u0131n nas\u0131l i\u015fledi\u011fini anlamam\u0131z\u0131 sa\u011flar fakat daha da \u00f6nemlisi, fizikteki b\u00fcy\u00fck bulu\u015flar g\u00fcnl\u00fck ya\u015fam\u0131 d\u00f6n\u00fc\u015ft\u00fcr\u00fcp de\u011fi\u015ftirmi\u015ftir. Bu<span class=\"excerpt-hellip\"> [\u2026]<\/span><\/p>\n","protected":false},"featured_media":0,"template":"","meta":{"_monsterinsights_skip_tracking":false,"_monsterinsights_sitenote_active":false,"_monsterinsights_sitenote_note":"","_monsterinsights_sitenote_category":0},"product_brand":[],"product_cat":[13005,13006],"product_tag":[],"class_list":{"0":"post-756769","1":"product","2":"type-product","3":"status-publish","5":"product_cat-bilim-muhendislik","6":"product_cat-populer-bilim","7":"pa_cilt-ciltsiz","8":"pa_tur-kitap","9":"pa_yayinevi-orenda","10":"pa_yazar-brian-clegg","12":"first","13":"instock","14":"sale","15":"shipping-taxable","16":"purchasable","17":"product-type-simple"},"_links":{"self":[{"href":"https:\/\/roveyayinevi.com.tr\/index.php\/wp-json\/wp\/v2\/product\/756769","targetHints":{"allow":["GET"]}}],"collection":[{"href":"https:\/\/roveyayinevi.com.tr\/index.php\/wp-json\/wp\/v2\/product"}],"about":[{"href":"https:\/\/roveyayinevi.com.tr\/index.php\/wp-json\/wp\/v2\/types\/product"}],"wp:attachment":[{"href":"https:\/\/roveyayinevi.com.tr\/index.php\/wp-json\/wp\/v2\/media?parent=756769"}],"wp:term":[{"taxonomy":"product_brand","embeddable":true,"href":"https:\/\/roveyayinevi.com.tr\/index.php\/wp-json\/wp\/v2\/product_brand?post=756769"},{"taxonomy":"product_cat","embeddable":true,"href":"https:\/\/roveyayinevi.com.tr\/index.php\/wp-json\/wp\/v2\/product_cat?post=756769"},{"taxonomy":"product_tag","embeddable":true,"href":"https:\/\/roveyayinevi.com.tr\/index.php\/wp-json\/wp\/v2\/product_tag?post=756769"}],"curies":[{"name":"wp","href":"https:\/\/api.w.org\/{rel}","templated":true}]}}