{"id":756759,"date":"2025-08-28T07:16:17","date_gmt":"2025-08-28T04:16:17","guid":{"rendered":"https:\/\/roveyayinevi.com.tr\/index.php\/urun\/irfan-sofralari\/"},"modified":"2026-04-16T03:09:57","modified_gmt":"2026-04-16T00:09:57","slug":"irfan-sofralari","status":"publish","type":"product","link":"https:\/\/roveyayinevi.com.tr\/index.php\/urun\/irfan-sofralari\/","title":{"rendered":"\u0130rfan Sofralar\u0131"},"content":{"rendered":"<p>17. asr\u0131n en b\u00fcy\u00fck s\u00fbf\u00ee \u015fairlerinden olan Niy\u00e2z\u00ee-i M\u0131sr\u00ee\u2019nin Mev\u00e2id\u00fc\u2019l-irf\u00e2n\u2019\u0131 (\u0130rfan Sofralar\u0131) onun \u015fair y\u00f6n\u00fcn\u00fc besleyen kaynaklar\u0131n, takip etti\u011fi tasavvuf\u00ee anlay\u0131\u015f\u0131n, ya\u015fad\u0131\u011f\u0131 d\u00f6nemdeki sosyal ve siyasal ili\u015fkilerin tespiti i\u00e7in m\u00fcstesna bir eserdir. Nispeten otobiyografik tarzda kaleme al\u0131nan \u00e7al\u0131\u015fma, Niy\u00e2z\u00ee-i M\u0131sr\u00ee\u2019nin \u00e7ocukluk hayat\u0131ndan s\u00fcrg\u00fcndeki y\u0131llar\u0131na de\u011fin ya\u015fad\u0131\u011f\u0131 bir\u00e7ok anekdotu i\u00e7inde bar\u0131nd\u0131r\u0131r. B\u00f6ylece onun m\u00fcritlikten \u015feyhli\u011fe, \u00fcmm\u00eelikten \u015fairli\u011fe ge\u00e7i\u015f s\u00fcreci ve d\u00fc\u015f\u00fcnce yap\u0131s\u0131ndaki de\u011fi\u015fim izleri takip edilebilmektedir. Zira eserde kaleme al\u0131nan ilk sofralar ile son sofralar mukayese edildi\u011finde neredeyse iki farkl\u0131 Niy\u00e2z\u00ee-i M\u0131sr\u00ee profili ile kar\u015f\u0131la\u015fmak m\u00fcmk\u00fcnd\u00fcr. Niy\u00e2z\u00ee-i M\u0131sr\u00ee\u2019nin \u0130bn\u00fc\u2019l-Arab\u00ee ve Sadreddin Konev\u00ee\u2019nin izinden giderek Ekber\u00ee gelene\u011fi s\u00fcrd\u00fcrd\u00fc\u011f\u00fc g\u00f6r\u00fclmektedir. Nitekim kitab\u0131n b\u00fcy\u00fck \u00e7o\u011funlu\u011fu cem, fark, cemin cemi, vahdet-i v\u00fcc\u00fbd, ul\u00fbhiyet mertebesindeki felekler ve k\u00fcll\u00ee devrelerin s\u00fbretleri, ur\u00fbc-n\u00fcz\u00fbl nazariyesi, vahdet-kesret ili\u015fkisi gibi bahislerin ele al\u0131nmas\u0131ndan m\u00fcte\u015fekkildir. Ayn\u0131 zamanda Halvetiyye tarikat\u0131n\u0131n Ahmediyye kolunun M\u0131sriyye \u015fubesinin kurucusu olan M\u0131sr\u00ee, tasavvufun nazar\u00ee boyutuyla i\u015ftigal eden bir tarikat \u015feyhi olmas\u0131 hasebiyle \u201ctarikatlar\u0131n tasavvuf ilminin nazar\u00ee y\u00f6n\u00fcn\u00fcn gerilemesine sebebiyet verdi\u011fi\u201d y\u00f6n\u00fcndeki ele\u015ftirilere de cevap niteli\u011fi ta\u015f\u0131r. <\/p>\n","protected":false},"excerpt":{"rendered":"<p>17. asr\u0131n en b\u00fcy\u00fck s\u00fbf\u00ee \u015fairlerinden olan Niy\u00e2z\u00ee-i M\u0131sr\u00ee\u2019nin Mev\u00e2id\u00fc\u2019l-irf\u00e2n\u2019\u0131 (\u0130rfan Sofralar\u0131) onun \u015fair y\u00f6n\u00fcn\u00fc besleyen kaynaklar\u0131n, takip etti\u011fi tasavvuf\u00ee anlay\u0131\u015f\u0131n, ya\u015fad\u0131\u011f\u0131 d\u00f6nemdeki sosyal ve siyasal<span class=\"excerpt-hellip\"> [\u2026]<\/span><\/p>\n","protected":false},"featured_media":0,"template":"","meta":{"_monsterinsights_skip_tracking":false,"_monsterinsights_sitenote_active":false,"_monsterinsights_sitenote_note":"","_monsterinsights_sitenote_category":0},"product_brand":[],"product_cat":[13036,12718,12719],"product_tag":[],"class_list":{"0":"post-756759","1":"product","2":"type-product","3":"status-publish","5":"product_cat-arastirma-inceleme-islam","6":"product_cat-din","7":"product_cat-islam","8":"pa_cilt-ciltsiz","9":"pa_tur-kitap","10":"pa_yayinevi-fikriyat-yayinlari","11":"pa_yazar-niyazi-misri","13":"first","14":"instock","15":"sale","16":"shipping-taxable","17":"purchasable","18":"product-type-simple"},"_links":{"self":[{"href":"https:\/\/roveyayinevi.com.tr\/index.php\/wp-json\/wp\/v2\/product\/756759","targetHints":{"allow":["GET"]}}],"collection":[{"href":"https:\/\/roveyayinevi.com.tr\/index.php\/wp-json\/wp\/v2\/product"}],"about":[{"href":"https:\/\/roveyayinevi.com.tr\/index.php\/wp-json\/wp\/v2\/types\/product"}],"wp:attachment":[{"href":"https:\/\/roveyayinevi.com.tr\/index.php\/wp-json\/wp\/v2\/media?parent=756759"}],"wp:term":[{"taxonomy":"product_brand","embeddable":true,"href":"https:\/\/roveyayinevi.com.tr\/index.php\/wp-json\/wp\/v2\/product_brand?post=756759"},{"taxonomy":"product_cat","embeddable":true,"href":"https:\/\/roveyayinevi.com.tr\/index.php\/wp-json\/wp\/v2\/product_cat?post=756759"},{"taxonomy":"product_tag","embeddable":true,"href":"https:\/\/roveyayinevi.com.tr\/index.php\/wp-json\/wp\/v2\/product_tag?post=756759"}],"curies":[{"name":"wp","href":"https:\/\/api.w.org\/{rel}","templated":true}]}}