{"id":756756,"date":"2025-08-28T07:16:13","date_gmt":"2025-08-28T04:16:13","guid":{"rendered":"https:\/\/roveyayinevi.com.tr\/index.php\/urun\/klasik-kelamda-buyuk-tartisma-allahi-gormek-mumkun-mu\/"},"modified":"2026-04-16T03:09:57","modified_gmt":"2026-04-16T00:09:57","slug":"klasik-kelamda-buyuk-tartisma-allahi-gormek-mumkun-mu","status":"publish","type":"product","link":"https:\/\/roveyayinevi.com.tr\/index.php\/urun\/klasik-kelamda-buyuk-tartisma-allahi-gormek-mumkun-mu\/","title":{"rendered":"Klasik Kelamda B\u00fcy\u00fck Tart\u0131\u015fma: Allah\u2019\u0131 G\u00f6rmek M\u00fcmk\u00fcn M\u00fc?"},"content":{"rendered":"<p>Kel\u00e2m tarihinde ekoller aras\u0131nda yap\u0131lan en \u00f6nemli tart\u0131\u015fmalardan biri de Allah\u2019\u0131n ahirette m\u00fcminler taraf\u0131ndan g\u00f6zle g\u00f6r\u00fclmesi anlam\u0131na gelen r\u00fc\u2019yetullaht\u0131r. Ehl-i s\u00fcnnet ve Mu\u2019tezile aras\u0131nda ilk d\u00f6nemden itibaren konu edilen bu hususta, ilerleyen zamanlarda m\u00fcstakil eserler de yaz\u0131lm\u0131\u015f, mevzu, akl\u00ee ve nakl\u00ee deliller etraf\u0131nda incelenmeye devam etmi\u015ftir. Bu ama\u00e7la yaz\u0131lan \u00f6nemli eserlerden biri de Osmanl\u0131 \u00e2limi Hatibz\u00e2de Muhyiddin (\u00f6. 901\/1496) taraf\u0131ndan kaleme al\u0131nan Ris\u00e2le f\u00ee meb\u00e2hisi\u2019l-kel\u00e2m ve\u2019r-r\u00fc\u2019ye\u2019dir. II. Bayezid\u2019e ithaf edilen risalenin ilk b\u00f6l\u00fcm\u00fcnde kel\u00e2m s\u0131fat\u0131 etraf\u0131ndaki tart\u0131\u015fmalara yer verilirken, akabinde ise r\u00fc\u2019yetullah, bu literat\u00fcr\u00fcn \u00f6zel bir halkas\u0131 olacak bi\u00e7imde m\u00fczakere edilmektedir. Bu \u00e7er\u00e7evede eserin kel\u00e2m k\u0131sm\u0131nda Allah\u2019\u0131n konu\u015fan olmas\u0131n\u0131n mahiyeti, kel\u00e2m\u00ee nefs\u00ee tart\u0131\u015fmalar\u0131 ile O\u2019na yalan s\u00f6z nispet etmenin imk\u00e2ns\u0131zl\u0131\u011f\u0131 konular\u0131 ele al\u0131n\u0131rken, r\u00fc\u2019yet k\u0131sm\u0131nda ise g\u00f6rmenin imk\u00e2n\u0131, ger\u00e7ekle\u015fmesi, bunun akl\u00ee ve nakl\u00ee delilleri ile muhaliflerin itirazlar\u0131na y\u00f6nelik ele\u015ftiriler \u00fczerinde durulmaktad\u0131r. <\/p>\n","protected":false},"excerpt":{"rendered":"<p>Kel\u00e2m tarihinde ekoller aras\u0131nda yap\u0131lan en \u00f6nemli tart\u0131\u015fmalardan biri de Allah\u2019\u0131n ahirette m\u00fcminler taraf\u0131ndan g\u00f6zle g\u00f6r\u00fclmesi anlam\u0131na gelen r\u00fc\u2019yetullaht\u0131r. Ehl-i s\u00fcnnet ve Mu\u2019tezile aras\u0131nda ilk d\u00f6nemden<span class=\"excerpt-hellip\"> [\u2026]<\/span><\/p>\n","protected":false},"featured_media":0,"template":"","meta":{"_monsterinsights_skip_tracking":false,"_monsterinsights_sitenote_active":false,"_monsterinsights_sitenote_note":"","_monsterinsights_sitenote_category":0},"product_brand":[],"product_cat":[13036,12718,12719],"product_tag":[],"class_list":{"0":"post-756756","1":"product","2":"type-product","3":"status-publish","5":"product_cat-arastirma-inceleme-islam","6":"product_cat-din","7":"product_cat-islam","8":"pa_cilt-ciltsiz","9":"pa_tur-kitap","10":"pa_yayinevi-fikriyat-yayinlari","11":"pa_yazar-hatibzade-muhyiddin","13":"first","14":"instock","15":"sale","16":"shipping-taxable","17":"purchasable","18":"product-type-simple"},"_links":{"self":[{"href":"https:\/\/roveyayinevi.com.tr\/index.php\/wp-json\/wp\/v2\/product\/756756","targetHints":{"allow":["GET"]}}],"collection":[{"href":"https:\/\/roveyayinevi.com.tr\/index.php\/wp-json\/wp\/v2\/product"}],"about":[{"href":"https:\/\/roveyayinevi.com.tr\/index.php\/wp-json\/wp\/v2\/types\/product"}],"wp:attachment":[{"href":"https:\/\/roveyayinevi.com.tr\/index.php\/wp-json\/wp\/v2\/media?parent=756756"}],"wp:term":[{"taxonomy":"product_brand","embeddable":true,"href":"https:\/\/roveyayinevi.com.tr\/index.php\/wp-json\/wp\/v2\/product_brand?post=756756"},{"taxonomy":"product_cat","embeddable":true,"href":"https:\/\/roveyayinevi.com.tr\/index.php\/wp-json\/wp\/v2\/product_cat?post=756756"},{"taxonomy":"product_tag","embeddable":true,"href":"https:\/\/roveyayinevi.com.tr\/index.php\/wp-json\/wp\/v2\/product_tag?post=756756"}],"curies":[{"name":"wp","href":"https:\/\/api.w.org\/{rel}","templated":true}]}}