{"id":756755,"date":"2025-08-28T07:16:12","date_gmt":"2025-08-28T04:16:12","guid":{"rendered":"https:\/\/roveyayinevi.com.tr\/index.php\/urun\/gercekten-bilmeniz-gereken-50-fikir-seti-7-kitap\/"},"modified":"2026-04-16T03:09:57","modified_gmt":"2026-04-16T00:09:57","slug":"gercekten-bilmeniz-gereken-50-fikir-seti-7-kitap","status":"publish","type":"product","link":"https:\/\/roveyayinevi.com.tr\/index.php\/urun\/gercekten-bilmeniz-gereken-50-fikir-seti-7-kitap\/","title":{"rendered":"Ger\u00e7ekten Bilmeniz Gereken 50 Fikir Seti (7 Kitap)"},"content":{"rendered":"<p>T\u00dcM D\u00dcNYADA B\u0130R M\u0130LYONDAN FAZLA SATAN SER\u0130DENArt\u0131k okuldayken matematikte ne kadar k\u00f6t\u00fc oldu\u011funuzdan matah bir \u015feymi\u015f gibi bahsetmekten s\u0131k\u0131ld\u0131ysan\u0131z, Ger\u00e7ekten Bilmeniz Gereken 50 Matematik Fikri b\u00fcy\u00fcleyici bir evrene giri\u015f i\u00e7in harika bir f\u0131rsat. Profes\u00f6r Tony Crilly, Roma rakamlar\u0131ndan Fermat\u2019n\u0131n son teoremine; Oyun kuram\u0131ndan sihirli karelere uzan\u0131yor; sudoku, \u015fifre k\u0131rma, piyango ya da bile\u015fik faiz hesab\u0131n\u0131n arkas\u0131ndaki temel mant\u0131\u011f\u0131 anlat\u0131yor; kalk\u00fcl\u00fcs, istatistik ve cebirin \u2013olur da istersek\u2013 ger\u00e7ek hayatta nas\u0131l i\u015fimize yarayabildi\u011fini ortaya koyuyor. Matematik bundan daha keyifli olmam\u0131\u015ft\u0131&#8230;Ger\u00e7ekten Bilmeniz Gereken 50 Felsefe Fikri anlat\u0131m dilinden tasar\u0131m\u0131na kadar kolay anla\u015f\u0131labilir olmay\u0131 hedeflemi\u015f, okuru dolamba\u00e7l\u0131 yollarda yaln\u0131z b\u0131rakmayan ideal bir felsefeye giri\u015f kitab\u0131. Felsefenin oda\u011f\u0131nda olmu\u015f bilgi, bilin\u00e7, kimlik, etik, hukuk ve estetik gibi kavramlar hakk\u0131ndaki tart\u0131\u015fmalar\u0131; kavanozdaki beyin problemi, Platon\u2019un ma\u011faras\u0131, berber paradoksu, \u00fcnl\u00fc \u201cd\u00fc\u015f\u00fcn\u00fcyorum \u00f6yleyse var\u0131m\u201d \u00f6nermesi ve tutuklu ikilemi gibi keyifli ve zihin a\u00e7\u0131c\u0131 ba\u015fl\u0131klar \u00fczerinden okurla payla\u015f\u0131yor. \u00d6nyarg\u0131lar\u0131n\u0131 k\u0131r\u0131p adab\u0131yla felsefe yapmak isteyen herkes i\u00e7in hayli faydal\u0131 bir kitap.Ger\u00e7ekten Bilmeniz Gereken 50 Sanat Fikri, R\u00f6nesans, klasik Yunan ve eski M\u0131s\u0131r gibi ana sanat d\u00f6nemlerinin yan\u0131 s\u0131ra romantizm, minimalizm, s\u00fcrrealizm ve pop art gibi \u00f6nde gelen hareketleri \u00f6nemli temsilcilerinin eserlerinden \u00f6rneklerle sunan, ideal bir sanat tarihine giri\u015f kitab\u0131. T\u00fcm d\u00fcnyada bir milyon adedin \u00fcst\u00fcnde satan Ger\u00e7ekten Bilmeniz Gereken 50 Fikir serisine ait bu kitap, Degas ile Monet ya da Dali ile Duchamp aras\u0131ndaki fark\u0131 ay\u0131rt edemeyenleri \u2013yaln\u0131z de\u011filsiniz!\u2013 tarih \u00f6ncesinden bug\u00fcne yarat\u0131c\u0131l\u0131k, emek ve isyanla dolu bir yolculu\u011fa \u00e7\u0131kar\u0131yor.Ger\u00e7ekten Bilmeniz Gereken 50 Psikoloji Fikri, anlat\u0131m dilinden tasar\u0131m\u0131na kadar kolay anla\u015f\u0131l\u0131r olmay\u0131 hedeflemi\u015f, \u015fahane bir psikolojiye giri\u015f kitab\u0131. Duygu, d\u00fc\u015f\u00fcnce ve davran\u0131\u015flar\u0131m\u0131z\u0131n k\u00f6kenine dair biliminsanlar\u0131n\u0131n yapt\u0131\u011f\u0131 ke\u015fifleri, sonu\u00e7lar\u0131na inanmakta zorluk \u00e7ekece\u011fimiz deneyleri ve \u201cneden itaat ederiz?\u201d gibi m\u00fchim sorular\u0131n cevaplar\u0131n\u0131 (s.97, l\u00fctfen hemen \u015fimdi bir g\u00f6z at\u0131n) payla\u015f\u0131yor. \u0130nsan\u0131 \u2013\u00f6ncelikle de kendini\u2013 tan\u0131mak isteyen herkes i\u00e7in g\u00fczel bir rehber.Ger\u00e7ekten Bilmeniz Gereken 50 Fizik Fikri, bizi \u00e7evreleyen fizik prensiplerini m\u00fcmk\u00fcn olan en anla\u015f\u0131l\u0131r dil ve sunumla ortaya koyuyor. K\u00fctle\u00e7ekim, \u0131\u015f\u0131k, enerji gibi temel kavramlardan ba\u015flay\u0131p kuantum, kaos, karanl\u0131k enerji, Tanr\u0131 Par\u00e7ac\u0131\u011f\u0131 gibi bilimsel aray\u0131\u015f\u0131n parlak fikirleriyle dolu bir evrene yol al\u0131yor. \u00dcnl\u00fc fizik\u00e7ilerin ya\u015fam\u0131na dair k\u0131sa bilgiler, bulu\u015flar\u0131 o g\u00fcn\u00fcn \u015fartlar\u0131yla g\u00f6rmemizi sa\u011flayacak zaman \u00e7izelgeleri ve a\u00e7\u0131klay\u0131c\u0131 ill\u00fcstrasyonlar\u0131yla bu kitap fizi\u011fin temelini anlamak i\u00e7in e\u015fsiz bir rehber.Ger\u00e7ekten Bilmeniz Gereken 50 Mimarl\u0131k Fikri, M\u0131s\u0131r piramitlerinden Guggenheim M\u00fczesi\u2019ne, baroktan g\u00fcn\u00fcm\u00fcz\u00fcn ye\u015fil binalar\u0131na, mimarl\u0131k tarihindeki b\u00fcy\u00fck fikirler, g\u00f6z al\u0131c\u0131 ba\u015far\u0131lar ve bunlar\u0131n ard\u0131ndaki yarat\u0131c\u0131 zihinlerle tan\u0131\u015ft\u0131r\u0131yor bizleri.Ger\u00e7ekten Bilmeniz Gereken 50 Ekonomi Fikri, Adam Smith\u2019in \u201cg\u00f6r\u00fcnmez el\u201di ve arz talep kanunu gibi temel doktrinlerden servet ile mutluluk aras\u0131ndaki ili\u015fkiyi sorgulayan son d\u00f6nem ara\u015ft\u0131rmalar\u0131na, Keynes\u2019in 20. y\u00fczy\u0131l\u0131n ak\u0131betini de\u011fi\u015ftiren \u201cGenel Teori\u201dsinden irrasyonel do\u011fam\u0131z\u0131 hesaba katmak i\u00e7in ekonomi ile psikolojiyi birle\u015ftiren davran\u0131\u015fsal iktisada ve hatta gelecekte belirleyici olacak alternatif ekonomi ak\u0131mlar\u0131na kadar uzan\u0131yor. Bize ekonomideki g\u00fc\u00e7 dengelerini, bankalar\u0131n i\u015fleyi\u015fini, d\u00fcnyan\u0131n uzak bir k\u00f6\u015fesinde belirip sofram\u0131za kadar giren finansal krizleri, neden futbolcular\u0131n bu kadar \u00e7ok kazand\u0131\u011f\u0131n\u0131, piyasan\u0131n \u201cay\u0131\u201d ve \u201cbo\u011fa\u201dlar\u0131n\u0131, yarat\u0131c\u0131 y\u0131k\u0131m\u0131, k\u00fcreselle\u015fmeyi, e\u015fitsizli\u011fi, toplu piyasa hezeyanlar\u0131n\u0131 ve bitmeyen emeklilik ya\u015f\u0131 pazarl\u0131klar\u0131n\u0131 anlamam\u0131z\u0131 sa\u011flayacak alet \u00e7antas\u0131n\u0131 sunuyor.<\/p>\n","protected":false},"excerpt":{"rendered":"<p>T\u00dcM D\u00dcNYADA B\u0130R M\u0130LYONDAN FAZLA SATAN SER\u0130DENArt\u0131k okuldayken matematikte ne kadar k\u00f6t\u00fc oldu\u011funuzdan matah bir \u015feymi\u015f gibi bahsetmekten s\u0131k\u0131ld\u0131ysan\u0131z, Ger\u00e7ekten Bilmeniz Gereken 50 Matematik Fikri b\u00fcy\u00fcleyici<span class=\"excerpt-hellip\"> [\u2026]<\/span><\/p>\n","protected":false},"featured_media":0,"template":"","meta":{"_monsterinsights_skip_tracking":false,"_monsterinsights_sitenote_active":false,"_monsterinsights_sitenote_note":"","_monsterinsights_sitenote_category":0},"product_brand":[],"product_cat":[12364,16266],"product_tag":[],"class_list":{"0":"post-756755","1":"product","2":"type-product","3":"status-publish","5":"product_cat-genel-konular","6":"product_cat-referans-kaynak-kitap","7":"pa_cilt-ciltli","8":"pa_tur-kitap","9":"pa_yayinevi-domingo-yayinevi","10":"pa_yazar-kolektif","12":"first","13":"instock","14":"sale","15":"shipping-taxable","16":"purchasable","17":"product-type-simple"},"_links":{"self":[{"href":"https:\/\/roveyayinevi.com.tr\/index.php\/wp-json\/wp\/v2\/product\/756755","targetHints":{"allow":["GET"]}}],"collection":[{"href":"https:\/\/roveyayinevi.com.tr\/index.php\/wp-json\/wp\/v2\/product"}],"about":[{"href":"https:\/\/roveyayinevi.com.tr\/index.php\/wp-json\/wp\/v2\/types\/product"}],"wp:attachment":[{"href":"https:\/\/roveyayinevi.com.tr\/index.php\/wp-json\/wp\/v2\/media?parent=756755"}],"wp:term":[{"taxonomy":"product_brand","embeddable":true,"href":"https:\/\/roveyayinevi.com.tr\/index.php\/wp-json\/wp\/v2\/product_brand?post=756755"},{"taxonomy":"product_cat","embeddable":true,"href":"https:\/\/roveyayinevi.com.tr\/index.php\/wp-json\/wp\/v2\/product_cat?post=756755"},{"taxonomy":"product_tag","embeddable":true,"href":"https:\/\/roveyayinevi.com.tr\/index.php\/wp-json\/wp\/v2\/product_tag?post=756755"}],"curies":[{"name":"wp","href":"https:\/\/api.w.org\/{rel}","templated":true}]}}