{"id":756744,"date":"2025-08-28T07:15:58","date_gmt":"2025-08-28T04:15:58","guid":{"rendered":"https:\/\/roveyayinevi.com.tr\/index.php\/urun\/demiryolu-ve-trenler-dunyayi-ogreniyorum\/"},"modified":"2026-04-16T03:09:56","modified_gmt":"2026-04-16T00:09:56","slug":"demiryolu-ve-trenler-dunyayi-ogreniyorum","status":"publish","type":"product","link":"https:\/\/roveyayinevi.com.tr\/index.php\/urun\/demiryolu-ve-trenler-dunyayi-ogreniyorum\/","title":{"rendered":"Demiryolu ve Trenler D\u00fcnyay\u0131 \u00d6\u011freniyorum"},"content":{"rendered":"<p>\u2022 H\u0131zl\u0131 tren ne kadar h\u0131zl\u0131 gider? \u2022 Makas nedir? \u2022 Demiryollar\u0131nda hangi meslekler vard\u0131r? \u2022 Trenlerin trafik \u0131\u015f\u0131klar\u0131 ne anlama gelir? \u2022 Bir y\u00fck treni nas\u0131l y\u00fcklenir? Trenler, raylar ve tren garlar\u0131yla ilgili ilgin\u00e7 bilgileri bu kitapta bulabilirsin. <\/p>\n","protected":false},"excerpt":{"rendered":"<p>\u2022 H\u0131zl\u0131 tren ne kadar h\u0131zl\u0131 gider? \u2022 Makas nedir? \u2022 Demiryollar\u0131nda hangi meslekler vard\u0131r? \u2022 Trenlerin trafik \u0131\u015f\u0131klar\u0131 ne anlama gelir? \u2022 Bir y\u00fck treni<span class=\"excerpt-hellip\"> [\u2026]<\/span><\/p>\n","protected":false},"featured_media":0,"template":"","meta":{"_monsterinsights_skip_tracking":false,"_monsterinsights_sitenote_active":false,"_monsterinsights_sitenote_note":"","_monsterinsights_sitenote_category":0},"product_brand":[],"product_cat":[12274,12284],"product_tag":[],"class_list":{"0":"post-756744","1":"product","2":"type-product","3":"status-publish","5":"product_cat-cocuk-ve-genclik-kitaplari","6":"product_cat-hikayeler","7":"pa_cilt-ciltsiz","8":"pa_tur-kitap","9":"pa_yayinevi-is-bankasi-kultur-yayinlari","10":"pa_yazar-steffi-korda","12":"first","13":"instock","14":"sale","15":"shipping-taxable","16":"purchasable","17":"product-type-simple"},"_links":{"self":[{"href":"https:\/\/roveyayinevi.com.tr\/index.php\/wp-json\/wp\/v2\/product\/756744","targetHints":{"allow":["GET"]}}],"collection":[{"href":"https:\/\/roveyayinevi.com.tr\/index.php\/wp-json\/wp\/v2\/product"}],"about":[{"href":"https:\/\/roveyayinevi.com.tr\/index.php\/wp-json\/wp\/v2\/types\/product"}],"wp:attachment":[{"href":"https:\/\/roveyayinevi.com.tr\/index.php\/wp-json\/wp\/v2\/media?parent=756744"}],"wp:term":[{"taxonomy":"product_brand","embeddable":true,"href":"https:\/\/roveyayinevi.com.tr\/index.php\/wp-json\/wp\/v2\/product_brand?post=756744"},{"taxonomy":"product_cat","embeddable":true,"href":"https:\/\/roveyayinevi.com.tr\/index.php\/wp-json\/wp\/v2\/product_cat?post=756744"},{"taxonomy":"product_tag","embeddable":true,"href":"https:\/\/roveyayinevi.com.tr\/index.php\/wp-json\/wp\/v2\/product_tag?post=756744"}],"curies":[{"name":"wp","href":"https:\/\/api.w.org\/{rel}","templated":true}]}}