{"id":756701,"date":"2025-08-28T07:14:57","date_gmt":"2025-08-28T04:14:57","guid":{"rendered":"https:\/\/roveyayinevi.com.tr\/index.php\/urun\/kendinizin-dostu-olun\/"},"modified":"2026-04-16T03:09:55","modified_gmt":"2026-04-16T00:09:55","slug":"kendinizin-dostu-olun","status":"publish","type":"product","link":"https:\/\/roveyayinevi.com.tr\/index.php\/urun\/kendinizin-dostu-olun\/","title":{"rendered":"Kendinizin Dostu Olun"},"content":{"rendered":"<p>Hi\u00e7 vicdan azab\u0131, su\u00e7luluk ya da yetersizlik gibi duygular hissetti\u011finiz oluyor mu? Bu duygular, insanlar\u0131n zaman zaman deneyimledi\u011fi karma\u015f\u0131k duygulardand\u0131r. Kimi zaman birini incittikten sonra veya ba\u015fkalar\u0131n\u0131n zor durumlar\u0131n\u0131 g\u00f6rd\u00fc\u011f\u00fcm\u00fczde vicdan azab\u0131 \u00e7ekebiliriz. Hi\u00e7 elimizde olmayan nedenlerle birine \u201chay\u0131r\u201d diyebilmek bile bize su\u00e7lu hissettirebilir. Birine yard\u0131m edemedi\u011fimizde ya da bazen daha iyi olabilmemiz i\u00e7in ald\u0131\u011f\u0131m\u0131z geribildirimlerden sonra dahi yetersiz hissedebiliriz. Bu g\u00fc\u00e7l\u00fc duygular bazen bizi y\u00f6nlendirirken bazen de gere\u011finden fazla bask\u0131 yapabilir. Kendinizin Dostu Olun, vicdan azab\u0131n\u0131 anlaman\u0131za ve \u00fczerinizde gereksiz y\u00fck olu\u015fturan k\u0131s\u0131mlar\u0131ndan kurtulman\u0131za yard\u0131mc\u0131 olabilecek ara\u00e7lar sunuyor. Ki\u015fisel davran\u0131\u015f kurallar\u0131n\u0131z\u0131 daha az su\u00e7lu hissedecek \u015fekilde nas\u0131l ayarlayaca\u011f\u0131n\u0131z\u0131, ba\u015fkas\u0131na ait olan su\u00e7luluk duygusundan nas\u0131l kurtulaca\u011f\u0131n\u0131z\u0131 ve size ait olan su\u00e7luluk duygusunun sorumlulu\u011funu nas\u0131l alaca\u011f\u0131n\u0131z\u0131 ve gerekti\u011finde geri kalan\u0131n\u0131 ba\u015fkalar\u0131yla nas\u0131l payla\u015faca\u011f\u0131n\u0131z\u0131 da g\u00f6steriyor. \u00d6zellikle kendinizi affetme konusunda harika bir rehber!<\/p>\n","protected":false},"excerpt":{"rendered":"<p>Hi\u00e7 vicdan azab\u0131, su\u00e7luluk ya da yetersizlik gibi duygular hissetti\u011finiz oluyor mu? Bu duygular, insanlar\u0131n zaman zaman deneyimledi\u011fi karma\u015f\u0131k duygulardand\u0131r. Kimi zaman birini incittikten sonra veya<span class=\"excerpt-hellip\"> [\u2026]<\/span><\/p>\n","protected":false},"featured_media":0,"template":"","meta":{"_monsterinsights_skip_tracking":false,"_monsterinsights_sitenote_active":false,"_monsterinsights_sitenote_note":"","_monsterinsights_sitenote_category":0},"product_brand":[],"product_cat":[12358,12357],"product_tag":[],"class_list":{"0":"post-756701","1":"product","2":"type-product","3":"status-publish","5":"product_cat-genel-psikoloji","6":"product_cat-psikoloji","7":"pa_cilt-ciltsiz","8":"pa_tur-kitap","9":"pa_yayinevi-sola-unitas","10":"pa_yazar-ilse-sand","12":"first","13":"instock","14":"sale","15":"shipping-taxable","16":"purchasable","17":"product-type-simple"},"_links":{"self":[{"href":"https:\/\/roveyayinevi.com.tr\/index.php\/wp-json\/wp\/v2\/product\/756701","targetHints":{"allow":["GET"]}}],"collection":[{"href":"https:\/\/roveyayinevi.com.tr\/index.php\/wp-json\/wp\/v2\/product"}],"about":[{"href":"https:\/\/roveyayinevi.com.tr\/index.php\/wp-json\/wp\/v2\/types\/product"}],"wp:attachment":[{"href":"https:\/\/roveyayinevi.com.tr\/index.php\/wp-json\/wp\/v2\/media?parent=756701"}],"wp:term":[{"taxonomy":"product_brand","embeddable":true,"href":"https:\/\/roveyayinevi.com.tr\/index.php\/wp-json\/wp\/v2\/product_brand?post=756701"},{"taxonomy":"product_cat","embeddable":true,"href":"https:\/\/roveyayinevi.com.tr\/index.php\/wp-json\/wp\/v2\/product_cat?post=756701"},{"taxonomy":"product_tag","embeddable":true,"href":"https:\/\/roveyayinevi.com.tr\/index.php\/wp-json\/wp\/v2\/product_tag?post=756701"}],"curies":[{"name":"wp","href":"https:\/\/api.w.org\/{rel}","templated":true}]}}