{"id":756699,"date":"2025-08-28T07:14:55","date_gmt":"2025-08-28T04:14:55","guid":{"rendered":"https:\/\/roveyayinevi.com.tr\/index.php\/urun\/2025-tyt-turkce-matematik-brans-deneme-sinavi-seti-6-fasikul-38-deneme\/"},"modified":"2026-04-16T03:09:55","modified_gmt":"2026-04-16T00:09:55","slug":"2025-tyt-turkce-matematik-brans-deneme-sinavi-seti-6-fasikul-38-deneme","status":"publish","type":"product","link":"https:\/\/roveyayinevi.com.tr\/index.php\/urun\/2025-tyt-turkce-matematik-brans-deneme-sinavi-seti-6-fasikul-38-deneme\/","title":{"rendered":"2025 TYT T\u00fcrk\u00e7e &#8211; Matematik Bran\u015f Deneme S\u0131nav\u0131 Seti 6 Fasik\u00fcl 38 Deneme"},"content":{"rendered":"<p>2024 TYT T\u00fcrk\u00e7e &#8211; Matematik Bran\u015f Deneme S\u0131nav\u0131 Seti 6 Fasik\u00fcl 38 Deneme<\/p>\n","protected":false},"excerpt":{"rendered":"<p>2024 TYT T\u00fcrk\u00e7e &#8211; Matematik Bran\u015f Deneme S\u0131nav\u0131 Seti 6 Fasik\u00fcl 38 Deneme<\/p>\n","protected":false},"featured_media":0,"template":"","meta":{"_monsterinsights_skip_tracking":false,"_monsterinsights_sitenote_active":false,"_monsterinsights_sitenote_note":"","_monsterinsights_sitenote_category":0},"product_brand":[],"product_cat":[12566,13473,70247,51999,51998],"product_tag":[],"class_list":{"0":"post-756699","1":"product","2":"type-product","3":"status-publish","5":"product_cat-egitim","6":"product_cat-sinavlara-hazirlik-okula-yardimci-kaynaklar","7":"product_cat-tyt-denemeler","8":"product_cat-tyt-kitaplari","9":"product_cat-yks-kitaplari","10":"pa_cilt-ciltsiz","11":"pa_tur-kitap","12":"pa_yayinevi-marka-yayinlari","13":"pa_yazar-marka-komisyon","15":"first","16":"instock","17":"sale","18":"shipping-taxable","19":"purchasable","20":"product-type-simple"},"_links":{"self":[{"href":"https:\/\/roveyayinevi.com.tr\/index.php\/wp-json\/wp\/v2\/product\/756699","targetHints":{"allow":["GET"]}}],"collection":[{"href":"https:\/\/roveyayinevi.com.tr\/index.php\/wp-json\/wp\/v2\/product"}],"about":[{"href":"https:\/\/roveyayinevi.com.tr\/index.php\/wp-json\/wp\/v2\/types\/product"}],"wp:attachment":[{"href":"https:\/\/roveyayinevi.com.tr\/index.php\/wp-json\/wp\/v2\/media?parent=756699"}],"wp:term":[{"taxonomy":"product_brand","embeddable":true,"href":"https:\/\/roveyayinevi.com.tr\/index.php\/wp-json\/wp\/v2\/product_brand?post=756699"},{"taxonomy":"product_cat","embeddable":true,"href":"https:\/\/roveyayinevi.com.tr\/index.php\/wp-json\/wp\/v2\/product_cat?post=756699"},{"taxonomy":"product_tag","embeddable":true,"href":"https:\/\/roveyayinevi.com.tr\/index.php\/wp-json\/wp\/v2\/product_tag?post=756699"}],"curies":[{"name":"wp","href":"https:\/\/api.w.org\/{rel}","templated":true}]}}