{"id":756686,"date":"2025-08-28T07:14:37","date_gmt":"2025-08-28T04:14:37","guid":{"rendered":"https:\/\/roveyayinevi.com.tr\/index.php\/urun\/insanlik-hakikat-gunesini-ariyor-adalet-sevdam-benim\/"},"modified":"2026-04-16T03:09:55","modified_gmt":"2026-04-16T00:09:55","slug":"insanlik-hakikat-gunesini-ariyor-adalet-sevdam-benim","status":"publish","type":"product","link":"https:\/\/roveyayinevi.com.tr\/index.php\/urun\/insanlik-hakikat-gunesini-ariyor-adalet-sevdam-benim\/","title":{"rendered":"&#8220;\u0130nsanl\u0131k, Hakikat G\u00fcne\u015fini Ar\u0131yor&#8221; Adalet Sevdam Benim"},"content":{"rendered":"<p>Adaletin ikliminde ya\u015famak ve onun bilin\u00e7 atmosferinde huzur bulmak i\u00e7in, elbette ki hukuk\u00e7u olmak gerekmiyor. Di\u011fer bilim ve sanatlarla b\u00fct\u00fcnle\u015fik olarak, hukuki okumalar yaparak da bu yolda mesafe alabilirsiniz. Y\u00fczlerce kitab\u0131 okumaya vaktiniz olmayabilir. Roman tarz\u0131 bir anlat\u0131mla; hukukun genel ilkeleri, insan hak ve h\u00fcrriyetleri, birlikte ya\u015fama \u00f6\u011fretisi, demokratik tav\u0131r, ceza ve yarg\u0131lama hukuku alanlar\u0131nda temel ve \u00f6z bilgileri, normlar\u0131, ilkeleri anlatmaya \u00e7al\u0131\u015ft\u0131m. Her ger\u00e7e\u011fi romana s\u0131\u011fd\u0131rmak elbette m\u00fcmk\u00fcn de\u011fildir. Fakat sizlere ancak patika yoldan, otoyola ula\u015fman\u0131za rehberlik edebilirim. Kitab\u0131n sonunda \u00f6nerdi\u011fim kitaplar\u0131 da dikkate alman\u0131z tavsiye edilir. Hukuk felsefesinin\/ mant\u0131\u011f\u0131n\u0131n, adalet psikolojisinin, sosyolojinin; toplum d\u00fczeni, birli\u011fi, dirli\u011fi ve s\u00fcrd\u00fcr\u00fclebilirli\u011finde ne kadar \u00f6nemli bir yer tuttu\u011funun gere\u011fine inanm\u0131\u015f olacaks\u0131n\u0131z. Adaleti koruyup kollamad\u0131\u011f\u0131m\u0131zda, onun da bizi korumas\u0131 m\u00fcmk\u00fcn de\u011fildir. Yasal ve anayasal sorumluluk, hak ve \u00f6devlerimizi bildi\u011fimizde, ya\u015fam daha anlaml\u0131, kal\u0131c\u0131, daha \u00e7ekilebilir, daha g\u00fcven verici, daha sevimli ve huzurlu olacakt\u0131r. Kitap, ayr\u0131ca ihtiyac\u0131n\u0131z oldu\u011funda; adli savunma yetene\u011finize, ilave sosyal donan\u0131mlar katacakt\u0131r. Adalet sevdam\u0131z, insanl\u0131k a\u015fk\u0131m\u0131z, \u00fcretim m\u00fccadelemiz, payla\u015f\u0131m ve dayan\u0131\u015fma; ilkeye d\u00f6n\u00fc\u015ft\u00fc\u011f\u00fcnde, art\u0131k kavgaya zaman ve yer kalmayacakt\u0131r. Niyet, \u00f6\u011freti, \u00f6ng\u00f6r\u00fcm\u00fcz ve beklentimiz budur. Ne kadar\u0131n\u0131 ba\u015farabilirsek, medeniyetimizin temelini onun \u00fczerine kurmak zorunday\u0131z. Niyetlerin ger\u00e7ekli\u011fe d\u00f6nmesi veya \u00fctopya olarak kalmas\u0131 bizim elimizde. A\u011fac\u0131n, bitkinin nesli, gelece\u011fi ve \u00f6z\u00fc; tohumlar\u0131d\u0131r. \u0130nsan\u0131nkiyse genlerine kodlanm\u0131\u015ft\u0131r. Bir ifade sanat\u0131n\u0131n \u00f6z\u00fc ve maksad\u0131 ise, c\u00fcmleler aras\u0131na serpi\u015ftirilmi\u015ftir. Hakl\u0131, yasal, mant\u0131kl\u0131, etik, d\u00fcr\u00fcst, bilimsel bir gerek\u00e7esi olan her yorum ve ele\u015ftiriye a\u00e7\u0131\u011f\u0131m. Zaten geli\u015ftirilebilir, de\u011fi\u015ftirilebilir, denetlenebilir bir i\u00e7erik sunuyorum. Bilimsel, metodolojik bir bak\u0131\u015f da her durumda bunu \u00f6ng\u00f6rmez mi? Kitab\u0131m\u0131z\u0131n ikinci bask\u0131s\u0131nda d\u00fczeltmeler ve ilaveler yap\u0131lm\u0131\u015ft\u0131r. Okuma, yazma, anlama ve anlatma m\u00fccadelemiz devam ediyor. Yeni eserlerde bulu\u015fmak dile\u011fiyle. <\/p>\n","protected":false},"excerpt":{"rendered":"<p>Adaletin ikliminde ya\u015famak ve onun bilin\u00e7 atmosferinde huzur bulmak i\u00e7in, elbette ki hukuk\u00e7u olmak gerekmiyor. Di\u011fer bilim ve sanatlarla b\u00fct\u00fcnle\u015fik olarak, hukuki okumalar yaparak da bu<span class=\"excerpt-hellip\"> [\u2026]<\/span><\/p>\n","protected":false},"featured_media":0,"template":"","meta":{"_monsterinsights_skip_tracking":false,"_monsterinsights_sitenote_active":false,"_monsterinsights_sitenote_note":"","_monsterinsights_sitenote_category":0},"product_brand":[],"product_cat":[12291,12711],"product_tag":[],"class_list":{"0":"post-756686","1":"product","2":"type-product","3":"status-publish","5":"product_cat-edebiyat","6":"product_cat-roman-oyku","7":"pa_cilt-ciltsiz","8":"pa_tur-kitap","9":"pa_yayinevi-gulnar-yayinlari","10":"pa_yazar-ali-riza-malkoc","12":"first","13":"instock","14":"sale","15":"shipping-taxable","16":"purchasable","17":"product-type-simple"},"_links":{"self":[{"href":"https:\/\/roveyayinevi.com.tr\/index.php\/wp-json\/wp\/v2\/product\/756686","targetHints":{"allow":["GET"]}}],"collection":[{"href":"https:\/\/roveyayinevi.com.tr\/index.php\/wp-json\/wp\/v2\/product"}],"about":[{"href":"https:\/\/roveyayinevi.com.tr\/index.php\/wp-json\/wp\/v2\/types\/product"}],"wp:attachment":[{"href":"https:\/\/roveyayinevi.com.tr\/index.php\/wp-json\/wp\/v2\/media?parent=756686"}],"wp:term":[{"taxonomy":"product_brand","embeddable":true,"href":"https:\/\/roveyayinevi.com.tr\/index.php\/wp-json\/wp\/v2\/product_brand?post=756686"},{"taxonomy":"product_cat","embeddable":true,"href":"https:\/\/roveyayinevi.com.tr\/index.php\/wp-json\/wp\/v2\/product_cat?post=756686"},{"taxonomy":"product_tag","embeddable":true,"href":"https:\/\/roveyayinevi.com.tr\/index.php\/wp-json\/wp\/v2\/product_tag?post=756686"}],"curies":[{"name":"wp","href":"https:\/\/api.w.org\/{rel}","templated":true}]}}