{"id":756651,"date":"2025-08-28T07:13:55","date_gmt":"2025-08-28T04:13:55","guid":{"rendered":"https:\/\/roveyayinevi.com.tr\/index.php\/urun\/erich-frommun-onemi\/"},"modified":"2026-04-16T03:09:39","modified_gmt":"2026-04-16T00:09:39","slug":"erich-frommun-onemi","status":"publish","type":"product","link":"https:\/\/roveyayinevi.com.tr\/index.php\/urun\/erich-frommun-onemi\/","title":{"rendered":"Erich Fromm\u2019un \u00d6nemi"},"content":{"rendered":"<p>ErichFromm\u2019un h\u00fcmanist ve bilimsel fikirlerine bug\u00fcn neden daha fazla ihtiya\u00e7 duydu\u011fumuzu, onun son asistan\u0131 ve edebi miras\u0131n\u0131n y\u00f6neticisi RainerFunk, ara\u015ft\u0131rmac\u0131 Hamid Lechhab taraf\u0131ndan y\u00f6neltilen 100 soruya verdi\u011fi cevaplardan olu\u015fan bu kitapta a\u00e7\u0131kl\u0131yor. Fromm\u2019la olan ki\u015fisel deneyimlerinden yola \u00e7\u0131karak ba\u015fta Fromm\u2019un d\u00fc\u015f\u00fcnce d\u00fcnyas\u0131nda devrim yaratan sosyal psikoloji kavram\u0131na odaklan\u0131yor ve insanlar\u0131n teknik, ekonomik ve toplumsal de\u011fi\u015fimler kar\u015f\u0131s\u0131ndaki tutumunu, \u00f6zg\u00fcrl\u00fck ve ba\u011flanma sorununu Fromm\u2019un hayat\u0131 ve \u00e7al\u0131\u015fmalar\u0131 \u00e7er\u00e7evesinde g\u00fcn\u00fcm\u00fcz i\u00e7in anlaml\u0131 k\u0131lacak tespitlerle ortaya koyuyor. <\/p>\n","protected":false},"excerpt":{"rendered":"<p>ErichFromm\u2019un h\u00fcmanist ve bilimsel fikirlerine bug\u00fcn neden daha fazla ihtiya\u00e7 duydu\u011fumuzu, onun son asistan\u0131 ve edebi miras\u0131n\u0131n y\u00f6neticisi RainerFunk, ara\u015ft\u0131rmac\u0131 Hamid Lechhab taraf\u0131ndan y\u00f6neltilen 100 soruya<span class=\"excerpt-hellip\"> [\u2026]<\/span><\/p>\n","protected":false},"featured_media":0,"template":"","meta":{"_monsterinsights_skip_tracking":false,"_monsterinsights_sitenote_active":false,"_monsterinsights_sitenote_note":"","_monsterinsights_sitenote_category":0},"product_brand":[],"product_cat":[12357],"product_tag":[],"class_list":{"0":"post-756651","1":"product","2":"type-product","3":"status-publish","5":"product_cat-psikoloji","6":"pa_cilt-ciltsiz","7":"pa_tur-kitap","8":"pa_yayinevi-say-yayinlari","9":"pa_yazar-rainer-funk","11":"first","12":"instock","13":"sale","14":"shipping-taxable","15":"purchasable","16":"product-type-simple"},"_links":{"self":[{"href":"https:\/\/roveyayinevi.com.tr\/index.php\/wp-json\/wp\/v2\/product\/756651","targetHints":{"allow":["GET"]}}],"collection":[{"href":"https:\/\/roveyayinevi.com.tr\/index.php\/wp-json\/wp\/v2\/product"}],"about":[{"href":"https:\/\/roveyayinevi.com.tr\/index.php\/wp-json\/wp\/v2\/types\/product"}],"wp:attachment":[{"href":"https:\/\/roveyayinevi.com.tr\/index.php\/wp-json\/wp\/v2\/media?parent=756651"}],"wp:term":[{"taxonomy":"product_brand","embeddable":true,"href":"https:\/\/roveyayinevi.com.tr\/index.php\/wp-json\/wp\/v2\/product_brand?post=756651"},{"taxonomy":"product_cat","embeddable":true,"href":"https:\/\/roveyayinevi.com.tr\/index.php\/wp-json\/wp\/v2\/product_cat?post=756651"},{"taxonomy":"product_tag","embeddable":true,"href":"https:\/\/roveyayinevi.com.tr\/index.php\/wp-json\/wp\/v2\/product_tag?post=756651"}],"curies":[{"name":"wp","href":"https:\/\/api.w.org\/{rel}","templated":true}]}}