{"id":756593,"date":"2025-08-28T07:12:32","date_gmt":"2025-08-28T04:12:32","guid":{"rendered":"https:\/\/roveyayinevi.com.tr\/index.php\/urun\/cyberpunk-momotaro\/"},"modified":"2026-04-16T03:09:38","modified_gmt":"2026-04-16T00:09:38","slug":"cyberpunk-momotaro","status":"publish","type":"product","link":"https:\/\/roveyayinevi.com.tr\/index.php\/urun\/cyberpunk-momotaro\/","title":{"rendered":"Cyberpunk Momotaro"},"content":{"rendered":"<p>K\u0130M O OLDU\u011eUNU B\u0130L\u0130YOR MUSUN? PEK\u0130 NEDEN BURADA OLDU\u011eUNU?   DEDE VE N\u0130NE YEN\u0130 OKAYAMA\u2019NIN VARO\u015e MAHALLELER\u0130NDEN B\u0130R\u0130NDE YA\u015eIYORDU. DEDE, G\u00dcNLER\u0130N\u0130 \u201cHACK\u201dLEME YAPARAK GE\u00c7\u0130R\u0130YORDU; N\u0130NE DE STR\u0130PT\u0130Z KUL\u00dcB\u00dc \u0130\u015eLET\u0130YORDU.   B\u0130R G\u00dcN, KUL\u00dcBE G\u0130ZEML\u0130 B\u0130R \u00c7OCUK GELD\u0130. HAFIZASINI KAYBETM\u0130\u015eT\u0130 VE V\u00dcCUDUNDA, TEKNOLOJ\u0130 DEV\u0130 NAKATA\u2019NIN G\u0130ZL\u0130 \u00dcR\u00dcN\u00dc \u201cKBY\u201d VER\u0130S\u0130N\u0130 TA\u015eIDI\u011eINDAN HABERS\u0130ZD\u0130.   \u015eEH\u0130R EFSANELER\u0130NE B\u0130LE KONU OLAN BU VER\u0130 HEN\u00dcZ K\u0130L\u0130TL\u0130YD\u0130.   N\u0130NE\u2019N\u0130N \u201cMOMOTARO\u201d ADINI VERD\u0130\u011e\u0130 BU PEMBE SA\u00c7LI \u00c7OCUK, ARKADA\u015eLARINI DA YANINA ALARAK AMANSIZ B\u0130R D\u00dc\u015eMANIN KAR\u015eISINA GE\u00c7T\u0130<\/p>\n","protected":false},"excerpt":{"rendered":"<p>K\u0130M O OLDU\u011eUNU B\u0130L\u0130YOR MUSUN? PEK\u0130 NEDEN BURADA OLDU\u011eUNU? DEDE VE N\u0130NE YEN\u0130 OKAYAMA\u2019NIN VARO\u015e MAHALLELER\u0130NDEN B\u0130R\u0130NDE YA\u015eIYORDU. DEDE, G\u00dcNLER\u0130N\u0130 \u201cHACK\u201dLEME YAPARAK GE\u00c7\u0130R\u0130YORDU; N\u0130NE DE STR\u0130PT\u0130Z<span class=\"excerpt-hellip\"> [\u2026]<\/span><\/p>\n","protected":false},"featured_media":0,"template":"","meta":{"_monsterinsights_skip_tracking":false,"_monsterinsights_sitenote_active":false,"_monsterinsights_sitenote_note":"","_monsterinsights_sitenote_category":0},"product_brand":[],"product_cat":[12416,12291],"product_tag":[],"class_list":{"0":"post-756593","1":"product","2":"type-product","3":"status-publish","5":"product_cat-cizgi-roman","6":"product_cat-edebiyat","7":"pa_cilt-ciltsiz","8":"pa_tur-kitap","9":"pa_yayinevi-athica-yayinlari","10":"pa_yazar-rootport","12":"first","13":"instock","14":"sale","15":"shipping-taxable","16":"purchasable","17":"product-type-simple"},"_links":{"self":[{"href":"https:\/\/roveyayinevi.com.tr\/index.php\/wp-json\/wp\/v2\/product\/756593","targetHints":{"allow":["GET"]}}],"collection":[{"href":"https:\/\/roveyayinevi.com.tr\/index.php\/wp-json\/wp\/v2\/product"}],"about":[{"href":"https:\/\/roveyayinevi.com.tr\/index.php\/wp-json\/wp\/v2\/types\/product"}],"wp:attachment":[{"href":"https:\/\/roveyayinevi.com.tr\/index.php\/wp-json\/wp\/v2\/media?parent=756593"}],"wp:term":[{"taxonomy":"product_brand","embeddable":true,"href":"https:\/\/roveyayinevi.com.tr\/index.php\/wp-json\/wp\/v2\/product_brand?post=756593"},{"taxonomy":"product_cat","embeddable":true,"href":"https:\/\/roveyayinevi.com.tr\/index.php\/wp-json\/wp\/v2\/product_cat?post=756593"},{"taxonomy":"product_tag","embeddable":true,"href":"https:\/\/roveyayinevi.com.tr\/index.php\/wp-json\/wp\/v2\/product_tag?post=756593"}],"curies":[{"name":"wp","href":"https:\/\/api.w.org\/{rel}","templated":true}]}}