{"id":756583,"date":"2025-08-28T07:12:15","date_gmt":"2025-08-28T04:12:15","guid":{"rendered":"https:\/\/roveyayinevi.com.tr\/index.php\/urun\/just-to-keep-in-mind\/"},"modified":"2026-04-16T03:09:38","modified_gmt":"2026-04-16T00:09:38","slug":"just-to-keep-in-mind","status":"publish","type":"product","link":"https:\/\/roveyayinevi.com.tr\/index.php\/urun\/just-to-keep-in-mind\/","title":{"rendered":"Just To Keep in Mind"},"content":{"rendered":"<p>A wide range of topics, from leadership to business ethics, from humor in the workplace to the future of capitalism, from the role of emotions in decision making to the relationship between government and the private sector\u2026 Deep insights, meaningful questions,inspiring ideas from a half-century\u2019s adventure in working, reading and thinking\u2026   In his new book of 40 essays, each four to five pages long, B\u00fclent Eczac\u0131ba\u015f\u0131 takes on important business issues, exploring key points in a pleasant, conversational style. He considers both global and local dimensions, adding color to the discussion with personal anecdotes. For current and future businesspeople, he shares his reflections on topics we can all agree to \u201ckeep  in mind.\u201d   Winner of the 2022 Compass for Younger Generations Book Award from the Ekonomi newspaper and the 2022-2023 Best Business Book of the Year Award from Platin magazine, Just to Keep in Mind is a guide for everyone who takes a close (or even a remote) interest in the world of business. <\/p>\n","protected":false},"excerpt":{"rendered":"<p>A wide range of topics, from leadership to business ethics, from humor in the workplace to the future of capitalism, from the role of emotions in<span class=\"excerpt-hellip\"> [\u2026]<\/span><\/p>\n","protected":false},"featured_media":0,"template":"","meta":{"_monsterinsights_skip_tracking":false,"_monsterinsights_sitenote_active":false,"_monsterinsights_sitenote_note":"","_monsterinsights_sitenote_category":0},"product_brand":[],"product_cat":[12472],"product_tag":[],"class_list":{"0":"post-756583","1":"product","2":"type-product","3":"status-publish","5":"product_cat-yabanci-dilde-kitaplar","6":"pa_cilt-ciltsiz","7":"pa_tur-kitap","8":"pa_yayinevi-yapi-kredi-yayinlari-ozel-urun","9":"pa_yazar-bulent-eczacibasi","11":"first","12":"instock","13":"sale","14":"shipping-taxable","15":"purchasable","16":"product-type-simple"},"_links":{"self":[{"href":"https:\/\/roveyayinevi.com.tr\/index.php\/wp-json\/wp\/v2\/product\/756583","targetHints":{"allow":["GET"]}}],"collection":[{"href":"https:\/\/roveyayinevi.com.tr\/index.php\/wp-json\/wp\/v2\/product"}],"about":[{"href":"https:\/\/roveyayinevi.com.tr\/index.php\/wp-json\/wp\/v2\/types\/product"}],"wp:attachment":[{"href":"https:\/\/roveyayinevi.com.tr\/index.php\/wp-json\/wp\/v2\/media?parent=756583"}],"wp:term":[{"taxonomy":"product_brand","embeddable":true,"href":"https:\/\/roveyayinevi.com.tr\/index.php\/wp-json\/wp\/v2\/product_brand?post=756583"},{"taxonomy":"product_cat","embeddable":true,"href":"https:\/\/roveyayinevi.com.tr\/index.php\/wp-json\/wp\/v2\/product_cat?post=756583"},{"taxonomy":"product_tag","embeddable":true,"href":"https:\/\/roveyayinevi.com.tr\/index.php\/wp-json\/wp\/v2\/product_tag?post=756583"}],"curies":[{"name":"wp","href":"https:\/\/api.w.org\/{rel}","templated":true}]}}