{"id":756573,"date":"2025-08-28T07:11:57","date_gmt":"2025-08-28T04:11:57","guid":{"rendered":"https:\/\/roveyayinevi.com.tr\/index.php\/urun\/cocuklarin-ne-kadar-harika-olduklarini-anlatan-kitap\/"},"modified":"2026-04-16T03:09:38","modified_gmt":"2026-04-16T00:09:38","slug":"cocuklarin-ne-kadar-harika-olduklarini-anlatan-kitap","status":"publish","type":"product","link":"https:\/\/roveyayinevi.com.tr\/index.php\/urun\/cocuklarin-ne-kadar-harika-olduklarini-anlatan-kitap\/","title":{"rendered":"\u00c7ocuklar\u0131n Ne Kadar Harika Olduklar\u0131n\u0131 Anlatan Kitap"},"content":{"rendered":"<p>Ta Ta Taaa! E\u011fer bu kitab\u0131 okursan \u00c7ok mutlu olacaks\u0131n Deli gibi g\u00fcleceksin Kendine g\u00fcvenin artacak U\u00e7an bir midilliye d\u00f6n\u00fc\u015feceksin (Tamam biraz abartt\u0131m!)   \u0130yi okumalar! <\/p>\n","protected":false},"excerpt":{"rendered":"<p>Ta Ta Taaa! E\u011fer bu kitab\u0131 okursan \u00c7ok mutlu olacaks\u0131n Deli gibi g\u00fcleceksin Kendine g\u00fcvenin artacak U\u00e7an bir midilliye d\u00f6n\u00fc\u015feceksin (Tamam biraz abartt\u0131m!) \u0130yi okumalar!<\/p>\n","protected":false},"featured_media":0,"template":"","meta":{"_monsterinsights_skip_tracking":false,"_monsterinsights_sitenote_active":false,"_monsterinsights_sitenote_note":"","_monsterinsights_sitenote_category":0},"product_brand":[],"product_cat":[12274],"product_tag":[],"class_list":{"0":"post-756573","1":"product","2":"type-product","3":"status-publish","5":"product_cat-cocuk-ve-genclik-kitaplari","6":"pa_cilt-ciltsiz","7":"pa_tur-kitap","8":"pa_yayinevi-indigo-cocuk","9":"pa_yazar-francoize-boucher","11":"first","12":"instock","13":"sale","14":"shipping-taxable","15":"purchasable","16":"product-type-simple"},"_links":{"self":[{"href":"https:\/\/roveyayinevi.com.tr\/index.php\/wp-json\/wp\/v2\/product\/756573","targetHints":{"allow":["GET"]}}],"collection":[{"href":"https:\/\/roveyayinevi.com.tr\/index.php\/wp-json\/wp\/v2\/product"}],"about":[{"href":"https:\/\/roveyayinevi.com.tr\/index.php\/wp-json\/wp\/v2\/types\/product"}],"wp:attachment":[{"href":"https:\/\/roveyayinevi.com.tr\/index.php\/wp-json\/wp\/v2\/media?parent=756573"}],"wp:term":[{"taxonomy":"product_brand","embeddable":true,"href":"https:\/\/roveyayinevi.com.tr\/index.php\/wp-json\/wp\/v2\/product_brand?post=756573"},{"taxonomy":"product_cat","embeddable":true,"href":"https:\/\/roveyayinevi.com.tr\/index.php\/wp-json\/wp\/v2\/product_cat?post=756573"},{"taxonomy":"product_tag","embeddable":true,"href":"https:\/\/roveyayinevi.com.tr\/index.php\/wp-json\/wp\/v2\/product_tag?post=756573"}],"curies":[{"name":"wp","href":"https:\/\/api.w.org\/{rel}","templated":true}]}}