{"id":756545,"date":"2025-08-28T07:11:09","date_gmt":"2025-08-28T04:11:09","guid":{"rendered":"https:\/\/roveyayinevi.com.tr\/index.php\/urun\/dunyalararasinda\/"},"modified":"2026-04-12T03:13:37","modified_gmt":"2026-04-12T00:13:37","slug":"dunyalararasinda","status":"publish","type":"product","link":"https:\/\/roveyayinevi.com.tr\/index.php\/urun\/dunyalararasinda\/","title":{"rendered":"D\u00fcnyalararas\u0131nda"},"content":{"rendered":"<p>D\u00fcnyalararas\u0131nda k\u0131yamet sonras\u0131 bir d\u00fcnyan\u0131n mesafeli dili ve uzla\u015fmaz \u00fcslubuyla yaz\u0131lm\u0131\u015f k\u0131sa ama yo\u011fun bir edebi-felsefi metin.   Yazar\u0131n Uzun Y\u00fcr\u00fcy\u00fc\u015f\u2019\u00fcn\u00fc okumu\u015f olanlara a\u015fina gelecek bir co\u011frafyada ge\u00e7iyor roman. Bu sert iklimde dondurularak muhafaza edilmi\u015f bir an, yaz\u0131n\u0131n imk\u00e2nlar\u0131 ile geriliyor, \u00e7ekiliyor, doku ve boyut de\u011fi\u015ftiriyor: Soyut ve saydam bir hale gelirken i\u00e7inde buzulla\u015fm\u0131\u015f, tortula\u015fm\u0131\u015f, fosille\u015fmi\u015f birtak\u0131m \u015feyler, an\u0131lar, k\u0131r\u0131mlar, hayatiyetler de a\u00e7\u0131\u011fa \u00e7\u0131k\u0131yor. <\/p>\n","protected":false},"excerpt":{"rendered":"<p>D\u00fcnyalararas\u0131nda k\u0131yamet sonras\u0131 bir d\u00fcnyan\u0131n mesafeli dili ve uzla\u015fmaz \u00fcslubuyla yaz\u0131lm\u0131\u015f k\u0131sa ama yo\u011fun bir edebi-felsefi metin. Yazar\u0131n Uzun Y\u00fcr\u00fcy\u00fc\u015f\u2019\u00fcn\u00fc okumu\u015f olanlara a\u015fina gelecek bir co\u011frafyada<span class=\"excerpt-hellip\"> [\u2026]<\/span><\/p>\n","protected":false},"featured_media":0,"template":"","meta":{"_monsterinsights_skip_tracking":false,"_monsterinsights_sitenote_active":false,"_monsterinsights_sitenote_note":"","_monsterinsights_sitenote_category":0},"product_brand":[],"product_cat":[12291,12711],"product_tag":[],"class_list":{"0":"post-756545","1":"product","2":"type-product","3":"status-publish","5":"product_cat-edebiyat","6":"product_cat-roman-oyku","7":"pa_cilt-ciltsiz","8":"pa_tur-kitap","9":"pa_yayinevi-metis-yayinlari","10":"pa_yazar-ayhan-gecgin","12":"first","13":"instock","14":"sale","15":"shipping-taxable","16":"purchasable","17":"product-type-simple"},"_links":{"self":[{"href":"https:\/\/roveyayinevi.com.tr\/index.php\/wp-json\/wp\/v2\/product\/756545","targetHints":{"allow":["GET"]}}],"collection":[{"href":"https:\/\/roveyayinevi.com.tr\/index.php\/wp-json\/wp\/v2\/product"}],"about":[{"href":"https:\/\/roveyayinevi.com.tr\/index.php\/wp-json\/wp\/v2\/types\/product"}],"wp:attachment":[{"href":"https:\/\/roveyayinevi.com.tr\/index.php\/wp-json\/wp\/v2\/media?parent=756545"}],"wp:term":[{"taxonomy":"product_brand","embeddable":true,"href":"https:\/\/roveyayinevi.com.tr\/index.php\/wp-json\/wp\/v2\/product_brand?post=756545"},{"taxonomy":"product_cat","embeddable":true,"href":"https:\/\/roveyayinevi.com.tr\/index.php\/wp-json\/wp\/v2\/product_cat?post=756545"},{"taxonomy":"product_tag","embeddable":true,"href":"https:\/\/roveyayinevi.com.tr\/index.php\/wp-json\/wp\/v2\/product_tag?post=756545"}],"curies":[{"name":"wp","href":"https:\/\/api.w.org\/{rel}","templated":true}]}}