{"id":756542,"date":"2025-08-28T07:11:04","date_gmt":"2025-08-28T04:11:04","guid":{"rendered":"https:\/\/roveyayinevi.com.tr\/index.php\/urun\/istiridye-cocugun-huzunlu-olumu-ve-diger-oykuler-25-yil-ozel-basim-ciltli\/"},"modified":"2026-03-05T03:40:18","modified_gmt":"2026-03-05T00:40:18","slug":"istiridye-cocugun-huzunlu-olumu-ve-diger-oykuler-25-yil-ozel-basim-ciltli","status":"publish","type":"product","link":"https:\/\/roveyayinevi.com.tr\/index.php\/urun\/istiridye-cocugun-huzunlu-olumu-ve-diger-oykuler-25-yil-ozel-basim-ciltli\/","title":{"rendered":"\u0130stiridye \u00c7ocu\u011fun H\u00fcz\u00fcnl\u00fc \u00d6l\u00fcm\u00fc ve Di\u011fer \u00d6yk\u00fcler: 25. Y\u0131l \u00d6zel Bas\u0131m (Ciltli)"},"content":{"rendered":"<p>Beter B\u00f6cek, Makas Eller, Wednesday ve \u00d6lu\u0308 Gelin&#8217;in yarat\u0131c\u0131s\u0131 Tim Burton&#8217;\u0131n tuhaf olan\u0131 bu\u0308yu\u0308leyici bir \u015feye d\u00f6nu\u0308\u015ftu\u0308rdu\u0308\u011fu\u0308 ka\u00e7\u0131k dehas\u0131na e\u015flik edin. \u0130stiridye \u00c7ocu\u011fun Hu\u0308zu\u0308nlu\u0308 \u00d6lu\u0308mu\u0308&#8217;nde Burton, zalim du\u0308nyalar\u0131nda sevgi ve aidiyet bulmak i\u00e7in mu\u0308cadele eden, yanl\u0131\u015f anla\u015f\u0131lan, d\u0131\u015flanan, hafif u\u0308rku\u0308tu\u0308cu\u0308 ama bir o kadar sempatik \u00e7ocuklardan kurulu bir uyumsuzlar \u00e7etesine can veriyor. \u00d6yku\u0308lere e\u015flik eden gotik \u00e7izimleriyle bu umudu ama talihsiz varl\u0131klar\u0131n hem sevimlili\u011fini hem de trajedisini g\u00f6zler \u00f6nu\u0308ne seriyor. Ger\u00e7ekle hayalin s\u0131n\u0131rlar\u0131n\u0131n silindi\u011fi, ola\u011fan ve ola\u011fanu\u0308stu\u0308nu\u0308n el ele verip yaramazl\u0131k yapt\u0131\u011f\u0131, kara mizahla \u00f6ru\u0308lu\u0308 bu derleme, \u00e7a\u011f\u0131m\u0131z\u0131n en bu\u0308yu\u0308k hikaye anlat\u0131c\u0131lar\u0131ndan birinin elinden \u00e7\u0131km\u0131\u015f bir ku\u0308lt. <\/p>\n","protected":false},"excerpt":{"rendered":"<p>Beter B\u00f6cek, Makas Eller, Wednesday ve \u00d6lu\u0308 Gelin&#8217;in yarat\u0131c\u0131s\u0131 Tim Burton&#8217;\u0131n tuhaf olan\u0131 bu\u0308yu\u0308leyici bir \u015feye d\u00f6nu\u0308\u015ftu\u0308rdu\u0308\u011fu\u0308 ka\u00e7\u0131k dehas\u0131na e\u015flik edin. \u0130stiridye \u00c7ocu\u011fun Hu\u0308zu\u0308nlu\u0308 \u00d6lu\u0308mu\u0308&#8217;nde Burton,<span class=\"excerpt-hellip\"> [\u2026]<\/span><\/p>\n","protected":false},"featured_media":0,"template":"","meta":{"_monsterinsights_skip_tracking":false,"_monsterinsights_sitenote_active":false,"_monsterinsights_sitenote_note":"","_monsterinsights_sitenote_category":0},"product_brand":[],"product_cat":[12291,12711],"product_tag":[],"class_list":{"0":"post-756542","1":"product","2":"type-product","3":"status-publish","5":"product_cat-edebiyat","6":"product_cat-roman-oyku","7":"pa_cilt-ciltli","8":"pa_tur-kitap","9":"pa_yayinevi-domingo-yayinevi","10":"pa_yazar-tim-burton","12":"first","13":"instock","14":"sale","15":"shipping-taxable","16":"purchasable","17":"product-type-simple"},"_links":{"self":[{"href":"https:\/\/roveyayinevi.com.tr\/index.php\/wp-json\/wp\/v2\/product\/756542","targetHints":{"allow":["GET"]}}],"collection":[{"href":"https:\/\/roveyayinevi.com.tr\/index.php\/wp-json\/wp\/v2\/product"}],"about":[{"href":"https:\/\/roveyayinevi.com.tr\/index.php\/wp-json\/wp\/v2\/types\/product"}],"wp:attachment":[{"href":"https:\/\/roveyayinevi.com.tr\/index.php\/wp-json\/wp\/v2\/media?parent=756542"}],"wp:term":[{"taxonomy":"product_brand","embeddable":true,"href":"https:\/\/roveyayinevi.com.tr\/index.php\/wp-json\/wp\/v2\/product_brand?post=756542"},{"taxonomy":"product_cat","embeddable":true,"href":"https:\/\/roveyayinevi.com.tr\/index.php\/wp-json\/wp\/v2\/product_cat?post=756542"},{"taxonomy":"product_tag","embeddable":true,"href":"https:\/\/roveyayinevi.com.tr\/index.php\/wp-json\/wp\/v2\/product_tag?post=756542"}],"curies":[{"name":"wp","href":"https:\/\/api.w.org\/{rel}","templated":true}]}}