{"id":756531,"date":"2025-08-28T07:10:44","date_gmt":"2025-08-28T04:10:44","guid":{"rendered":"https:\/\/roveyayinevi.com.tr\/index.php\/urun\/renklerin-gizli-hayati-ciltli\/"},"modified":"2026-02-03T03:24:05","modified_gmt":"2026-02-03T00:24:05","slug":"renklerin-gizli-hayati-ciltli","status":"publish","type":"product","link":"https:\/\/roveyayinevi.com.tr\/index.php\/urun\/renklerin-gizli-hayati-ciltli\/","title":{"rendered":"Renklerin Gizli Hayat\u0131 (Ciltli)"},"content":{"rendered":"<p>Renklerin Gizli Hayat\u0131, yetmi\u015f be\u015f b\u00fcy\u00fcleyici renk, boya ve tonun s\u0131rad\u0131\u015f\u0131 hik\u00e2yelerinden olu\u015fuyor.Sar\u0131\u015f\u0131nlar, k\u0131z\u0131llar, sava\u015flar\u0131n \u015feklini de\u011fi\u015ftiren kahverengiler, vebaya kar\u015f\u0131 koruyan beyazlar,Picasso\u2019nun mavisi, ma\u011fara resimlerinin siyah\u0131, asit sar\u0131s\u0131, toprak ye\u015fili, imparatorluk moru, dahanicesi&#8230; Bu \u015fa\u015f\u0131rt\u0131c\u0131, b\u00fcy\u00fcleyici, kimi zaman da k\u0131\u015fk\u0131rt\u0131c\u0131 hik\u00e2yeler d\u00fcnyaya farkl\u0131 bir penceredenbakmam\u0131z\u0131 sa\u011fl\u0131yor. Renklere ve renklerin nereden geldi\u011fine (\u00f6rne\u011fin Van Gogh\u2019un krom sar\u0131s\u0131ay\u00e7i\u00e7ekleri ya da punk\u2019\u0131n floresan pembesine) dair m\u00fcthi\u015f merak\u0131n\u0131 insan uygarl\u0131\u011f\u0131na dair e\u015fsizbir \u00e7al\u0131\u015fmaya d\u00f6n\u00fc\u015ft\u00fcren Kassia St Clair, bizi moda ve politikadan sanata ve sava\u015fa uzananheyecanl\u0131 bir yolculu\u011fa davet ediyor. I\u015f\u0131k ve renk, tarihin labirentlerinde bize yolda\u015fl\u0131k verehberlik ediyor.<\/p>\n","protected":false},"excerpt":{"rendered":"<p>Renklerin Gizli Hayat\u0131, yetmi\u015f be\u015f b\u00fcy\u00fcleyici renk, boya ve tonun s\u0131rad\u0131\u015f\u0131 hik\u00e2yelerinden olu\u015fuyor.Sar\u0131\u015f\u0131nlar, k\u0131z\u0131llar, sava\u015flar\u0131n \u015feklini de\u011fi\u015ftiren kahverengiler, vebaya kar\u015f\u0131 koruyan beyazlar,Picasso\u2019nun mavisi, ma\u011fara resimlerinin siyah\u0131,<span class=\"excerpt-hellip\"> [\u2026]<\/span><\/p>\n","protected":false},"featured_media":0,"template":"","meta":{"_monsterinsights_skip_tracking":false,"_monsterinsights_sitenote_active":false,"_monsterinsights_sitenote_note":"","_monsterinsights_sitenote_category":0},"product_brand":[],"product_cat":[12408],"product_tag":[],"class_list":{"0":"post-756531","1":"product","2":"type-product","3":"status-publish","5":"product_cat-sanat","6":"pa_cilt-ciltli","7":"pa_tur-kitap","8":"pa_yayinevi-babil-kitap","9":"pa_yazar-kassia-st-clair","11":"first","12":"instock","13":"sale","14":"shipping-taxable","15":"purchasable","16":"product-type-simple"},"_links":{"self":[{"href":"https:\/\/roveyayinevi.com.tr\/index.php\/wp-json\/wp\/v2\/product\/756531","targetHints":{"allow":["GET"]}}],"collection":[{"href":"https:\/\/roveyayinevi.com.tr\/index.php\/wp-json\/wp\/v2\/product"}],"about":[{"href":"https:\/\/roveyayinevi.com.tr\/index.php\/wp-json\/wp\/v2\/types\/product"}],"wp:attachment":[{"href":"https:\/\/roveyayinevi.com.tr\/index.php\/wp-json\/wp\/v2\/media?parent=756531"}],"wp:term":[{"taxonomy":"product_brand","embeddable":true,"href":"https:\/\/roveyayinevi.com.tr\/index.php\/wp-json\/wp\/v2\/product_brand?post=756531"},{"taxonomy":"product_cat","embeddable":true,"href":"https:\/\/roveyayinevi.com.tr\/index.php\/wp-json\/wp\/v2\/product_cat?post=756531"},{"taxonomy":"product_tag","embeddable":true,"href":"https:\/\/roveyayinevi.com.tr\/index.php\/wp-json\/wp\/v2\/product_tag?post=756531"}],"curies":[{"name":"wp","href":"https:\/\/api.w.org\/{rel}","templated":true}]}}