{"id":756529,"date":"2025-08-28T07:10:41","date_gmt":"2025-08-28T04:10:41","guid":{"rendered":"https:\/\/roveyayinevi.com.tr\/index.php\/urun\/nasil-bir-sosyalizm\/"},"modified":"2026-04-16T03:09:37","modified_gmt":"2026-04-16T00:09:37","slug":"nasil-bir-sosyalizm","status":"publish","type":"product","link":"https:\/\/roveyayinevi.com.tr\/index.php\/urun\/nasil-bir-sosyalizm\/","title":{"rendered":"Nas\u0131l Bir Sosyalizm?"},"content":{"rendered":"<p>Sosyalizm, bireyin \u00fcretti\u011fi ve ya\u015fad\u0131\u011f\u0131 mahalli birimde ba\u015flar. \u00c7al\u0131\u015ft\u0131\u011f\u0131 i\u015f yeri ve ya\u015fad\u0131\u011f\u0131 mahalli birimde iktidar olamayan \u00fcretici, devlette iktidar olamaz. <\/p>\n","protected":false},"excerpt":{"rendered":"<p>Sosyalizm, bireyin \u00fcretti\u011fi ve ya\u015fad\u0131\u011f\u0131 mahalli birimde ba\u015flar. \u00c7al\u0131\u015ft\u0131\u011f\u0131 i\u015f yeri ve ya\u015fad\u0131\u011f\u0131 mahalli birimde iktidar olamayan \u00fcretici, devlette iktidar olamaz.<\/p>\n","protected":false},"featured_media":0,"template":"","meta":{"_monsterinsights_skip_tracking":false,"_monsterinsights_sitenote_active":false,"_monsterinsights_sitenote_note":"","_monsterinsights_sitenote_category":0},"product_brand":[],"product_cat":[12337],"product_tag":[],"class_list":{"0":"post-756529","1":"product","2":"type-product","3":"status-publish","5":"product_cat-politika-siyaset","6":"pa_cilt-ciltsiz","7":"pa_tur-kitap","8":"pa_yayinevi-la-kitap-yayinlari","9":"pa_yazar-haydar-ersoz","11":"first","12":"instock","13":"sale","14":"shipping-taxable","15":"purchasable","16":"product-type-simple"},"_links":{"self":[{"href":"https:\/\/roveyayinevi.com.tr\/index.php\/wp-json\/wp\/v2\/product\/756529","targetHints":{"allow":["GET"]}}],"collection":[{"href":"https:\/\/roveyayinevi.com.tr\/index.php\/wp-json\/wp\/v2\/product"}],"about":[{"href":"https:\/\/roveyayinevi.com.tr\/index.php\/wp-json\/wp\/v2\/types\/product"}],"wp:attachment":[{"href":"https:\/\/roveyayinevi.com.tr\/index.php\/wp-json\/wp\/v2\/media?parent=756529"}],"wp:term":[{"taxonomy":"product_brand","embeddable":true,"href":"https:\/\/roveyayinevi.com.tr\/index.php\/wp-json\/wp\/v2\/product_brand?post=756529"},{"taxonomy":"product_cat","embeddable":true,"href":"https:\/\/roveyayinevi.com.tr\/index.php\/wp-json\/wp\/v2\/product_cat?post=756529"},{"taxonomy":"product_tag","embeddable":true,"href":"https:\/\/roveyayinevi.com.tr\/index.php\/wp-json\/wp\/v2\/product_tag?post=756529"}],"curies":[{"name":"wp","href":"https:\/\/api.w.org\/{rel}","templated":true}]}}