{"id":756528,"date":"2025-08-28T07:10:39","date_gmt":"2025-08-28T04:10:39","guid":{"rendered":"https:\/\/roveyayinevi.com.tr\/index.php\/urun\/vaveyla-3\/"},"modified":"2026-04-16T03:09:37","modified_gmt":"2026-04-16T00:09:37","slug":"vaveyla-3","status":"publish","type":"product","link":"https:\/\/roveyayinevi.com.tr\/index.php\/urun\/vaveyla-3\/","title":{"rendered":"Vaveyla"},"content":{"rendered":"<p>\u015eiir; saatler dahi verilse anlatmakta yeterli olamayacak duygular\u0131n, y\u0131llar\u0131n eskitti\u011fi ya\u015fanm\u0131\u015fl\u0131klar\u0131n, \u00f6l\u00fcml\u00fc insan\u0131n sonsuzlu\u011fa arma\u011fan etti\u011fi sat\u0131rlar\u0131n, kelimelerin t\u00fckendi\u011fi yerde duygular\u0131n yaz\u0131ld\u0131\u011f\u0131 sanatt\u0131r. Ge\u00e7mi\u015ften gelece\u011fe hi\u00e7 eskimeyecek duygu ve anlam dolu dizeler ile unutulmayan dokunu\u015flard\u0131r. Kalben duygular ile dolu olan bir kimse; bazen gecenin karanl\u0131\u011f\u0131nda, bazen sonbahar\u0131n kuruttu\u011fu yapraklar\u0131n\u0131 d\u00f6ken a\u011fa\u00e7lar\u0131n alt\u0131nda, bazen ise bir k\u0131\u015f sabah\u0131 penceresinin kar\u015f\u0131s\u0131na oturur ve kalemini eline al\u0131r. Sonras\u0131nda birer birer kalbinden d\u00f6k\u00fclmeye ba\u015flar sat\u0131rlar. \u00d6ylesine anlam dolu, \u00f6ylesine de\u011ferlidir ki&#8230; Belki kavu\u015famam\u0131\u015f \u00e2\u015f\u0131klar\u0131n a\u011flay\u0131\u015f\u0131; belki \u015fairin hayat\u0131 boyunca y\u00fcklenmek zorunda kal\u0131p, a\u011f\u0131rl\u0131\u011f\u0131nda kalben ezildi\u011fi bir hik\u00e2yenin hayk\u0131r\u0131\u015f\u0131, belki korku ve endi\u015fe, belki de yaln\u0131zca k\u00e2\u011f\u0131da d\u00f6k\u00fclmeye ihtiyac\u0131 olan dizeler ve daha niceleri. Hepimizin iyisi ve k\u00f6t\u00fcs\u00fc ile bir hikayesi; anlatmaya \u00e7al\u0131\u015ft\u0131\u011f\u0131 d\u00fc\u015f\u00fcnceleri, hisleri vard\u0131r. B\u00f6ylece hepimiz bu muazzam \u00e7at\u0131da, \u015fiirlerde bulu\u015furuz. Ayn\u0131 bundan seneler ve belki de as\u0131rlar \u00f6nce ellerine t\u0131pk\u0131 bizim gibi kalemlerini al\u0131p, hislerini ve anlatmak istediklerini b\u00fct\u00fcn\u00fc ile kaleme almaya \u00e7al\u0131\u015fan \u00fcstatlar\u0131m\u0131z gibi&#8230; <\/p>\n","protected":false},"excerpt":{"rendered":"<p>\u015eiir; saatler dahi verilse anlatmakta yeterli olamayacak duygular\u0131n, y\u0131llar\u0131n eskitti\u011fi ya\u015fanm\u0131\u015fl\u0131klar\u0131n, \u00f6l\u00fcml\u00fc insan\u0131n sonsuzlu\u011fa arma\u011fan etti\u011fi sat\u0131rlar\u0131n, kelimelerin t\u00fckendi\u011fi yerde duygular\u0131n yaz\u0131ld\u0131\u011f\u0131 sanatt\u0131r. Ge\u00e7mi\u015ften gelece\u011fe hi\u00e7<span class=\"excerpt-hellip\"> [\u2026]<\/span><\/p>\n","protected":false},"featured_media":0,"template":"","meta":{"_monsterinsights_skip_tracking":false,"_monsterinsights_sitenote_active":false,"_monsterinsights_sitenote_note":"","_monsterinsights_sitenote_category":0},"product_brand":[],"product_cat":[14060,12291],"product_tag":[],"class_list":{"0":"post-756528","1":"product","2":"type-product","3":"status-publish","5":"product_cat-antoloji","6":"product_cat-edebiyat","7":"pa_cilt-ciltsiz","8":"pa_tur-kitap","9":"pa_yayinevi-doksan-dokuz-yayinlari","10":"pa_yazar-kolektif","12":"first","13":"instock","14":"sale","15":"shipping-taxable","16":"purchasable","17":"product-type-simple"},"_links":{"self":[{"href":"https:\/\/roveyayinevi.com.tr\/index.php\/wp-json\/wp\/v2\/product\/756528","targetHints":{"allow":["GET"]}}],"collection":[{"href":"https:\/\/roveyayinevi.com.tr\/index.php\/wp-json\/wp\/v2\/product"}],"about":[{"href":"https:\/\/roveyayinevi.com.tr\/index.php\/wp-json\/wp\/v2\/types\/product"}],"wp:attachment":[{"href":"https:\/\/roveyayinevi.com.tr\/index.php\/wp-json\/wp\/v2\/media?parent=756528"}],"wp:term":[{"taxonomy":"product_brand","embeddable":true,"href":"https:\/\/roveyayinevi.com.tr\/index.php\/wp-json\/wp\/v2\/product_brand?post=756528"},{"taxonomy":"product_cat","embeddable":true,"href":"https:\/\/roveyayinevi.com.tr\/index.php\/wp-json\/wp\/v2\/product_cat?post=756528"},{"taxonomy":"product_tag","embeddable":true,"href":"https:\/\/roveyayinevi.com.tr\/index.php\/wp-json\/wp\/v2\/product_tag?post=756528"}],"curies":[{"name":"wp","href":"https:\/\/api.w.org\/{rel}","templated":true}]}}