{"id":756526,"date":"2025-08-28T07:10:36","date_gmt":"2025-08-28T04:10:36","guid":{"rendered":"https:\/\/roveyayinevi.com.tr\/index.php\/urun\/joseph-conrad-ve-otobiyografisinin-kurgusu\/"},"modified":"2026-04-03T03:11:15","modified_gmt":"2026-04-03T00:11:15","slug":"joseph-conrad-ve-otobiyografisinin-kurgusu","status":"publish","type":"product","link":"https:\/\/roveyayinevi.com.tr\/index.php\/urun\/joseph-conrad-ve-otobiyografisinin-kurgusu\/","title":{"rendered":"Joseph Conrad ve Otobiyografisinin Kurgusu"},"content":{"rendered":"<p>Said Conrad\u2019\u0131n \u201cbilin\u00e7 evi\u201d diyebilece\u011fimiz yerine odaklan\u0131yor; o b\u00fcy\u00fck zihnin nas\u0131l alg\u0131lad\u0131\u011f\u0131na. \u2013 The Spectator Uzun s\u00fcren 19. yy. art\u0131k tamamlanmak \u00fczeredir ama ayn\u0131 zamanda bir\u00e7ok sava\u015fa ve devrime gebedir. Tam bu zamanlarda, yirmi y\u0131ll\u0131k denizcilik hayat\u0131ndan emekli olan Conrad yazarl\u0131k hayat\u0131na ba\u015flam\u0131\u015ft\u0131r. Bol maceral\u0131 ge\u00e7en hayat\u0131, edebi eserlerine yans\u0131yacakt\u0131r.   Conrad\u2019\u0131n ya\u015fam\u0131n\u0131 ve eserlerini t\u00fcm y\u00f6nleriyle ele alan Said bize, Conrad\u2019\u0131n hem biyografisini hem romanlar\u0131na d\u00fc\u015fen otobiyografik yans\u0131may\u0131 hem de t\u00fcm bunlar\u0131n ayr\u0131nt\u0131l\u0131 bir izle\u011fini sunmaktad\u0131r.   Said\u2019in Harvard \u00dcniversitesi\u2019nde Monroe Engel ve Harry Levin\u2019in dan\u0131\u015fmanl\u0131\u011f\u0131nda yazd\u0131\u011f\u0131 doktora tezini g\u00fcncelleyerek haz\u0131rlad\u0131\u011f\u0131 Joseph Conrad ve Otobiyografinin Kurgusu \u201cConrad\u2019\u0131n bilincinde \u00e7\u0131k\u0131lan bir fenomenolojik ke\u015fiftir.\u201d Bu kitap, Conrad\u2019\u0131n novellas\u0131n\u0131n, G. Jean-Aubury\u2019nin 1927\u2019de, yazar\u0131n \u00f6l\u00fcm\u00fcnden \u00fc\u00e7 y\u0131l sonra d\u00fczeltip yay\u0131mlad\u0131\u011f\u0131 mektuplar\u0131yla nas\u0131l dolay\u0131mland\u0131\u011f\u0131 ve hatta peki\u015fti\u011fi \u00fczerine uzun soluklu, titiz bir incelemedir. \u2013Andrew N. Rubin <\/p>\n","protected":false},"excerpt":{"rendered":"<p>Said Conrad\u2019\u0131n \u201cbilin\u00e7 evi\u201d diyebilece\u011fimiz yerine odaklan\u0131yor; o b\u00fcy\u00fck zihnin nas\u0131l alg\u0131lad\u0131\u011f\u0131na. \u2013 The Spectator Uzun s\u00fcren 19. yy. art\u0131k tamamlanmak \u00fczeredir ama ayn\u0131 zamanda bir\u00e7ok<span class=\"excerpt-hellip\"> [\u2026]<\/span><\/p>\n","protected":false},"featured_media":0,"template":"","meta":{"_monsterinsights_skip_tracking":false,"_monsterinsights_sitenote_active":false,"_monsterinsights_sitenote_note":"","_monsterinsights_sitenote_category":0},"product_brand":[],"product_cat":[12291,12711],"product_tag":[],"class_list":{"0":"post-756526","1":"product","2":"type-product","3":"status-publish","5":"product_cat-edebiyat","6":"product_cat-roman-oyku","7":"pa_cilt-ciltsiz","8":"pa_tur-kitap","9":"pa_yayinevi-alfa-yayinlari","10":"pa_yazar-edward-w-said","12":"first","13":"instock","14":"sale","15":"shipping-taxable","16":"purchasable","17":"product-type-simple"},"_links":{"self":[{"href":"https:\/\/roveyayinevi.com.tr\/index.php\/wp-json\/wp\/v2\/product\/756526","targetHints":{"allow":["GET"]}}],"collection":[{"href":"https:\/\/roveyayinevi.com.tr\/index.php\/wp-json\/wp\/v2\/product"}],"about":[{"href":"https:\/\/roveyayinevi.com.tr\/index.php\/wp-json\/wp\/v2\/types\/product"}],"wp:attachment":[{"href":"https:\/\/roveyayinevi.com.tr\/index.php\/wp-json\/wp\/v2\/media?parent=756526"}],"wp:term":[{"taxonomy":"product_brand","embeddable":true,"href":"https:\/\/roveyayinevi.com.tr\/index.php\/wp-json\/wp\/v2\/product_brand?post=756526"},{"taxonomy":"product_cat","embeddable":true,"href":"https:\/\/roveyayinevi.com.tr\/index.php\/wp-json\/wp\/v2\/product_cat?post=756526"},{"taxonomy":"product_tag","embeddable":true,"href":"https:\/\/roveyayinevi.com.tr\/index.php\/wp-json\/wp\/v2\/product_tag?post=756526"}],"curies":[{"name":"wp","href":"https:\/\/api.w.org\/{rel}","templated":true}]}}