{"id":756509,"date":"2025-08-28T07:10:07","date_gmt":"2025-08-28T04:10:07","guid":{"rendered":"https:\/\/roveyayinevi.com.tr\/index.php\/urun\/klinik-gorusme\/"},"modified":"2026-04-16T03:09:36","modified_gmt":"2026-04-16T00:09:36","slug":"klinik-gorusme","status":"publish","type":"product","link":"https:\/\/roveyayinevi.com.tr\/index.php\/urun\/klinik-gorusme\/","title":{"rendered":"Klinik G\u00f6r\u00fc\u015fme"},"content":{"rendered":"<p>Etkin g\u00f6r\u00fc\u015fmeler yapabilmek i\u00e7in pratik stratejileri ele alan klasik bir \u00e7al\u0131\u015fma!Klinik G\u00f6r\u00fc\u015fme, alan deneyimleri ve akademisyenlikleriyle ABD\u2019de \u00e7ok say\u0131da bilimsel kitap kaleme alan John ve Rita Sommers-Flanagan taraf\u0131ndan yaz\u0131lm\u0131\u015f temel bir ba\u015fvuru kitab\u0131d\u0131r. Ve bireyle \u00e7al\u0131\u015fan farkl\u0131 meslek dallar\u0131ndaki profesyonellerin s\u0131kl\u0131kla uygulad\u0131klar\u0131 klinik g\u00f6r\u00fc\u015fmeyle ilgili olduk\u00e7a kapsaml\u0131 bir \u00e7al\u0131\u015fma niteli\u011findedir. Psikoloji, psikiyatri, psikolojik dan\u0131\u015fma ve rehberlik, sosyal hizmetler, psikiyatri hem\u015fireli\u011fi ba\u015fta olmak \u00fczere g\u00f6r\u00fc\u015fme ile bir ba\u015fka ki\u015fiye yard\u0131m etmeyi ama\u00e7 edinmi\u015f pek \u00e7ok meslek \u00e7al\u0131\u015fan\u0131, uzman ve bu alanlarda e\u011fitim alan lisans ve lisans\u00fcst\u00fc d\u00fczeydeki \u00f6\u011frenciler i\u00e7in zengin bir i\u00e7erik sunmaktad\u0131r. Kitap, sadece e\u011fitim esnas\u0131nda kullan\u0131labilecek bir kaynak olman\u0131n \u00f6tesinde, meslek elemanlar\u0131n\u0131n profesyonel ya\u015famlar\u0131nda da dan\u0131\u015fmak isteyecekleri bir k\u0131lavuz niteli\u011findedir ve bu bas\u0131m\u0131yla, daha etkin ve donan\u0131ml\u0131 klinik g\u00f6r\u00fc\u015fmeler yapabilmek i\u00e7in gerekli olan teknik ve becerilere y\u00f6nelik bir i\u00e7g\u00f6r\u00fc de sa\u011flamaktad\u0131r.Elinizdeki kitap, etkin klinik g\u00f6r\u00fc\u015fme i\u00e7in gerekli bilgi, beceri ve tekniklerle kuramsal a\u00e7\u0131klamalar\u0131n yan\u0131 s\u0131ra, ger\u00e7ek hayattan al\u0131nan vaka \u00f6rnekleri ve anekdotlarla zenginle\u015ftirilmi\u015ftir. Sak\u0131n akl\u0131n\u0131za sadece kuramsal bilgilerin oldu\u011fu ansiklopedi tarz\u0131nda bir ders kitab\u0131 gelmesin! Tam aksine yazarlar, konular\u0131 anlat\u0131rken diyaloglar ve ki\u015fisel hayatlar\u0131ndan \u00f6rneklerle kitab\u0131 s\u0131k\u0131c\u0131 olmaktan uzak tutuyor. Kitap, bu alandaki g\u00fcncel tart\u0131\u015fma ve literat\u00fcr bilgi ve bulgular\u0131n\u0131 da ele al\u0131yor. \u00c7ok say\u0131da \u00f6rnek uygulama ile okuyuculara bilgi ve becerileri benimseyebilmeleri i\u00e7in f\u0131rsat sunuyor. Ayr\u0131ca, alanda kar\u015f\u0131la\u015f\u0131labilecekdurumlara ili\u015fkin \u00f6rnek olaylar ve sorgulamalar ile bireysel ve k\u00fclt\u00fcrel a\u00e7\u0131dan fark\u0131ndal\u0131k yaratmaya \u00e7al\u0131\u015f\u0131yor. Nihayetinde klinik g\u00f6r\u00fc\u015fme ile ilgili temel bir kitap Klinik G\u00f6r\u00fc\u015fme\u2026Do\u00e7. Dr. Or\u00e7un Yorulmaz<\/p>\n","protected":false},"excerpt":{"rendered":"<p>Etkin g\u00f6r\u00fc\u015fmeler yapabilmek i\u00e7in pratik stratejileri ele alan klasik bir \u00e7al\u0131\u015fma!Klinik G\u00f6r\u00fc\u015fme, alan deneyimleri ve akademisyenlikleriyle ABD\u2019de \u00e7ok say\u0131da bilimsel kitap kaleme alan John ve Rita<span class=\"excerpt-hellip\"> [\u2026]<\/span><\/p>\n","protected":false},"featured_media":0,"template":"","meta":{"_monsterinsights_skip_tracking":false,"_monsterinsights_sitenote_active":false,"_monsterinsights_sitenote_note":"","_monsterinsights_sitenote_category":0},"product_brand":[],"product_cat":[12358,12357],"product_tag":[],"class_list":{"0":"post-756509","1":"product","2":"type-product","3":"status-publish","5":"product_cat-genel-psikoloji","6":"product_cat-psikoloji","7":"pa_cilt-ciltsiz","8":"pa_tur-kitap","9":"pa_yayinevi-minotor-kitap","10":"pa_yazar-john-sommers-flanagan-rita-sommers-flanagan","12":"first","13":"instock","14":"sale","15":"shipping-taxable","16":"purchasable","17":"product-type-simple"},"_links":{"self":[{"href":"https:\/\/roveyayinevi.com.tr\/index.php\/wp-json\/wp\/v2\/product\/756509","targetHints":{"allow":["GET"]}}],"collection":[{"href":"https:\/\/roveyayinevi.com.tr\/index.php\/wp-json\/wp\/v2\/product"}],"about":[{"href":"https:\/\/roveyayinevi.com.tr\/index.php\/wp-json\/wp\/v2\/types\/product"}],"wp:attachment":[{"href":"https:\/\/roveyayinevi.com.tr\/index.php\/wp-json\/wp\/v2\/media?parent=756509"}],"wp:term":[{"taxonomy":"product_brand","embeddable":true,"href":"https:\/\/roveyayinevi.com.tr\/index.php\/wp-json\/wp\/v2\/product_brand?post=756509"},{"taxonomy":"product_cat","embeddable":true,"href":"https:\/\/roveyayinevi.com.tr\/index.php\/wp-json\/wp\/v2\/product_cat?post=756509"},{"taxonomy":"product_tag","embeddable":true,"href":"https:\/\/roveyayinevi.com.tr\/index.php\/wp-json\/wp\/v2\/product_tag?post=756509"}],"curies":[{"name":"wp","href":"https:\/\/api.w.org\/{rel}","templated":true}]}}