{"id":756496,"date":"2025-08-28T07:09:42","date_gmt":"2025-08-28T04:09:42","guid":{"rendered":"https:\/\/roveyayinevi.com.tr\/index.php\/urun\/babalar-ve-ogullar-15\/"},"modified":"2026-04-16T03:09:36","modified_gmt":"2026-04-16T00:09:36","slug":"babalar-ve-ogullar-15","status":"publish","type":"product","link":"https:\/\/roveyayinevi.com.tr\/index.php\/urun\/babalar-ve-ogullar-15\/","title":{"rendered":"Babalar ve O\u011fullar"},"content":{"rendered":"<p>Babalar ve O\u011fullar&#8217;da, kent k\u00f6kenli radikal ayd\u0131nlarla k\u0131r k\u00f6kenli muhafazakar-liberallerin simgeleri olarak ald\u0131\u011f\u0131 kahramanlar \u00e7evresinde Rus toplumundaki toplumsal \u00e7at\u0131\u015fmay\u0131 derinlemesine verme ba\u015far\u0131s\u0131n\u0131 g\u00f6stermi\u015ftir. Ku\u015faklar aras\u0131 \u00e7at\u0131\u015fman\u0131n b\u00f6ylesine anlaml\u0131 ve ger\u00e7ek\u00e7i bir bi\u00e7imde anlat\u0131lmas\u0131 toplumu derinden etkilemi\u015f ve yap\u0131t yay\u0131mland\u0131\u011f\u0131 y\u0131llarda derin yank\u0131lar yaratm\u0131\u015ft\u0131r. G\u00fcn\u00fcm\u00fczde de eski-yeni \u00e7at\u0131\u015fmas\u0131n\u0131n canl\u0131 \u00f6rne\u011fi olarak bilinen ve sevilerek okunan Babalar ve O\u011fullar&#8217;\u0131n d\u00fcnya klasikleri edebiyat\u0131nda tart\u0131\u015f\u0131lmaz bir yeri vard\u0131r.<\/p>\n","protected":false},"excerpt":{"rendered":"<p>Babalar ve O\u011fullar&#8217;da, kent k\u00f6kenli radikal ayd\u0131nlarla k\u0131r k\u00f6kenli muhafazakar-liberallerin simgeleri olarak ald\u0131\u011f\u0131 kahramanlar \u00e7evresinde Rus toplumundaki toplumsal \u00e7at\u0131\u015fmay\u0131 derinlemesine verme ba\u015far\u0131s\u0131n\u0131 g\u00f6stermi\u015ftir. Ku\u015faklar aras\u0131 \u00e7at\u0131\u015fman\u0131n<span class=\"excerpt-hellip\"> [\u2026]<\/span><\/p>\n","protected":false},"featured_media":0,"template":"","meta":{"_monsterinsights_skip_tracking":false,"_monsterinsights_sitenote_active":false,"_monsterinsights_sitenote_note":"","_monsterinsights_sitenote_category":0},"product_brand":[],"product_cat":[12291,12711],"product_tag":[],"class_list":{"0":"post-756496","1":"product","2":"type-product","3":"status-publish","5":"product_cat-edebiyat","6":"product_cat-roman-oyku","7":"pa_cilt-ciltsiz","8":"pa_tur-kitap","9":"pa_yayinevi-kitappazari-yayinlari","10":"pa_yazar-ivan-turgenyev","12":"first","13":"instock","14":"sale","15":"shipping-taxable","16":"purchasable","17":"product-type-simple"},"_links":{"self":[{"href":"https:\/\/roveyayinevi.com.tr\/index.php\/wp-json\/wp\/v2\/product\/756496","targetHints":{"allow":["GET"]}}],"collection":[{"href":"https:\/\/roveyayinevi.com.tr\/index.php\/wp-json\/wp\/v2\/product"}],"about":[{"href":"https:\/\/roveyayinevi.com.tr\/index.php\/wp-json\/wp\/v2\/types\/product"}],"wp:attachment":[{"href":"https:\/\/roveyayinevi.com.tr\/index.php\/wp-json\/wp\/v2\/media?parent=756496"}],"wp:term":[{"taxonomy":"product_brand","embeddable":true,"href":"https:\/\/roveyayinevi.com.tr\/index.php\/wp-json\/wp\/v2\/product_brand?post=756496"},{"taxonomy":"product_cat","embeddable":true,"href":"https:\/\/roveyayinevi.com.tr\/index.php\/wp-json\/wp\/v2\/product_cat?post=756496"},{"taxonomy":"product_tag","embeddable":true,"href":"https:\/\/roveyayinevi.com.tr\/index.php\/wp-json\/wp\/v2\/product_tag?post=756496"}],"curies":[{"name":"wp","href":"https:\/\/api.w.org\/{rel}","templated":true}]}}