{"id":756485,"date":"2025-08-28T07:09:20","date_gmt":"2025-08-28T04:09:20","guid":{"rendered":"https:\/\/roveyayinevi.com.tr\/index.php\/urun\/mechule-yazilan-siirler\/"},"modified":"2026-03-12T03:18:37","modified_gmt":"2026-03-12T00:18:37","slug":"mechule-yazilan-siirler","status":"publish","type":"product","link":"https:\/\/roveyayinevi.com.tr\/index.php\/urun\/mechule-yazilan-siirler\/","title":{"rendered":"Me\u00e7hule Yaz\u0131lan \u015eiirler"},"content":{"rendered":"<p>Sevdi\u011fimiz ki\u015fi ile a\u015fk\u0131n doruklar\u0131n\u0131 ya\u015far\u0131z. Bazen de karanl\u0131k dehlizlerinde kayboluruz.  Kendimizi ifade etmenin, i\u00e7imizdeki co\u015fkuyu kaleme d\u00f6kmenin en g\u00fczel yoludur \u015fiir. En safiyane duygular\u0131m\u0131z\u0131n d\u0131\u015fa vurumudur. Ve \u015fiirler yalan s\u00f6ylemez, s\u00f6yleyemez. A\u015fk ve sevgi yolunda g\u00fcne\u015f, kar, pus ya da ya\u011fmur kar\u015f\u0131lar bizleri. Kitab\u0131m\u0131zda bulunan \u015fiirlerimizde a\u015fk\u0131n d\u00f6rt mevsimini de ya\u015fad\u0131k. Okurlar\u0131m\u0131z\u0131n da ya\u015famas\u0131n\u0131 istedik. Bir solukta okuyaca\u011f\u0131n\u0131z tesirini ise hep hissedece\u011finiz bir eser&#8230; <\/p>\n","protected":false},"excerpt":{"rendered":"<p>Sevdi\u011fimiz ki\u015fi ile a\u015fk\u0131n doruklar\u0131n\u0131 ya\u015far\u0131z. Bazen de karanl\u0131k dehlizlerinde kayboluruz. Kendimizi ifade etmenin, i\u00e7imizdeki co\u015fkuyu kaleme d\u00f6kmenin en g\u00fczel yoludur \u015fiir. En safiyane duygular\u0131m\u0131z\u0131n d\u0131\u015fa<span class=\"excerpt-hellip\"> [\u2026]<\/span><\/p>\n","protected":false},"featured_media":0,"template":"","meta":{"_monsterinsights_skip_tracking":false,"_monsterinsights_sitenote_active":false,"_monsterinsights_sitenote_note":"","_monsterinsights_sitenote_category":0},"product_brand":[],"product_cat":[12291,12509],"product_tag":[],"class_list":{"0":"post-756485","1":"product","2":"type-product","3":"status-publish","5":"product_cat-edebiyat","6":"product_cat-siir","7":"pa_cilt-ciltsiz","8":"pa_tur-kitap","9":"pa_yayinevi-kirmizi-cati-yayinlari","10":"pa_yazar-zohre-yazar-poyraz-ismail-sariaydin","12":"first","13":"instock","14":"sale","15":"shipping-taxable","16":"purchasable","17":"product-type-simple"},"_links":{"self":[{"href":"https:\/\/roveyayinevi.com.tr\/index.php\/wp-json\/wp\/v2\/product\/756485","targetHints":{"allow":["GET"]}}],"collection":[{"href":"https:\/\/roveyayinevi.com.tr\/index.php\/wp-json\/wp\/v2\/product"}],"about":[{"href":"https:\/\/roveyayinevi.com.tr\/index.php\/wp-json\/wp\/v2\/types\/product"}],"wp:attachment":[{"href":"https:\/\/roveyayinevi.com.tr\/index.php\/wp-json\/wp\/v2\/media?parent=756485"}],"wp:term":[{"taxonomy":"product_brand","embeddable":true,"href":"https:\/\/roveyayinevi.com.tr\/index.php\/wp-json\/wp\/v2\/product_brand?post=756485"},{"taxonomy":"product_cat","embeddable":true,"href":"https:\/\/roveyayinevi.com.tr\/index.php\/wp-json\/wp\/v2\/product_cat?post=756485"},{"taxonomy":"product_tag","embeddable":true,"href":"https:\/\/roveyayinevi.com.tr\/index.php\/wp-json\/wp\/v2\/product_tag?post=756485"}],"curies":[{"name":"wp","href":"https:\/\/api.w.org\/{rel}","templated":true}]}}