{"id":756460,"date":"2025-08-28T07:08:35","date_gmt":"2025-08-28T04:08:35","guid":{"rendered":"https:\/\/roveyayinevi.com.tr\/index.php\/urun\/oze-yolculuk\/"},"modified":"2026-04-16T03:09:36","modified_gmt":"2026-04-16T00:09:36","slug":"oze-yolculuk","status":"publish","type":"product","link":"https:\/\/roveyayinevi.com.tr\/index.php\/urun\/oze-yolculuk\/","title":{"rendered":"\u00d6ze Yolculuk"},"content":{"rendered":"<p>\u00d6z\u00fcm\u00fcz\u00fc arad\u0131\u011f\u0131m\u0131z bir \u00e7a\u011fda ya\u015f\u0131yoruz. \u00d6z-l\u00fcyoruz ama neyi \u00f6zledi\u011fimizi bilmiyoruz. \u00d6z-lemenin \u00f6z-\u00fcm\u00fczle ilgili oldu\u011funun hen\u00fcz fark\u0131nda de\u011filiz\u2026 Her \u015feyin yapay, plastik,sanal ve dijital h\u00e2le geldi\u011fi bir \u00e7a\u011fda insan\u0131n \u00f6z\u00fcnden bahsetmek deli sa\u00e7mas\u0131 gibi g\u00f6r\u00fcl\u00fcyor. \u0130nsan\u0131 art\u0131k i\u00e7indeki as\u0131l, \u00f6z, cevher ve hakikat \u00fczerinden de\u011fil; ona d\u0131\u015far\u0131dan eklenen arazlar, ayg\u0131tlar, implantlar, avatarlar, kullan\u0131c\u0131 adlar\u0131, kodlar, algoritmalar \u00fczerinden tan\u0131ml\u0131yoruz. \u00c7\u00fcnk\u00fc art\u0131k \u00f6z\u00fcn de\u011fil; yans\u0131man\u0131n, g\u00f6r\u00fcnt\u00fcn\u00fcn, zahirin, d\u0131\u015fsall\u0131\u011f\u0131n, y\u00fczeyin h\u00e2kim oldu\u011fu bir d\u00fcnyada ya\u015f\u0131yoruz. H\u00e2lbuki \u00f6zs\u00fcz bir d\u00fcnyan\u0131n ufku dar, karanl\u0131k ve bo\u011fucudur.\u201dA\u00e7\u0131k Ufuk ve G\u00f6k Kubbenin Alt\u0131nda kitaplar\u0131nda ufuk-\u00f6z aray\u0131\u015f\u0131n\u0131n ilk merhalesini ele alan \u0130brahim Kal\u0131n, bu eserinde \u201cBen kimim ve neden buraday\u0131m?\u201d sorusunun izinde i\u00e7 d\u00fcnyam\u0131z\u0131n sonsuz ufuklar\u0131n\u0131 ke\u015ffe davet ediyor bizi. \u0130\u00e7 sesimizin g\u00fcr\u00fclt\u00fc \u00e7a\u011f\u0131n\u0131n esareti alt\u0131nda giderek c\u0131l\u0131zla\u015ft\u0131\u011f\u0131 g\u00fcn\u00fcm\u00fczde \u00f6zleyip pe\u015fine d\u00fc\u015ft\u00fc\u011f\u00fcm\u00fcz ve akl\u0131n akla, kalbin kalbe dokundu\u011fu her anda bize kendini yeniden hat\u0131rlatan \u00f6z\u00fcm\u00fcz\u00fc, kendimizi, asl\u0131m\u0131z\u0131 \u00e7a\u011f\u0131r\u0131yor sahneye.Felsefeden edebiyata, tarihten g\u00fcncel ya\u015fama,resimden m\u00fczi\u011fe pek \u00e7ok konuda keyifli s\u00f6yle\u015filerden olu\u015fan bu kitapta, kendini moda ak\u0131mlara kapt\u0131rmadan \u00e7a\u011f\u0131n\u0131n ruhuna ayna tutan \u00e7ok y\u00f6nl\u00fc bir ayd\u0131n\u0131n yol arkada\u015fl\u0131\u011f\u0131yla \u00f6ze d\u00f6nme iradesini hayk\u0131ran tefekk\u00fcr ve tezekk\u00fcr \u00e7abas\u0131na \u015fahit olacaks\u0131n\u0131z.<\/p>\n","protected":false},"excerpt":{"rendered":"<p>\u00d6z\u00fcm\u00fcz\u00fc arad\u0131\u011f\u0131m\u0131z bir \u00e7a\u011fda ya\u015f\u0131yoruz. \u00d6z-l\u00fcyoruz ama neyi \u00f6zledi\u011fimizi bilmiyoruz. \u00d6z-lemenin \u00f6z-\u00fcm\u00fczle ilgili oldu\u011funun hen\u00fcz fark\u0131nda de\u011filiz\u2026 Her \u015feyin yapay, plastik,sanal ve dijital h\u00e2le geldi\u011fi bir<span class=\"excerpt-hellip\"> [\u2026]<\/span><\/p>\n","protected":false},"featured_media":0,"template":"","meta":{"_monsterinsights_skip_tracking":false,"_monsterinsights_sitenote_active":false,"_monsterinsights_sitenote_note":"","_monsterinsights_sitenote_category":0},"product_brand":[],"product_cat":[12364,12376],"product_tag":[],"class_list":{"0":"post-756460","1":"product","2":"type-product","3":"status-publish","5":"product_cat-genel-konular","6":"product_cat-kisisel-gelisim","7":"pa_cilt-ciltsiz","8":"pa_tur-kitap","9":"pa_yayinevi-insan-yayinlari","10":"pa_yazar-ibrahim-kalin","12":"first","13":"instock","14":"sale","15":"shipping-taxable","16":"purchasable","17":"product-type-simple"},"_links":{"self":[{"href":"https:\/\/roveyayinevi.com.tr\/index.php\/wp-json\/wp\/v2\/product\/756460","targetHints":{"allow":["GET"]}}],"collection":[{"href":"https:\/\/roveyayinevi.com.tr\/index.php\/wp-json\/wp\/v2\/product"}],"about":[{"href":"https:\/\/roveyayinevi.com.tr\/index.php\/wp-json\/wp\/v2\/types\/product"}],"wp:attachment":[{"href":"https:\/\/roveyayinevi.com.tr\/index.php\/wp-json\/wp\/v2\/media?parent=756460"}],"wp:term":[{"taxonomy":"product_brand","embeddable":true,"href":"https:\/\/roveyayinevi.com.tr\/index.php\/wp-json\/wp\/v2\/product_brand?post=756460"},{"taxonomy":"product_cat","embeddable":true,"href":"https:\/\/roveyayinevi.com.tr\/index.php\/wp-json\/wp\/v2\/product_cat?post=756460"},{"taxonomy":"product_tag","embeddable":true,"href":"https:\/\/roveyayinevi.com.tr\/index.php\/wp-json\/wp\/v2\/product_tag?post=756460"}],"curies":[{"name":"wp","href":"https:\/\/api.w.org\/{rel}","templated":true}]}}