{"id":756439,"date":"2025-08-28T07:08:04","date_gmt":"2025-08-28T04:08:04","guid":{"rendered":"https:\/\/roveyayinevi.com.tr\/index.php\/urun\/maya\/"},"modified":"2026-04-16T03:09:35","modified_gmt":"2026-04-16T00:09:35","slug":"maya","status":"publish","type":"product","link":"https:\/\/roveyayinevi.com.tr\/index.php\/urun\/maya\/","title":{"rendered":"Maya"},"content":{"rendered":"<p>Bazen bir \u00e7i\u00e7e\u011fin kokusunda bulacaks\u0131n mutlulu\u011fuBazen sa\u00e7lar\u0131nda gezinen r\u00fczg\u00e2rda ya dahi\u00e7bir \u015feye ald\u0131r\u0131\u015f etmeden u\u00e7u\u015fan yapraklarda\u2026Bir fidan\u0131n nas\u0131l filizlenip b\u00fcy\u00fcd\u00fc\u011f\u00fcn\u00fc g\u00f6r.Hayal kurmaktan vazge\u00e7me, g\u00f6ky\u00fcz\u00fcne, do\u011faya bak.\u00c7evrende senden ba\u015fka canl\u0131lar\u0131n oldu\u011funu ke\u015ffet.Onlar\u0131 sev\u2026Bazen d\u00fc\u015febilirsin, can\u0131n ac\u0131yabilir.D\u00fc\u015ft\u00fc\u011f\u00fcn yerden yeniden ve daha g\u00fc\u00e7l\u00fc kalk ve dans etmeye devam et.  <\/p>\n","protected":false},"excerpt":{"rendered":"<p>Bazen bir \u00e7i\u00e7e\u011fin kokusunda bulacaks\u0131n mutlulu\u011fuBazen sa\u00e7lar\u0131nda gezinen r\u00fczg\u00e2rda ya dahi\u00e7bir \u015feye ald\u0131r\u0131\u015f etmeden u\u00e7u\u015fan yapraklarda\u2026Bir fidan\u0131n nas\u0131l filizlenip b\u00fcy\u00fcd\u00fc\u011f\u00fcn\u00fc g\u00f6r.Hayal kurmaktan vazge\u00e7me, g\u00f6ky\u00fcz\u00fcne, do\u011faya bak.\u00c7evrende<span class=\"excerpt-hellip\"> [\u2026]<\/span><\/p>\n","protected":false},"featured_media":0,"template":"","meta":{"_monsterinsights_skip_tracking":false,"_monsterinsights_sitenote_active":false,"_monsterinsights_sitenote_note":"","_monsterinsights_sitenote_category":0},"product_brand":[],"product_cat":[12274,12284],"product_tag":[],"class_list":{"0":"post-756439","1":"product","2":"type-product","3":"status-publish","5":"product_cat-cocuk-ve-genclik-kitaplari","6":"product_cat-hikayeler","7":"pa_cilt-ciltsiz","8":"pa_tur-kitap","9":"pa_yayinevi-ucan-fil-yayinlari","10":"pa_yazar-dilara-ozkaya-celebi","12":"first","13":"instock","14":"sale","15":"shipping-taxable","16":"purchasable","17":"product-type-simple"},"_links":{"self":[{"href":"https:\/\/roveyayinevi.com.tr\/index.php\/wp-json\/wp\/v2\/product\/756439","targetHints":{"allow":["GET"]}}],"collection":[{"href":"https:\/\/roveyayinevi.com.tr\/index.php\/wp-json\/wp\/v2\/product"}],"about":[{"href":"https:\/\/roveyayinevi.com.tr\/index.php\/wp-json\/wp\/v2\/types\/product"}],"wp:attachment":[{"href":"https:\/\/roveyayinevi.com.tr\/index.php\/wp-json\/wp\/v2\/media?parent=756439"}],"wp:term":[{"taxonomy":"product_brand","embeddable":true,"href":"https:\/\/roveyayinevi.com.tr\/index.php\/wp-json\/wp\/v2\/product_brand?post=756439"},{"taxonomy":"product_cat","embeddable":true,"href":"https:\/\/roveyayinevi.com.tr\/index.php\/wp-json\/wp\/v2\/product_cat?post=756439"},{"taxonomy":"product_tag","embeddable":true,"href":"https:\/\/roveyayinevi.com.tr\/index.php\/wp-json\/wp\/v2\/product_tag?post=756439"}],"curies":[{"name":"wp","href":"https:\/\/api.w.org\/{rel}","templated":true}]}}