{"id":756430,"date":"2025-08-28T07:07:48","date_gmt":"2025-08-28T04:07:48","guid":{"rendered":"https:\/\/roveyayinevi.com.tr\/index.php\/urun\/diyarbekir-maarif-muduru-muhyiddin-bey\/"},"modified":"2026-04-16T03:09:35","modified_gmt":"2026-04-16T00:09:35","slug":"diyarbekir-maarif-muduru-muhyiddin-bey","status":"publish","type":"product","link":"https:\/\/roveyayinevi.com.tr\/index.php\/urun\/diyarbekir-maarif-muduru-muhyiddin-bey\/","title":{"rendered":"Diyarbekir Maarif M\u00fcd\u00fcr\u00fc Muhyiddin Bey"},"content":{"rendered":"<p>\u0130\u00e7indekiler   \u00b7         B\u0130R\u0130NC\u0130 B\u00d6L\u00dcM       MUHY\u0130DD\u0130N BEY\u2019\u0130N HAYATI VE \u0130DAREC\u0130L\u0130\u011e\u0130   \u00b7         \u0130K\u0130NC\u0130 B\u00d6L\u00dcM       MUHY\u0130DD\u0130N BEY\u2019\u0130N D\u0130YARBEK\u0130R\u2019DEK\u0130 MAAR\u0130F H\u0130ZMETLER\u0130 <\/p>\n","protected":false},"excerpt":{"rendered":"<p>\u0130\u00e7indekiler \u00b7 B\u0130R\u0130NC\u0130 B\u00d6L\u00dcM MUHY\u0130DD\u0130N BEY\u2019\u0130N HAYATI VE \u0130DAREC\u0130L\u0130\u011e\u0130 \u00b7 \u0130K\u0130NC\u0130 B\u00d6L\u00dcM MUHY\u0130DD\u0130N BEY\u2019\u0130N D\u0130YARBEK\u0130R\u2019DEK\u0130 MAAR\u0130F H\u0130ZMETLER\u0130<\/p>\n","protected":false},"featured_media":0,"template":"","meta":{"_monsterinsights_skip_tracking":false,"_monsterinsights_sitenote_active":false,"_monsterinsights_sitenote_note":"","_monsterinsights_sitenote_category":0},"product_brand":[],"product_cat":[12573,12566],"product_tag":[],"class_list":{"0":"post-756430","1":"product","2":"type-product","3":"status-publish","5":"product_cat-akademik-kitaplar","6":"product_cat-egitim","7":"pa_cilt-ciltsiz","8":"pa_tur-kitap","9":"pa_yayinevi-gazi-kitabevi","10":"pa_yazar-hatip-yildiz","12":"first","13":"instock","14":"sale","15":"shipping-taxable","16":"purchasable","17":"product-type-simple"},"_links":{"self":[{"href":"https:\/\/roveyayinevi.com.tr\/index.php\/wp-json\/wp\/v2\/product\/756430","targetHints":{"allow":["GET"]}}],"collection":[{"href":"https:\/\/roveyayinevi.com.tr\/index.php\/wp-json\/wp\/v2\/product"}],"about":[{"href":"https:\/\/roveyayinevi.com.tr\/index.php\/wp-json\/wp\/v2\/types\/product"}],"wp:attachment":[{"href":"https:\/\/roveyayinevi.com.tr\/index.php\/wp-json\/wp\/v2\/media?parent=756430"}],"wp:term":[{"taxonomy":"product_brand","embeddable":true,"href":"https:\/\/roveyayinevi.com.tr\/index.php\/wp-json\/wp\/v2\/product_brand?post=756430"},{"taxonomy":"product_cat","embeddable":true,"href":"https:\/\/roveyayinevi.com.tr\/index.php\/wp-json\/wp\/v2\/product_cat?post=756430"},{"taxonomy":"product_tag","embeddable":true,"href":"https:\/\/roveyayinevi.com.tr\/index.php\/wp-json\/wp\/v2\/product_tag?post=756430"}],"curies":[{"name":"wp","href":"https:\/\/api.w.org\/{rel}","templated":true}]}}