{"id":756417,"date":"2025-08-28T07:07:17","date_gmt":"2025-08-28T04:07:17","guid":{"rendered":"https:\/\/roveyayinevi.com.tr\/index.php\/urun\/derin-denizi-yasamak\/"},"modified":"2026-04-08T03:17:31","modified_gmt":"2026-04-08T00:17:31","slug":"derin-denizi-yasamak","status":"publish","type":"product","link":"https:\/\/roveyayinevi.com.tr\/index.php\/urun\/derin-denizi-yasamak\/","title":{"rendered":"Derin Denizi Ya\u015famak"},"content":{"rendered":"<p>\u201cA\u011fa\u00e7lar\u0131n do\u011fada b\u00fcy\u00fcmesi, \u00e7o\u011falmas\u0131 bana inan\u0131lmaz mutluluk veriyor. Ancak i\u00e7sel egomdan m\u0131 bilemiyorum tam ama \u00f6lmeden \u00f6nce kendi bah\u00e7emde en az bir a\u011fac\u0131n bebeklikten g\u00f6rerek b\u00fcy\u00fcmesine \u015fahit olmak istiyorum. Onunla her g\u00fcn konu\u015fmak, bak\u0131m\u0131n\u0131 yapmak istiyorum. Kim bilir belki de bu d\u00fcnyaya bir insan yavrusu getirme arzumun olmamas\u0131ndan kaynakl\u0131d\u0131r bu.\u201d   Bir terapist ve ruhunu do\u011faya adam\u0131\u015f bir dan\u0131\u015fan\u2026 Derin i\u015f sebebiyle \u00e7\u0131kt\u0131\u011f\u0131 Afrika gezisinden sonra b\u00fcy\u00fck bir bunal\u0131m ge\u00e7irmi\u015f ve i\u015fini b\u0131rakarak kendini meditasyon ve yogaya vermi\u015ftir. Arkada\u015f\u0131 Mine&#8217;nin arac\u0131l\u0131\u011f\u0131yla yolu psikolog Deniz ile kesi\u015fir. Afrika, Ankara ve Kilis \u00fc\u00e7geninde, do\u011fa a\u015f\u0131\u011f\u0131 gen\u00e7 bir kad\u0131n\u0131n can yakan bazen \u00f6\u011fretici bazen yol g\u00f6sterici meditatif deneyimleriyle kendini bulma yolculu\u011fu\u2026<\/p>\n","protected":false},"excerpt":{"rendered":"<p>\u201cA\u011fa\u00e7lar\u0131n do\u011fada b\u00fcy\u00fcmesi, \u00e7o\u011falmas\u0131 bana inan\u0131lmaz mutluluk veriyor. Ancak i\u00e7sel egomdan m\u0131 bilemiyorum tam ama \u00f6lmeden \u00f6nce kendi bah\u00e7emde en az bir a\u011fac\u0131n bebeklikten g\u00f6rerek b\u00fcy\u00fcmesine<span class=\"excerpt-hellip\"> [\u2026]<\/span><\/p>\n","protected":false},"featured_media":0,"template":"","meta":{"_monsterinsights_skip_tracking":false,"_monsterinsights_sitenote_active":false,"_monsterinsights_sitenote_note":"","_monsterinsights_sitenote_category":0},"product_brand":[],"product_cat":[12291,12711],"product_tag":[],"class_list":{"0":"post-756417","1":"product","2":"type-product","3":"status-publish","5":"product_cat-edebiyat","6":"product_cat-roman-oyku","7":"pa_cilt-ciltsiz","8":"pa_tur-kitap","9":"pa_yayinevi-elpis-yayinlari","10":"pa_yazar-melisa-milli","12":"first","13":"instock","14":"sale","15":"shipping-taxable","16":"purchasable","17":"product-type-simple"},"_links":{"self":[{"href":"https:\/\/roveyayinevi.com.tr\/index.php\/wp-json\/wp\/v2\/product\/756417","targetHints":{"allow":["GET"]}}],"collection":[{"href":"https:\/\/roveyayinevi.com.tr\/index.php\/wp-json\/wp\/v2\/product"}],"about":[{"href":"https:\/\/roveyayinevi.com.tr\/index.php\/wp-json\/wp\/v2\/types\/product"}],"wp:attachment":[{"href":"https:\/\/roveyayinevi.com.tr\/index.php\/wp-json\/wp\/v2\/media?parent=756417"}],"wp:term":[{"taxonomy":"product_brand","embeddable":true,"href":"https:\/\/roveyayinevi.com.tr\/index.php\/wp-json\/wp\/v2\/product_brand?post=756417"},{"taxonomy":"product_cat","embeddable":true,"href":"https:\/\/roveyayinevi.com.tr\/index.php\/wp-json\/wp\/v2\/product_cat?post=756417"},{"taxonomy":"product_tag","embeddable":true,"href":"https:\/\/roveyayinevi.com.tr\/index.php\/wp-json\/wp\/v2\/product_tag?post=756417"}],"curies":[{"name":"wp","href":"https:\/\/api.w.org\/{rel}","templated":true}]}}