{"id":756416,"date":"2025-08-28T07:07:15","date_gmt":"2025-08-28T04:07:15","guid":{"rendered":"https:\/\/roveyayinevi.com.tr\/index.php\/urun\/7-antakya\/"},"modified":"2026-04-16T03:09:35","modified_gmt":"2026-04-16T00:09:35","slug":"7-antakya","status":"publish","type":"product","link":"https:\/\/roveyayinevi.com.tr\/index.php\/urun\/7-antakya\/","title":{"rendered":"7, Antakya"},"content":{"rendered":"<p>&#8221;Ne kadar bilirsen bil, her \u015feyi ba\u015farman m\u00fcmk\u00fcn de\u011fil. \u015eartlar s\u00fcrekli aleyhinde geli\u015fmi\u015fse yapacak bir \u015fey kalmayabilir. Bu tip durumlarda sinirlenmek ya da \u00fcz\u00fclmek yerine haz\u0131rl\u0131kl\u0131 olmak ve m\u00fcmk\u00fcn oldu\u011funca do\u011fal kar\u015f\u0131lamak tecr\u00fcbe demektir. \u0130yi olup kaybetmek, k\u00f6t\u00fc olup kazanmaktan iyidir.&#8217;\u2019   Musa Sinan DO\u011eRU<\/p>\n","protected":false},"excerpt":{"rendered":"<p>&#8221;Ne kadar bilirsen bil, her \u015feyi ba\u015farman m\u00fcmk\u00fcn de\u011fil. \u015eartlar s\u00fcrekli aleyhinde geli\u015fmi\u015fse yapacak bir \u015fey kalmayabilir. Bu tip durumlarda sinirlenmek ya da \u00fcz\u00fclmek yerine haz\u0131rl\u0131kl\u0131<span class=\"excerpt-hellip\"> [\u2026]<\/span><\/p>\n","protected":false},"featured_media":0,"template":"","meta":{"_monsterinsights_skip_tracking":false,"_monsterinsights_sitenote_active":false,"_monsterinsights_sitenote_note":"","_monsterinsights_sitenote_category":0},"product_brand":[],"product_cat":[12291,12711],"product_tag":[],"class_list":{"0":"post-756416","1":"product","2":"type-product","3":"status-publish","5":"product_cat-edebiyat","6":"product_cat-roman-oyku","7":"pa_cilt-ciltsiz","8":"pa_tur-kitap","9":"pa_yayinevi-elpis-yayinlari","10":"pa_yazar-dogan-dogru","12":"first","13":"instock","14":"sale","15":"shipping-taxable","16":"purchasable","17":"product-type-simple"},"_links":{"self":[{"href":"https:\/\/roveyayinevi.com.tr\/index.php\/wp-json\/wp\/v2\/product\/756416","targetHints":{"allow":["GET"]}}],"collection":[{"href":"https:\/\/roveyayinevi.com.tr\/index.php\/wp-json\/wp\/v2\/product"}],"about":[{"href":"https:\/\/roveyayinevi.com.tr\/index.php\/wp-json\/wp\/v2\/types\/product"}],"wp:attachment":[{"href":"https:\/\/roveyayinevi.com.tr\/index.php\/wp-json\/wp\/v2\/media?parent=756416"}],"wp:term":[{"taxonomy":"product_brand","embeddable":true,"href":"https:\/\/roveyayinevi.com.tr\/index.php\/wp-json\/wp\/v2\/product_brand?post=756416"},{"taxonomy":"product_cat","embeddable":true,"href":"https:\/\/roveyayinevi.com.tr\/index.php\/wp-json\/wp\/v2\/product_cat?post=756416"},{"taxonomy":"product_tag","embeddable":true,"href":"https:\/\/roveyayinevi.com.tr\/index.php\/wp-json\/wp\/v2\/product_tag?post=756416"}],"curies":[{"name":"wp","href":"https:\/\/api.w.org\/{rel}","templated":true}]}}